{"id":979,"date":"2019-09-24T16:00:32","date_gmt":"2019-09-24T13:00:32","guid":{"rendered":"http:\/\/fil.ee\/uus\/?post_type=product&#038;p=979"},"modified":"2026-04-22T21:32:14","modified_gmt":"2026-04-22T18:32:14","slug":"esimesed-sada-segadus","status":"publish","type":"product","link":"https:\/\/fil.ee\/uus\/toode\/esimesed-sada-segadus\/","title":{"rendered":"Esimesed sada. Segadus"},"content":{"rendered":"<p>2019. aasta 26. septembril ilmus meie kirjastuselt uus raamat, V. L. Konn &#8220;Esimesed sada. Segadus&#8221;. Raamat on k\u00f5vade kaantega, selle m\u00f5\u00f5dud on 148&#215;210 mm, maht 180 lehek\u00fclge. Toimetas S. M. Rattiste, k\u00fcljendas ja kaaned kujundas Vallo Hallik.<\/p>\n<p style=\"text-align: justify;\"><strong>Raamatu tutvustus:<br \/>\n<\/strong>Lapsep\u00f5lve kuldsed kuuek\u00fcmnendad, koolielu s\u00f5gedad seitsmek\u00fcmnendad, kepsakalt keerulised kaheksak\u00fcmnendad ja taasiseseisvumise \u00fclevad \u00fcheksak\u00fcmnendad \u2013 esimeses ajastuet\u00fc\u00fcdide raamatus kappab peategelane nagu peata ratsanik l\u00e4bi k\u00fcmnete ja k\u00fcmnete naiste-neidude eludest.<br \/>\nNagu muuseas saame aimu ka toonasest kooli-, maleva- ja tudengimelust, esimesed armumised, abielud, naised-lapsed ja oma riik &#8230; Paras segadus.<\/p>\n","protected":false},"excerpt":{"rendered":"<p>2019. aasta 26. septembril ilmus meie kirjastuselt uus raamat, V. L. Konn &#8220;Esimesed sada. Segadus&#8221;. Raamat on k\u00f5vade kaantega, selle m\u00f5\u00f5dud on 148&#215;210 mm, maht 180 lehek\u00fclge. Toimetas S. M. Rattiste, k\u00fcljendas ja kaaned kujundas Vallo Hallik. Raamatu tutvustus: Lapsep\u00f5lve kuldsed kuuek\u00fcmnendad, koolielu s\u00f5gedad seitsmek\u00fcmnendad, kepsakalt keerulised kaheksak\u00fcmnendad ja taasiseseisvumise \u00fclevad \u00fcheksak\u00fcmnendad \u2013 esimeses ajastuet\u00fc\u00fcdide [&hellip;]<\/p>\n","protected":false},"featured_media":980,"comment_status":"open","ping_status":"closed","template":"","meta":[],"product_brand":[],"product_cat":[19,304],"product_tag":[],"class_list":{"0":"post-979","1":"product","2":"type-product","3":"status-publish","4":"has-post-thumbnail","6":"product_cat-ilukirjandus","7":"product_cat-lopumyyk","9":"first","10":"instock","11":"sale","12":"taxable","13":"shipping-taxable","14":"purchasable","15":"product-type-simple"},"_links":{"self":[{"href":"https:\/\/fil.ee\/uus\/wp-json\/wp\/v2\/product\/979","targetHints":{"allow":["GET"]}}],"collection":[{"href":"https:\/\/fil.ee\/uus\/wp-json\/wp\/v2\/product"}],"about":[{"href":"https:\/\/fil.ee\/uus\/wp-json\/wp\/v2\/types\/product"}],"replies":[{"embeddable":true,"href":"https:\/\/fil.ee\/uus\/wp-json\/wp\/v2\/comments?post=979"}],"wp:featuredmedia":[{"embeddable":true,"href":"https:\/\/fil.ee\/uus\/wp-json\/wp\/v2\/media\/980"}],"wp:attachment":[{"href":"https:\/\/fil.ee\/uus\/wp-json\/wp\/v2\/media?parent=979"}],"wp:term":[{"taxonomy":"product_brand","embeddable":true,"href":"https:\/\/fil.ee\/uus\/wp-json\/wp\/v2\/product_brand?post=979"},{"taxonomy":"product_cat","embeddable":true,"href":"https:\/\/fil.ee\/uus\/wp-json\/wp\/v2\/product_cat?post=979"},{"taxonomy":"product_tag","embeddable":true,"href":"https:\/\/fil.ee\/uus\/wp-json\/wp\/v2\/product_tag?post=979"}],"curies":[{"name":"wp","href":"https:\/\/api.w.org\/{rel}","templated":true}]}}