{"id":947,"date":"2019-08-19T12:40:50","date_gmt":"2019-08-19T09:40:50","guid":{"rendered":"http:\/\/fil.ee\/uus\/?post_type=product&#038;p=947"},"modified":"2023-01-31T20:03:36","modified_gmt":"2023-01-31T18:03:36","slug":"jaa-minu-juurde","status":"publish","type":"product","link":"https:\/\/fil.ee\/uus\/toode\/jaa-minu-juurde\/","title":{"rendered":"J\u00e4\u00e4 minu juurde"},"content":{"rendered":"<p><span class=\"text_exposed_show\">2018. aasta 26. oktoobril ilmus meie kirjastuselt uus ilukirjanduslik raamat, Silja Vaheri \u201cJ\u00e4\u00e4 minu juurde\u201d. Raamatu formaat on A5, pehmete kaantega ning selles on 80 lehek\u00fclge. Toimetas Krista Roose, kaaned kujundas Olavi P\u00f5llu, illustreeris Jana Valge, k\u00fcljendas Vallo Hallik.<\/span><\/p>\n<p><span class=\"text_exposed_show\"><strong>Raamatust:<br \/>\n<\/strong><\/span>J\u00e4rsku prahvatas uks lahti ja tuppa astus Annabel. \u201cAh et perekondlik kokkutulek kohe! Nagu tuvikesed ninapidi koos! Ja mind ei kutsutudki. Ju siis olen siin peres \u00fcleliigne. K\u00e4ige te k\u00f5ik p\u00f5rgusse! Luigelend \u2013 m\u00f5tleks vaid! Kui romantiline. Lennake siis koos oma luikedega kuradile! Mul pole teid vaja! M\u00f5tleks vaid, armastav perekond! Aga \u00e4ra unusta \u2013 jah, just sina, vana n\u00f5id \u2013 sa ei saa mitte kunagi minu ema asendada! Kuuled, mitte kunagi! Sina ei ole mind s\u00fcnnitanud, k\u00e4tel kiigutanud ja mulle unelaulu laulnud. Sa ei ole minu ema! Sa oled vastik rott, kes on meie majja sisse tunginud ja siin k\u00f5ik pea peale keeranud. Te k\u00f5ik olete mulle vastikud, viimane kui \u00fcks! Sina ka, isa! Sind ei ole kunagi kodus, kui me sind vajame!\u201c<br \/>\nLeevi on noor lapse kaotanud naine, kes v\u00f5itleb oma abikaasa joomatuuridega. Kas j\u00e4\u00e4bki k\u00f5ik nii, v\u00f5i on elul tema jaoks veel midagi paremat varuks? Kui talle tehakse ettepanek hakata koduabiliseks majas, kus tuleb hoolitseda kolme lapse ja majapidamise eest ja kuhu veel \u00fckski t\u00f6\u00f6taja pidama pole j\u00e4\u00e4nud, ei oska ta hingeski aimata, millised s\u00fcndmused sellest hargnema hakkavad. Kas ta annab alla v\u00f5i tuleb katsumustega toime?<\/p>\n","protected":false},"excerpt":{"rendered":"<p>2018. aasta 26. oktoobril ilmus meie kirjastuselt uus ilukirjanduslik raamat, Silja Vaheri \u201cJ\u00e4\u00e4 minu juurde\u201d. Raamatu formaat on A5, pehmete kaantega ning selles on 80 lehek\u00fclge. Toimetas Krista Roose, kaaned kujundas Olavi P\u00f5llu, illustreeris Jana Valge, k\u00fcljendas Vallo Hallik. Raamatust: J\u00e4rsku prahvatas uks lahti ja tuppa astus Annabel. \u201cAh et perekondlik kokkutulek kohe! Nagu tuvikesed [&hellip;]<\/p>\n","protected":false},"featured_media":643,"comment_status":"open","ping_status":"closed","template":"","meta":[],"product_brand":[],"product_cat":[19],"product_tag":[],"class_list":{"0":"post-947","1":"product","2":"type-product","3":"status-publish","4":"has-post-thumbnail","6":"product_cat-ilukirjandus","8":"first","9":"instock","10":"taxable","11":"shipping-taxable","12":"purchasable","13":"product-type-simple"},"_links":{"self":[{"href":"https:\/\/fil.ee\/uus\/wp-json\/wp\/v2\/product\/947","targetHints":{"allow":["GET"]}}],"collection":[{"href":"https:\/\/fil.ee\/uus\/wp-json\/wp\/v2\/product"}],"about":[{"href":"https:\/\/fil.ee\/uus\/wp-json\/wp\/v2\/types\/product"}],"replies":[{"embeddable":true,"href":"https:\/\/fil.ee\/uus\/wp-json\/wp\/v2\/comments?post=947"}],"wp:featuredmedia":[{"embeddable":true,"href":"https:\/\/fil.ee\/uus\/wp-json\/wp\/v2\/media\/643"}],"wp:attachment":[{"href":"https:\/\/fil.ee\/uus\/wp-json\/wp\/v2\/media?parent=947"}],"wp:term":[{"taxonomy":"product_brand","embeddable":true,"href":"https:\/\/fil.ee\/uus\/wp-json\/wp\/v2\/product_brand?post=947"},{"taxonomy":"product_cat","embeddable":true,"href":"https:\/\/fil.ee\/uus\/wp-json\/wp\/v2\/product_cat?post=947"},{"taxonomy":"product_tag","embeddable":true,"href":"https:\/\/fil.ee\/uus\/wp-json\/wp\/v2\/product_tag?post=947"}],"curies":[{"name":"wp","href":"https:\/\/api.w.org\/{rel}","templated":true}]}}