{"id":936,"date":"2019-08-16T08:57:43","date_gmt":"2019-08-16T05:57:43","guid":{"rendered":"http:\/\/fil.ee\/uus\/?post_type=product&#038;p=936"},"modified":"2023-01-31T19:41:34","modified_gmt":"2023-01-31T17:41:34","slug":"ma-tean","status":"publish","type":"product","link":"https:\/\/fil.ee\/uus\/toode\/ma-tean\/","title":{"rendered":"Ma tean"},"content":{"rendered":"<p><span style=\"font-family: georgia, palatino, serif; font-size: 12pt;\">2019. aasta 16. augustil ilmus meie kirjastuselt uus lasteraamat, Maria Lepmaa &#8220;Ma tean&#8221;. Raamat on pehmete kaante ja v\u00e4rvilise sisuga, selle m\u00f5\u00f5dud on 176&#215;250 mm ja maht 48 lehek\u00fclge. Toime<span class=\"text_exposed_show\">tas Irene \u00d5mblus, illustreeris Jana Valge, k\u00fcljendas ja kaaned kujundas Vallo Hallik<\/span><\/span><\/p>\n<p><span style=\"font-family: georgia, palatino, serif; font-size: 12pt;\"><strong>Raamatu tutvustus:<\/strong><\/span><br \/>\n<span style=\"font-family: georgia, palatino, serif; font-size: 12pt;\">\u201eMa tean\u201c on j\u00e4rg raamatutele \u201eMa kuulen\u201c ja \u201eMa n\u00e4en\u201c. Peategelane Siiri on n\u00fc\u00fcd juba suur t\u00fcdruk. Temast saab lasteaialaps. Siiri leiab omale vahva s\u00f5branna Veroonika, kellel on kodus j\u00e4nesed ja lambad. Siiri saab 3-aastaseks ja peab lasteaias oma s\u00fcnnip\u00e4eva. Raamat on loetav ka eraldiseisvalt.<\/span><\/p>\n","protected":false},"excerpt":{"rendered":"<p>2019. aasta 16. augustil ilmus meie kirjastuselt uus lasteraamat, Maria Lepmaa &#8220;Ma tean&#8221;. Raamat on pehmete kaante ja v\u00e4rvilise sisuga, selle m\u00f5\u00f5dud on 176&#215;250 mm ja maht 48 lehek\u00fclge. Toimetas Irene \u00d5mblus, illustreeris Jana Valge, k\u00fcljendas ja kaaned kujundas Vallo Hallik Raamatu tutvustus: \u201eMa tean\u201c on j\u00e4rg raamatutele \u201eMa kuulen\u201c ja \u201eMa n\u00e4en\u201c. Peategelane Siiri [&hellip;]<\/p>\n","protected":false},"featured_media":931,"comment_status":"open","ping_status":"closed","template":"","meta":[],"product_brand":[],"product_cat":[22],"product_tag":[],"class_list":{"0":"post-936","1":"product","2":"type-product","3":"status-publish","4":"has-post-thumbnail","6":"product_cat-lastele","8":"first","9":"instock","10":"taxable","11":"shipping-taxable","12":"purchasable","13":"product-type-simple"},"_links":{"self":[{"href":"https:\/\/fil.ee\/uus\/wp-json\/wp\/v2\/product\/936","targetHints":{"allow":["GET"]}}],"collection":[{"href":"https:\/\/fil.ee\/uus\/wp-json\/wp\/v2\/product"}],"about":[{"href":"https:\/\/fil.ee\/uus\/wp-json\/wp\/v2\/types\/product"}],"replies":[{"embeddable":true,"href":"https:\/\/fil.ee\/uus\/wp-json\/wp\/v2\/comments?post=936"}],"wp:featuredmedia":[{"embeddable":true,"href":"https:\/\/fil.ee\/uus\/wp-json\/wp\/v2\/media\/931"}],"wp:attachment":[{"href":"https:\/\/fil.ee\/uus\/wp-json\/wp\/v2\/media?parent=936"}],"wp:term":[{"taxonomy":"product_brand","embeddable":true,"href":"https:\/\/fil.ee\/uus\/wp-json\/wp\/v2\/product_brand?post=936"},{"taxonomy":"product_cat","embeddable":true,"href":"https:\/\/fil.ee\/uus\/wp-json\/wp\/v2\/product_cat?post=936"},{"taxonomy":"product_tag","embeddable":true,"href":"https:\/\/fil.ee\/uus\/wp-json\/wp\/v2\/product_tag?post=936"}],"curies":[{"name":"wp","href":"https:\/\/api.w.org\/{rel}","templated":true}]}}