{"id":804,"date":"2019-06-18T16:47:19","date_gmt":"2019-06-18T13:47:19","guid":{"rendered":"http:\/\/fil.ee\/uus\/?post_type=product&#038;p=804"},"modified":"2023-02-23T12:09:33","modified_gmt":"2023-02-23T10:09:33","slug":"elevandid-pasundavad-unenagudes","status":"publish","type":"product","link":"https:\/\/fil.ee\/uus\/toode\/elevandid-pasundavad-unenagudes\/","title":{"rendered":"Elevandid pasundavad unen\u00e4gudes"},"content":{"rendered":"<p style=\"text-align: justify;\">2019. aasta 18. juunil ilmus meie kirjastuselt uus luulekogu lastele, Jaak K\u00e4nd \u201cElevandid pasundavad unen\u00e4gudes\u201d. Raamatu m\u00f5\u00f5dud on 148\u00d7210 mm, raamatul on k\u00f5vad kaaned ning selles on 8<span class=\"text_exposed_show\">0 lehek\u00fclge. Toimetas Irene \u00d5mblus, illustreeris Tiiu Lehiste, k\u00fcljendas ja kaaned kujundas Olavi P\u00f5llu.<\/span><\/p>\n<p style=\"text-align: justify;\"><span class=\"text_exposed_show\"><strong>Raamatu tutvustus:<\/strong><br \/>\nNende kaante vahele koondatud luuletuste kirjutamisel on autorit inspireerinud tema lapselaps Simona. Autori s\u00f5nul on k\u00f5ige parem, kui lapselapsed ja vanavanemad seda raamatut koos loevad.<\/span><\/p>\n","protected":false},"excerpt":{"rendered":"<p>2019. aasta 18. juunil ilmus meie kirjastuselt uus luulekogu lastele, Jaak K\u00e4nd \u201cElevandid pasundavad unen\u00e4gudes\u201d. Raamatu m\u00f5\u00f5dud on 148\u00d7210 mm, raamatul on k\u00f5vad kaaned ning selles on 80 lehek\u00fclge. Toimetas Irene \u00d5mblus, illustreeris Tiiu Lehiste, k\u00fcljendas ja kaaned kujundas Olavi P\u00f5llu. Raamatu tutvustus: Nende kaante vahele koondatud luuletuste kirjutamisel on autorit inspireerinud tema lapselaps Simona. [&hellip;]<\/p>\n","protected":false},"featured_media":801,"comment_status":"open","ping_status":"closed","template":"","meta":[],"product_brand":[],"product_cat":[286],"product_tag":[],"class_list":{"0":"post-804","1":"product","2":"type-product","3":"status-publish","4":"has-post-thumbnail","6":"product_cat-archive","8":"first","9":"outofstock","10":"taxable","11":"shipping-taxable","12":"product-type-simple"},"_links":{"self":[{"href":"https:\/\/fil.ee\/uus\/wp-json\/wp\/v2\/product\/804","targetHints":{"allow":["GET"]}}],"collection":[{"href":"https:\/\/fil.ee\/uus\/wp-json\/wp\/v2\/product"}],"about":[{"href":"https:\/\/fil.ee\/uus\/wp-json\/wp\/v2\/types\/product"}],"replies":[{"embeddable":true,"href":"https:\/\/fil.ee\/uus\/wp-json\/wp\/v2\/comments?post=804"}],"wp:featuredmedia":[{"embeddable":true,"href":"https:\/\/fil.ee\/uus\/wp-json\/wp\/v2\/media\/801"}],"wp:attachment":[{"href":"https:\/\/fil.ee\/uus\/wp-json\/wp\/v2\/media?parent=804"}],"wp:term":[{"taxonomy":"product_brand","embeddable":true,"href":"https:\/\/fil.ee\/uus\/wp-json\/wp\/v2\/product_brand?post=804"},{"taxonomy":"product_cat","embeddable":true,"href":"https:\/\/fil.ee\/uus\/wp-json\/wp\/v2\/product_cat?post=804"},{"taxonomy":"product_tag","embeddable":true,"href":"https:\/\/fil.ee\/uus\/wp-json\/wp\/v2\/product_tag?post=804"}],"curies":[{"name":"wp","href":"https:\/\/api.w.org\/{rel}","templated":true}]}}