{"id":530,"date":"2018-02-26T08:55:48","date_gmt":"2018-02-26T06:55:48","guid":{"rendered":"http:\/\/fil.ee\/uus\/?post_type=product&#038;p=530"},"modified":"2023-01-31T14:55:50","modified_gmt":"2023-01-31T12:55:50","slug":"ma-olen-sinuga","status":"publish","type":"product","link":"https:\/\/fil.ee\/uus\/toode\/ma-olen-sinuga\/","title":{"rendered":"Ma olen Sinuga"},"content":{"rendered":"<p>2018. aasta 17. veebruaril ilmus meie kirjastuselt uus raamat Maria Lepmaa \u201cMa olen Sinuga\u201d. Raamat on A5 formaadis, pehmete kaantega ja selles on 120 lehek\u00fclge. Kaaned kujundas Jana Kupits ja raamatu toimetas Heli Hallik.<\/p>\n<p><strong>L\u00fchikokkuv\u00f5te:<\/strong><br \/>\nRaamatus on m\u00f5nusat lugemist<br \/>\nusu ja uskmatuse<br \/>\nusalduse ja usaldamatuse,<br \/>\ntasakaalu ja kahtluste,<br \/>\n\u00f5nne ja \u00f5nnetuse teemadel.<\/p>\n<p>Autor jutustab ladusalt igap\u00e4eva elu-olust, j\u00e4ttes lugejale ruumi oma arusaamise v\u00e4ljakujundamiseks.<\/p>\n","protected":false},"excerpt":{"rendered":"<p>2018. aasta 17. veebruaril ilmus meie kirjastuselt uus raamat Maria Lepmaa \u201cMa olen Sinuga\u201d. Raamat on A5 formaadis, pehmete kaantega ja selles on 120 lehek\u00fclge. Kaaned kujundas Jana Kupits ja raamatu toimetas Heli Hallik. L\u00fchikokkuv\u00f5te: Raamatus on m\u00f5nusat lugemist usu ja uskmatuse usalduse ja usaldamatuse, tasakaalu ja kahtluste, \u00f5nne ja \u00f5nnetuse teemadel. Autor jutustab ladusalt [&hellip;]<\/p>\n","protected":false},"featured_media":527,"comment_status":"open","ping_status":"closed","template":"","meta":[],"product_brand":[],"product_cat":[19,287],"product_tag":[],"class_list":{"0":"post-530","1":"product","2":"type-product","3":"status-publish","4":"has-post-thumbnail","6":"product_cat-ilukirjandus","7":"product_cat-religioon","9":"first","10":"instock","11":"taxable","12":"shipping-taxable","13":"purchasable","14":"product-type-simple"},"_links":{"self":[{"href":"https:\/\/fil.ee\/uus\/wp-json\/wp\/v2\/product\/530","targetHints":{"allow":["GET"]}}],"collection":[{"href":"https:\/\/fil.ee\/uus\/wp-json\/wp\/v2\/product"}],"about":[{"href":"https:\/\/fil.ee\/uus\/wp-json\/wp\/v2\/types\/product"}],"replies":[{"embeddable":true,"href":"https:\/\/fil.ee\/uus\/wp-json\/wp\/v2\/comments?post=530"}],"wp:featuredmedia":[{"embeddable":true,"href":"https:\/\/fil.ee\/uus\/wp-json\/wp\/v2\/media\/527"}],"wp:attachment":[{"href":"https:\/\/fil.ee\/uus\/wp-json\/wp\/v2\/media?parent=530"}],"wp:term":[{"taxonomy":"product_brand","embeddable":true,"href":"https:\/\/fil.ee\/uus\/wp-json\/wp\/v2\/product_brand?post=530"},{"taxonomy":"product_cat","embeddable":true,"href":"https:\/\/fil.ee\/uus\/wp-json\/wp\/v2\/product_cat?post=530"},{"taxonomy":"product_tag","embeddable":true,"href":"https:\/\/fil.ee\/uus\/wp-json\/wp\/v2\/product_tag?post=530"}],"curies":[{"name":"wp","href":"https:\/\/api.w.org\/{rel}","templated":true}]}}