{"id":464,"date":"2017-09-13T13:28:20","date_gmt":"2017-09-13T10:28:20","guid":{"rendered":"http:\/\/fil.ee\/uus\/?post_type=product&#038;p=464"},"modified":"2023-01-31T05:17:34","modified_gmt":"2023-01-31T03:17:34","slug":"suda-teeb-kohati-muret","status":"publish","type":"product","link":"https:\/\/fil.ee\/uus\/toode\/suda-teeb-kohati-muret\/","title":{"rendered":"S\u00fcda teeb kohati muret"},"content":{"rendered":"<p style=\"text-align: justify;\">2017. aasta 7. juunil ilmus meie kirjastuselt kahe blogipidajast autori esimene \u00fchiskogumik \u201c<strong>S\u00fcda teeb kohati muret<\/strong>\u201d, mille autorid on Konn ja Kaamos. Raamat on A5 formaadis, pehmete kaantega ja selles on 160 lehek\u00fclge. Kaaned kujundas Karbik, toimetas S. M. Rattiste.<\/p>\n<p style=\"text-align: justify;\"><strong>Raamatu tutvustus:<\/strong><br \/>\nSelle raamatu lehek\u00fclgedel voogab tavaliste inimeste natuke ebatavaline elu. Kaks blogisaurust \u2013 Konn ja Kaamos \u2013 lasid voolama pikka aega tammi taha kogunenud loominguoja.<br \/>\nHeatahtlik ja siiras \u201eikkagi vana kooli mees\u201d Armand ja kriuksuga muinasjutte, legende ning taevaste lugude t\u00f5lgendusi, sekka hingelt \u00e4ra\u00fctlemist vajavaid luulelullasid.<\/p>\n<p style=\"text-align: justify;\">Konn (<a href=\"http:\/\/lendavkonn.blogspot.com.ee\/\" target=\"_blank\" rel=\"nofollow noopener\">lendavkonn.blogspot.com<\/a>)<br \/>\nKaamos (<a href=\"http:\/\/kevadtulebikkagi.blogspot.com.ee\/\" target=\"_blank\" rel=\"nofollow noopener\">kevatulebikkagi.blogspot.com<\/a>)<\/p>\n","protected":false},"excerpt":{"rendered":"<p>2017. aasta 7. juunil ilmus meie kirjastuselt kahe blogipidajast autori esimene \u00fchiskogumik \u201cS\u00fcda teeb kohati muret\u201d, mille autorid on Konn ja Kaamos. Raamat on A5 formaadis, pehmete kaantega ja selles on 160 lehek\u00fclge. Kaaned kujundas Karbik, toimetas S. M. Rattiste. Raamatu tutvustus: Selle raamatu lehek\u00fclgedel voogab tavaliste inimeste natuke ebatavaline elu. Kaks blogisaurust \u2013 Konn [&hellip;]<\/p>\n","protected":false},"featured_media":438,"comment_status":"open","ping_status":"closed","template":"","meta":[],"product_brand":[],"product_cat":[19,23],"product_tag":[],"class_list":{"0":"post-464","1":"product","2":"type-product","3":"status-publish","4":"has-post-thumbnail","6":"product_cat-ilukirjandus","7":"product_cat-luule","9":"first","10":"instock","11":"taxable","12":"shipping-taxable","13":"purchasable","14":"product-type-simple"},"_links":{"self":[{"href":"https:\/\/fil.ee\/uus\/wp-json\/wp\/v2\/product\/464","targetHints":{"allow":["GET"]}}],"collection":[{"href":"https:\/\/fil.ee\/uus\/wp-json\/wp\/v2\/product"}],"about":[{"href":"https:\/\/fil.ee\/uus\/wp-json\/wp\/v2\/types\/product"}],"replies":[{"embeddable":true,"href":"https:\/\/fil.ee\/uus\/wp-json\/wp\/v2\/comments?post=464"}],"wp:featuredmedia":[{"embeddable":true,"href":"https:\/\/fil.ee\/uus\/wp-json\/wp\/v2\/media\/438"}],"wp:attachment":[{"href":"https:\/\/fil.ee\/uus\/wp-json\/wp\/v2\/media?parent=464"}],"wp:term":[{"taxonomy":"product_brand","embeddable":true,"href":"https:\/\/fil.ee\/uus\/wp-json\/wp\/v2\/product_brand?post=464"},{"taxonomy":"product_cat","embeddable":true,"href":"https:\/\/fil.ee\/uus\/wp-json\/wp\/v2\/product_cat?post=464"},{"taxonomy":"product_tag","embeddable":true,"href":"https:\/\/fil.ee\/uus\/wp-json\/wp\/v2\/product_tag?post=464"}],"curies":[{"name":"wp","href":"https:\/\/api.w.org\/{rel}","templated":true}]}}