{"id":360,"date":"2017-06-15T12:39:57","date_gmt":"2017-06-15T09:39:57","guid":{"rendered":"http:\/\/fil.ee\/uus\/?post_type=product&#038;p=360"},"modified":"2025-09-06T02:16:43","modified_gmt":"2025-09-05T23:16:43","slug":"toto-tuleb-ka","status":"publish","type":"product","link":"https:\/\/fil.ee\/uus\/toode\/toto-tuleb-ka\/","title":{"rendered":"Toto tuleb ka"},"content":{"rendered":"<p style=\"text-align: justify;\"><span style=\"font-family: 'comic sans ms', sans-serif;\">2016. aasta 27. juulil ilmus autori Kristiina K. esikteos \u201c<strong>Toto tuleb ka<\/strong>\u201c. Raamat on A5 formaadis, k\u00f5vade kaantega ja selles on 32 lehek\u00fclge. Toimetas Heli Hallik.<\/span><\/p>\n<p style=\"text-align: justify;\"><span style=\"font-family: 'comic sans ms', sans-serif;\"><strong>Autoripoolne tutvustus:<\/strong><\/span><br \/>\n<span style=\"font-family: 'comic sans ms', sans-serif;\">Tere, mina olen Toto, ning ma kutsun sind osa saama oma elust. V\u00e4ikese koeralapse, minu, peas tunduvad m\u00f5nikord probleemid v\u00f5imatult suured, kuid koos s\u00f5prade abiga olen ikka k\u00f5igest jagu saanud!<\/span><br \/>\n<span style=\"font-family: 'comic sans ms', sans-serif;\">Mul on sulle palju \u00f5petada ja ma luban, et p\u00e4rast selle raamatu l\u00e4bilugemist on ka sinul kergem oma lemmiklooma paremini m\u00f5ista. Vahest leiad sinagi ennast m\u00f5tisklemas, kuidas tema seda maailma n\u00e4ha v\u00f5iks?<\/span><\/p>\n","protected":false},"excerpt":{"rendered":"<p>2016. aasta 27. juulil ilmus autori Kristiina K. esikteos \u201cToto tuleb ka\u201c. Raamat on A5 formaadis, k\u00f5vade kaantega ja selles on 32 lehek\u00fclge. Toimetas Heli Hallik. Autoripoolne tutvustus: Tere, mina olen Toto, ning ma kutsun sind osa saama oma elust. V\u00e4ikese koeralapse, minu, peas tunduvad m\u00f5nikord probleemid v\u00f5imatult suured, kuid koos s\u00f5prade abiga olen ikka [&hellip;]<\/p>\n","protected":false},"featured_media":196,"comment_status":"open","ping_status":"closed","template":"","meta":[],"product_brand":[],"product_cat":[19,22],"product_tag":[],"class_list":{"0":"post-360","1":"product","2":"type-product","3":"status-publish","4":"has-post-thumbnail","6":"product_cat-ilukirjandus","7":"product_cat-lastele","9":"first","10":"instock","11":"sale","12":"taxable","13":"shipping-taxable","14":"purchasable","15":"product-type-simple"},"_links":{"self":[{"href":"https:\/\/fil.ee\/uus\/wp-json\/wp\/v2\/product\/360","targetHints":{"allow":["GET"]}}],"collection":[{"href":"https:\/\/fil.ee\/uus\/wp-json\/wp\/v2\/product"}],"about":[{"href":"https:\/\/fil.ee\/uus\/wp-json\/wp\/v2\/types\/product"}],"replies":[{"embeddable":true,"href":"https:\/\/fil.ee\/uus\/wp-json\/wp\/v2\/comments?post=360"}],"wp:featuredmedia":[{"embeddable":true,"href":"https:\/\/fil.ee\/uus\/wp-json\/wp\/v2\/media\/196"}],"wp:attachment":[{"href":"https:\/\/fil.ee\/uus\/wp-json\/wp\/v2\/media?parent=360"}],"wp:term":[{"taxonomy":"product_brand","embeddable":true,"href":"https:\/\/fil.ee\/uus\/wp-json\/wp\/v2\/product_brand?post=360"},{"taxonomy":"product_cat","embeddable":true,"href":"https:\/\/fil.ee\/uus\/wp-json\/wp\/v2\/product_cat?post=360"},{"taxonomy":"product_tag","embeddable":true,"href":"https:\/\/fil.ee\/uus\/wp-json\/wp\/v2\/product_tag?post=360"}],"curies":[{"name":"wp","href":"https:\/\/api.w.org\/{rel}","templated":true}]}}