{"id":356,"date":"2017-06-15T12:33:51","date_gmt":"2017-06-15T09:33:51","guid":{"rendered":"http:\/\/fil.ee\/uus\/?post_type=product&#038;p=356"},"modified":"2023-01-31T03:11:16","modified_gmt":"2023-01-31T01:11:16","slug":"taisring-i","status":"publish","type":"product","link":"https:\/\/fil.ee\/uus\/toode\/taisring-i\/","title":{"rendered":"T\u00e4isring I"},"content":{"rendered":"<p style=\"text-align: justify;\"><span style=\"font-family: 'comic sans ms', sans-serif;\">2016. aasta 18. veebruaril ilmus meie kirjastuselt esimene n\u00e4idend \u201c<strong>T\u00e4isring I<\/strong>\u201c, mille autor on Kati Saara Vatmann. Raamat on A5 formaadis, pehmete kaantega ja selles on 128 lehek\u00fclge. Samal p\u00e4eval oli raamatu p\u00f5hjal tehtud etenduse esietendus P\u00e4rnus, Victoria hotelli restoranis.<\/span><\/p>\n<p style=\"text-align: justify;\"><span style=\"font-family: 'comic sans ms', sans-serif;\"><strong>Raamatu tutvustus:<\/strong><\/span><br \/>\n<span style=\"font-family: 'comic sans ms', sans-serif;\">\u201cAlguses oli t\u00fchjus. Siis tuli Sargvere m\u00f5isa ettepanek kirjutada n\u00e4idend m\u00f5isa 250. s\u00fcnnip\u00e4evaks. Kirjanikuna meenus m\u00f5isarahvale Saara sellep\u00e4rast, et \u00fcks sealseid emandaid t\u00f6\u00f6tas enne hobuvarustuse poes. Kuna \u00fcks Saara trakeen oli Kirna araablase poolt paksuks pistetud, tuli pikem sadulav\u00f6\u00f6 osta. Ja sedasi hobu-Kati ka kirjanikuna aktualiseerus.\u201d\u00a0<\/span><span style=\"font-family: 'comic sans ms', sans-serif;\">Nii kirjeldab autor n\u00e4idendi kirjutamise algt\u00f5uget. N\u00e4idend ise ongi nende kaante vahele saanud. Head lugemist!<\/span><\/p>\n","protected":false},"excerpt":{"rendered":"<p>2016. aasta 18. veebruaril ilmus meie kirjastuselt esimene n\u00e4idend \u201cT\u00e4isring I\u201c, mille autor on Kati Saara Vatmann. Raamat on A5 formaadis, pehmete kaantega ja selles on 128 lehek\u00fclge. Samal p\u00e4eval oli raamatu p\u00f5hjal tehtud etenduse esietendus P\u00e4rnus, Victoria hotelli restoranis. Raamatu tutvustus: \u201cAlguses oli t\u00fchjus. Siis tuli Sargvere m\u00f5isa ettepanek kirjutada n\u00e4idend m\u00f5isa 250. s\u00fcnnip\u00e4evaks. [&hellip;]<\/p>\n","protected":false},"featured_media":192,"comment_status":"open","ping_status":"closed","template":"","meta":[],"product_brand":[],"product_cat":[19,24],"product_tag":[],"class_list":{"0":"post-356","1":"product","2":"type-product","3":"status-publish","4":"has-post-thumbnail","6":"product_cat-ilukirjandus","7":"product_cat-naidend","9":"first","10":"instock","11":"taxable","12":"shipping-taxable","13":"purchasable","14":"product-type-simple"},"_links":{"self":[{"href":"https:\/\/fil.ee\/uus\/wp-json\/wp\/v2\/product\/356","targetHints":{"allow":["GET"]}}],"collection":[{"href":"https:\/\/fil.ee\/uus\/wp-json\/wp\/v2\/product"}],"about":[{"href":"https:\/\/fil.ee\/uus\/wp-json\/wp\/v2\/types\/product"}],"replies":[{"embeddable":true,"href":"https:\/\/fil.ee\/uus\/wp-json\/wp\/v2\/comments?post=356"}],"wp:featuredmedia":[{"embeddable":true,"href":"https:\/\/fil.ee\/uus\/wp-json\/wp\/v2\/media\/192"}],"wp:attachment":[{"href":"https:\/\/fil.ee\/uus\/wp-json\/wp\/v2\/media?parent=356"}],"wp:term":[{"taxonomy":"product_brand","embeddable":true,"href":"https:\/\/fil.ee\/uus\/wp-json\/wp\/v2\/product_brand?post=356"},{"taxonomy":"product_cat","embeddable":true,"href":"https:\/\/fil.ee\/uus\/wp-json\/wp\/v2\/product_cat?post=356"},{"taxonomy":"product_tag","embeddable":true,"href":"https:\/\/fil.ee\/uus\/wp-json\/wp\/v2\/product_tag?post=356"}],"curies":[{"name":"wp","href":"https:\/\/api.w.org\/{rel}","templated":true}]}}