{"id":347,"date":"2017-06-15T11:57:53","date_gmt":"2017-06-15T08:57:53","guid":{"rendered":"http:\/\/fil.ee\/uus\/?post_type=product&#038;p=347"},"modified":"2025-07-29T15:01:34","modified_gmt":"2025-07-29T12:01:34","slug":"kontakt-voimaldab-et-osapooli-on-monikord-3","status":"publish","type":"product","link":"https:\/\/fil.ee\/uus\/toode\/kontakt-voimaldab-et-osapooli-on-monikord-3\/","title":{"rendered":"Kontakt v\u00f5imaldab, et osapooli on m\u00f5nikord 3"},"content":{"rendered":"<p style=\"text-align: justify;\"><span style=\"font-family: 'comic sans ms', sans-serif;\">2015. aasta 9. novembril ilmus meie kirjastuselt huumorikogumik \u201c<strong>Kontakt v\u00f5imaldab, et osapooli on m\u00f5nikord 3<\/strong>\u201c. Raamat on A5 formaadis, pehmete kaantega ning selles on 74 lehek\u00fclge.<\/span><\/p>\n<p style=\"text-align: justify;\"><span style=\"font-family: 'comic sans ms', sans-serif;\"><strong>Sisututvustus:<\/strong><\/span><br \/>\n<span style=\"font-family: 'comic sans ms', sans-serif;\">\u201cKontakt v\u00f5imaldab, et osapooli on m\u00f5nikord 3\u201d koondab oma kaante vahele telefonik\u00fcsitluste k\u00e4igus saadud ootamatuid vastuseid t\u00e4iesti t\u00f5siselt esitatud k\u00fcsimustele. Kas \u00fcllatava vastuse tingis vastaja hajaliolek v\u00f5i telefoniliinide hetkeline l\u00fchis, seda ei tea, kuid tulemuse \u00fcle on hea naerda ning ehk on p\u00f5hjust hetkeks m\u00f5tiskleda ka selle \u00fcle, kuidas me \u00fcldse igap\u00e4evaelus suhtleme.<\/span><\/p>\n","protected":false},"excerpt":{"rendered":"<p>2015. aasta 9. novembril ilmus meie kirjastuselt huumorikogumik \u201cKontakt v\u00f5imaldab, et osapooli on m\u00f5nikord 3\u201c. Raamat on A5 formaadis, pehmete kaantega ning selles on 74 lehek\u00fclge. Sisututvustus: \u201cKontakt v\u00f5imaldab, et osapooli on m\u00f5nikord 3\u201d koondab oma kaante vahele telefonik\u00fcsitluste k\u00e4igus saadud ootamatuid vastuseid t\u00e4iesti t\u00f5siselt esitatud k\u00fcsimustele. Kas \u00fcllatava vastuse tingis vastaja hajaliolek v\u00f5i telefoniliinide [&hellip;]<\/p>\n","protected":false},"featured_media":153,"comment_status":"open","ping_status":"closed","template":"","meta":[],"product_brand":[],"product_cat":[18],"product_tag":[],"class_list":{"0":"post-347","1":"product","2":"type-product","3":"status-publish","4":"has-post-thumbnail","6":"product_cat-huumor","8":"first","9":"instock","10":"taxable","11":"shipping-taxable","12":"purchasable","13":"product-type-simple"},"_links":{"self":[{"href":"https:\/\/fil.ee\/uus\/wp-json\/wp\/v2\/product\/347","targetHints":{"allow":["GET"]}}],"collection":[{"href":"https:\/\/fil.ee\/uus\/wp-json\/wp\/v2\/product"}],"about":[{"href":"https:\/\/fil.ee\/uus\/wp-json\/wp\/v2\/types\/product"}],"replies":[{"embeddable":true,"href":"https:\/\/fil.ee\/uus\/wp-json\/wp\/v2\/comments?post=347"}],"wp:featuredmedia":[{"embeddable":true,"href":"https:\/\/fil.ee\/uus\/wp-json\/wp\/v2\/media\/153"}],"wp:attachment":[{"href":"https:\/\/fil.ee\/uus\/wp-json\/wp\/v2\/media?parent=347"}],"wp:term":[{"taxonomy":"product_brand","embeddable":true,"href":"https:\/\/fil.ee\/uus\/wp-json\/wp\/v2\/product_brand?post=347"},{"taxonomy":"product_cat","embeddable":true,"href":"https:\/\/fil.ee\/uus\/wp-json\/wp\/v2\/product_cat?post=347"},{"taxonomy":"product_tag","embeddable":true,"href":"https:\/\/fil.ee\/uus\/wp-json\/wp\/v2\/product_tag?post=347"}],"curies":[{"name":"wp","href":"https:\/\/api.w.org\/{rel}","templated":true}]}}