{"id":336,"date":"2017-06-15T11:38:53","date_gmt":"2017-06-15T08:38:53","guid":{"rendered":"http:\/\/fil.ee\/uus\/?post_type=product&#038;p=336"},"modified":"2023-01-29T22:08:47","modified_gmt":"2023-01-29T20:08:47","slug":"minu-sudame-kastepiisad","status":"publish","type":"product","link":"https:\/\/fil.ee\/uus\/toode\/minu-sudame-kastepiisad\/","title":{"rendered":"Minu s\u00fcdame kastepiisad"},"content":{"rendered":"<p style=\"text-align: justify;\"><span style=\"font-family: 'comic sans ms', sans-serif;\">2015. aasta 21. jaanuaril ilmus imeilus luulekogumik \u201c<strong>Minu s\u00fcdame kastepiisad<\/strong>\u201c, mille autor on Merli T\u00f5nts. Teos on ruudukujuline (21\u00d721 cm), k\u00f5vade kaantega, selles on 72 lehek\u00fclge.<\/span><\/p>\n<p style=\"text-align: justify;\"><span style=\"font-family: 'comic sans ms', sans-serif;\"><strong>Sisututvustus:<\/strong><\/span><br \/>\n<span style=\"font-family: 'comic sans ms', sans-serif;\">Selle luulekogu ilmumine on \u00fche minu kauaaegse unistuse t\u00e4itumine. Kirjutamist ja s\u00f5nadega m\u00e4ngimist olen armastanud lapsep\u00f5lvest saadik. Selle luulekoguga loodan pakkuda lugejale nii emotsioone kui ka m\u00f5tisklusi \u2026<\/span><\/p>\n","protected":false},"excerpt":{"rendered":"<p>2015. aasta 21. jaanuaril ilmus imeilus luulekogumik \u201cMinu s\u00fcdame kastepiisad\u201c, mille autor on Merli T\u00f5nts. Teos on ruudukujuline (21\u00d721 cm), k\u00f5vade kaantega, selles on 72 lehek\u00fclge. Sisututvustus: Selle luulekogu ilmumine on \u00fche minu kauaaegse unistuse t\u00e4itumine. Kirjutamist ja s\u00f5nadega m\u00e4ngimist olen armastanud lapsep\u00f5lvest saadik. Selle luulekoguga loodan pakkuda lugejale nii emotsioone kui ka m\u00f5tisklusi \u2026<\/p>\n","protected":false},"featured_media":166,"comment_status":"open","ping_status":"closed","template":"","meta":[],"product_brand":[],"product_cat":[23],"product_tag":[],"class_list":{"0":"post-336","1":"product","2":"type-product","3":"status-publish","4":"has-post-thumbnail","6":"product_cat-luule","8":"first","9":"instock","10":"taxable","11":"shipping-taxable","12":"purchasable","13":"product-type-simple"},"_links":{"self":[{"href":"https:\/\/fil.ee\/uus\/wp-json\/wp\/v2\/product\/336","targetHints":{"allow":["GET"]}}],"collection":[{"href":"https:\/\/fil.ee\/uus\/wp-json\/wp\/v2\/product"}],"about":[{"href":"https:\/\/fil.ee\/uus\/wp-json\/wp\/v2\/types\/product"}],"replies":[{"embeddable":true,"href":"https:\/\/fil.ee\/uus\/wp-json\/wp\/v2\/comments?post=336"}],"wp:featuredmedia":[{"embeddable":true,"href":"https:\/\/fil.ee\/uus\/wp-json\/wp\/v2\/media\/166"}],"wp:attachment":[{"href":"https:\/\/fil.ee\/uus\/wp-json\/wp\/v2\/media?parent=336"}],"wp:term":[{"taxonomy":"product_brand","embeddable":true,"href":"https:\/\/fil.ee\/uus\/wp-json\/wp\/v2\/product_brand?post=336"},{"taxonomy":"product_cat","embeddable":true,"href":"https:\/\/fil.ee\/uus\/wp-json\/wp\/v2\/product_cat?post=336"},{"taxonomy":"product_tag","embeddable":true,"href":"https:\/\/fil.ee\/uus\/wp-json\/wp\/v2\/product_tag?post=336"}],"curies":[{"name":"wp","href":"https:\/\/api.w.org\/{rel}","templated":true}]}}