{"id":312,"date":"2017-06-08T15:16:04","date_gmt":"2017-06-08T12:16:04","guid":{"rendered":"http:\/\/fil.ee\/uus\/?post_type=product&#038;p=312"},"modified":"2023-01-29T14:25:03","modified_gmt":"2023-01-29T12:25:03","slug":"veerekese-paal","status":"publish","type":"product","link":"https:\/\/fil.ee\/uus\/toode\/veerekese-paal\/","title":{"rendered":"Veerekese p\u00e4\u00e4l"},"content":{"rendered":"<p style=\"text-align: justify;\"><span style=\"font-family: 'comic sans ms', sans-serif;\">2013. aasta 1. novembril ilmus kauaoodatud luulekogumik \u201c<strong>Veerekese p\u00e4\u00e4l<\/strong>\u201c, mille autor on Margit Peterson. Raamatus on 98 lehek\u00fclge.<\/span><\/p>\n<p style=\"text-align: justify;\"><span style=\"font-family: 'comic sans ms', sans-serif;\"><strong>Autori kommentaar:<\/strong><\/span><br \/>\n<span style=\"font-family: 'comic sans ms', sans-serif;\">Raamat k\u00f5neleb elu\u00e4\u00e4rtel k\u00f5ndimisest. Teadagi on meil k\u00f5igil erinevaid hingeseisundeid ja luule on hetkelise hingeseisundi peegeldus. Sellesse kogumikku on koondatud minu luulemaailma romantilisem pool. Kirjutan \u00e4\u00e4rest \u00e4\u00e4rde. Vahel olen nagu laperdav leht s\u00fcgistuules, vahel k\u00f5nnin kahel jalal. Vahel on hetki, mil inimene ei adu, kas talle on avatud Paradiisi- v\u00f5i P\u00f5rguv\u00e4rav, ei tea kumbast uksest siseneda. Siis ta kirjutab \u00e4raolevaid v\u00e4rsse. Nii on ka minuga juhtunud, kui olen m\u00f5ne l\u00e4hedase kaotanud, v\u00f5i kui vaatan valusate silmadega haiget \u00fchiskonda, kus valitseb ebav\u00f5rdsus. Valu on see, mis tihtilugu paneb haarama paberi ja pliiatsi j\u00e4rgi. Tihti ilmutavad luuletused mulle ennast \u00f6\u00f6siti, ajavad voodist v\u00e4lja ja sunnivad sulepead haarama.<\/span><\/p>\n","protected":false},"excerpt":{"rendered":"<p>2013. aasta 1. novembril ilmus kauaoodatud luulekogumik \u201cVeerekese p\u00e4\u00e4l\u201c, mille autor on Margit Peterson. Raamatus on 98 lehek\u00fclge. Autori kommentaar: Raamat k\u00f5neleb elu\u00e4\u00e4rtel k\u00f5ndimisest. Teadagi on meil k\u00f5igil erinevaid hingeseisundeid ja luule on hetkelise hingeseisundi peegeldus. Sellesse kogumikku on koondatud minu luulemaailma romantilisem pool. Kirjutan \u00e4\u00e4rest \u00e4\u00e4rde. Vahel olen nagu laperdav leht s\u00fcgistuules, vahel k\u00f5nnin [&hellip;]<\/p>\n","protected":false},"featured_media":207,"comment_status":"open","ping_status":"closed","template":"","meta":[],"product_brand":[],"product_cat":[23],"product_tag":[],"class_list":{"0":"post-312","1":"product","2":"type-product","3":"status-publish","4":"has-post-thumbnail","6":"product_cat-luule","8":"first","9":"instock","10":"taxable","11":"shipping-taxable","12":"purchasable","13":"product-type-simple"},"_links":{"self":[{"href":"https:\/\/fil.ee\/uus\/wp-json\/wp\/v2\/product\/312","targetHints":{"allow":["GET"]}}],"collection":[{"href":"https:\/\/fil.ee\/uus\/wp-json\/wp\/v2\/product"}],"about":[{"href":"https:\/\/fil.ee\/uus\/wp-json\/wp\/v2\/types\/product"}],"replies":[{"embeddable":true,"href":"https:\/\/fil.ee\/uus\/wp-json\/wp\/v2\/comments?post=312"}],"wp:featuredmedia":[{"embeddable":true,"href":"https:\/\/fil.ee\/uus\/wp-json\/wp\/v2\/media\/207"}],"wp:attachment":[{"href":"https:\/\/fil.ee\/uus\/wp-json\/wp\/v2\/media?parent=312"}],"wp:term":[{"taxonomy":"product_brand","embeddable":true,"href":"https:\/\/fil.ee\/uus\/wp-json\/wp\/v2\/product_brand?post=312"},{"taxonomy":"product_cat","embeddable":true,"href":"https:\/\/fil.ee\/uus\/wp-json\/wp\/v2\/product_cat?post=312"},{"taxonomy":"product_tag","embeddable":true,"href":"https:\/\/fil.ee\/uus\/wp-json\/wp\/v2\/product_tag?post=312"}],"curies":[{"name":"wp","href":"https:\/\/api.w.org\/{rel}","templated":true}]}}