{"id":309,"date":"2017-06-08T15:10:27","date_gmt":"2017-06-08T12:10:27","guid":{"rendered":"http:\/\/fil.ee\/uus\/?post_type=product&#038;p=309"},"modified":"2023-02-23T12:17:44","modified_gmt":"2023-02-23T10:17:44","slug":"hetked-tuhandeks-ooks","status":"publish","type":"product","link":"https:\/\/fil.ee\/uus\/toode\/hetked-tuhandeks-ooks\/","title":{"rendered":"Hetked tuhandeks \u00f6\u00f6ks"},"content":{"rendered":"<p style=\"text-align: justify;\"><span style=\"font-family: 'comic sans ms', sans-serif;\">2012. aasta 13. detsembril ilmus lembeluule kogumik \u201c<strong>Hetked tuhandeks \u00f6\u00f6ks<\/strong>\u201d. Raamat on A6 formaadis, maht on 34 lk.<\/span><\/p>\n<p style=\"text-align: justify;\"><span style=\"font-family: 'comic sans ms', sans-serif;\"><strong>Sisututvustus:<\/strong><\/span><br \/>\n<span style=\"font-family: 'comic sans ms', sans-serif;\">Kogumik on Loksalt p\u00e4rit ja Tallinnas tudengiks oleva noormehe Belami esimene luulekogumik. Esimene raamat on k\u00fcll \u00f5huke, sisaldades 29 luuletust, kuid see-eest on t\u00e4is armastust ning imekauni kaanekujundusega.<\/span><\/p>\n","protected":false},"excerpt":{"rendered":"<p>2012. aasta 13. detsembril ilmus lembeluule kogumik \u201cHetked tuhandeks \u00f6\u00f6ks\u201d. Raamat on A6 formaadis, maht on 34 lk. Sisututvustus: Kogumik on Loksalt p\u00e4rit ja Tallinnas tudengiks oleva noormehe Belami esimene luulekogumik. Esimene raamat on k\u00fcll \u00f5huke, sisaldades 29 luuletust, kuid see-eest on t\u00e4is armastust ning imekauni kaanekujundusega.<\/p>\n","protected":false},"featured_media":137,"comment_status":"open","ping_status":"closed","template":"","meta":[],"product_brand":[],"product_cat":[286],"product_tag":[],"class_list":{"0":"post-309","1":"product","2":"type-product","3":"status-publish","4":"has-post-thumbnail","6":"product_cat-archive","8":"first","9":"outofstock","10":"taxable","11":"shipping-taxable","12":"product-type-simple"},"_links":{"self":[{"href":"https:\/\/fil.ee\/uus\/wp-json\/wp\/v2\/product\/309","targetHints":{"allow":["GET"]}}],"collection":[{"href":"https:\/\/fil.ee\/uus\/wp-json\/wp\/v2\/product"}],"about":[{"href":"https:\/\/fil.ee\/uus\/wp-json\/wp\/v2\/types\/product"}],"replies":[{"embeddable":true,"href":"https:\/\/fil.ee\/uus\/wp-json\/wp\/v2\/comments?post=309"}],"wp:featuredmedia":[{"embeddable":true,"href":"https:\/\/fil.ee\/uus\/wp-json\/wp\/v2\/media\/137"}],"wp:attachment":[{"href":"https:\/\/fil.ee\/uus\/wp-json\/wp\/v2\/media?parent=309"}],"wp:term":[{"taxonomy":"product_brand","embeddable":true,"href":"https:\/\/fil.ee\/uus\/wp-json\/wp\/v2\/product_brand?post=309"},{"taxonomy":"product_cat","embeddable":true,"href":"https:\/\/fil.ee\/uus\/wp-json\/wp\/v2\/product_cat?post=309"},{"taxonomy":"product_tag","embeddable":true,"href":"https:\/\/fil.ee\/uus\/wp-json\/wp\/v2\/product_tag?post=309"}],"curies":[{"name":"wp","href":"https:\/\/api.w.org\/{rel}","templated":true}]}}