{"id":2600,"date":"2026-05-14T10:41:41","date_gmt":"2026-05-14T07:41:41","guid":{"rendered":"https:\/\/fil.ee\/uus\/?post_type=product&#038;p=2600"},"modified":"2026-05-14T10:42:08","modified_gmt":"2026-05-14T07:42:08","slug":"2600","status":"publish","type":"product","link":"https:\/\/fil.ee\/uus\/toode\/2600\/","title":{"rendered":"Roosi ja \u00f6\u00f6 saladus"},"content":{"rendered":"<p>14. mail 2026. a. ilmus meie kirjastuselt uus lasteraamat Dea J\u00fcrim\u00e4e \u201cRoosi ja \u00f6\u00f6 saladus\u201d. Raamat on k\u00f5vade kaante ja v\u00e4rvilise sisuga. Raamatu m\u00f5\u00f5dud on 170\u00d7240 mm, maht 32 lehek\u00fclge. Toimetas Heli Hallik, illustreeris Dea J\u00fcrim\u00e4e, k\u00fcljendas ja kaaned kujundas Vallo Hallik<\/p>\n<p style=\"text-align: justify;\"><strong>Raamatu tutvustus:<br \/>\n<\/strong>On lugusid, mis ei h\u00fc\u00fca valjult, vaid sosistavad \u2026<br \/>\njust siis, kui maailm vaiksemaks j\u00e4\u00e4b.<br \/>\n\u00dchel soojal kevad\u00f5htul, kui uni ei tahtnud tulla ja Roosi metsast kostis kummaline, vana ukse kriiksumist meenutav heli, astus \u00fcks v\u00e4ike t\u00fcdruk koos taskulambiga tundmatusse. See, mida ta sealt leidis, ei olnud hirmutav \u2026 vaid hoopis algus millelegi \u00f5rnale, salap\u00e4rasele ja t\u00e4iesti ootamatule.<br \/>\n\u201eRoosi ja \u00d6\u00f6 saladus\u201c viib sind M\u00e4nnituka talu metsaradadele, sinna, kus iga sahin v\u00f5ib peita endas lugu ja iga pilk v\u00f5ib avada ukse n\u00e4htamatusse maailma. Mis peitub pimeduses? Kes vaatab vastu suurte, vaiksete silmadega? Ja miks tundub, et \u00f6\u00f6 teab rohkem, kui ta v\u00e4lja n\u00e4itab?<br \/>\nSee on lugu s\u00f5prusest, mis s\u00fcnnib vaikselt.<br \/>\nOotamisest, mis \u00f5petab kannatlikkust.<br \/>\nJa m\u00e4rkamisest, mis muudab maailma suuremaks, kui silmaga n\u00e4ha.<br \/>\nIga lehek\u00fclg kutsub sind peatuma\u2026 kuulama\u2026 ja v\u00f5ib-olla isegi natuke uskuma sellesse, mida s\u00f5nadega l\u00f5puni seletada ei saa.<br \/>\n\u201eRoosi ja \u00d6\u00f6saladus\u201c ei ole ainult raamat lastele.<br \/>\nSee on v\u00e4ike uks tagasi iseenda juurde \u2013 sinna, kus uudishimu elab, s\u00fcda usaldab ja imed ei vaja t\u00f5estust.<br \/>\nAva see raamat \u2026<br \/>\nja lase \u00fchel \u00f6\u00f6l end \u00fcllatada.<\/p>\n<p>Raamatusse sisse vaadata saab <a href=\"https:\/\/fil.ee\/sisu\/Roosi_ja_oo_saladus_esimesed-15lk.pdf\">siin<\/a>.<\/p>\n","protected":false},"excerpt":{"rendered":"<p>14. mail 2026. a. ilmus meie kirjastuselt uus lasteraamat Dea J\u00fcrim\u00e4e \u201cRoosi ja \u00f6\u00f6 saladus\u201d. Raamat on k\u00f5vade kaante ja v\u00e4rvilise sisuga. Raamatu m\u00f5\u00f5dud on 170\u00d7240 mm, maht 32 lehek\u00fclge. Toimetas Heli Hallik, illustreeris Dea J\u00fcrim\u00e4e, k\u00fcljendas ja kaaned kujundas Vallo Hallik Raamatu tutvustus: On lugusid, mis ei h\u00fc\u00fca valjult, vaid sosistavad \u2026 just siis, [&hellip;]<\/p>\n","protected":false},"featured_media":2601,"comment_status":"closed","ping_status":"closed","template":"","meta":[],"product_brand":[],"product_cat":[22],"product_tag":[],"class_list":{"0":"post-2600","1":"product","2":"type-product","3":"status-publish","4":"has-post-thumbnail","6":"product_cat-lastele","8":"first","9":"instock","10":"taxable","11":"shipping-taxable","12":"purchasable","13":"product-type-simple"},"_links":{"self":[{"href":"https:\/\/fil.ee\/uus\/wp-json\/wp\/v2\/product\/2600","targetHints":{"allow":["GET"]}}],"collection":[{"href":"https:\/\/fil.ee\/uus\/wp-json\/wp\/v2\/product"}],"about":[{"href":"https:\/\/fil.ee\/uus\/wp-json\/wp\/v2\/types\/product"}],"replies":[{"embeddable":true,"href":"https:\/\/fil.ee\/uus\/wp-json\/wp\/v2\/comments?post=2600"}],"wp:featuredmedia":[{"embeddable":true,"href":"https:\/\/fil.ee\/uus\/wp-json\/wp\/v2\/media\/2601"}],"wp:attachment":[{"href":"https:\/\/fil.ee\/uus\/wp-json\/wp\/v2\/media?parent=2600"}],"wp:term":[{"taxonomy":"product_brand","embeddable":true,"href":"https:\/\/fil.ee\/uus\/wp-json\/wp\/v2\/product_brand?post=2600"},{"taxonomy":"product_cat","embeddable":true,"href":"https:\/\/fil.ee\/uus\/wp-json\/wp\/v2\/product_cat?post=2600"},{"taxonomy":"product_tag","embeddable":true,"href":"https:\/\/fil.ee\/uus\/wp-json\/wp\/v2\/product_tag?post=2600"}],"curies":[{"name":"wp","href":"https:\/\/api.w.org\/{rel}","templated":true}]}}