{"id":2554,"date":"2026-04-03T22:18:59","date_gmt":"2026-04-03T19:18:59","guid":{"rendered":"https:\/\/fil.ee\/uus\/?post_type=product&#038;p=2554"},"modified":"2026-04-03T22:18:59","modified_gmt":"2026-04-03T19:18:59","slug":"ma-ei-jata-sind","status":"publish","type":"product","link":"https:\/\/fil.ee\/uus\/toode\/ma-ei-jata-sind\/","title":{"rendered":"Ma ei j\u00e4ta sind"},"content":{"rendered":"<p>3. aprillil 2026. a. ilmus meie kirjastuselt uus raamat Kadri P\u00f5der &#8220;Ma ei j\u00e4ta sind&#8221;. Raamat on pehmete kaante ja mustvalge sisuga. Raamatu m\u00f5\u00f5dud on 148&#215;210 mm, maht 280 lehek\u00fclge. Toimetas Heli Hallik, k\u00fcljendas ja kaaned kujundas Vallo Hallik<\/p>\n<p style=\"text-align: justify;\"><strong>Raamatu tutvustus:<br \/>\n<\/strong>\u201eMa ei j\u00e4ta sind\u201c on liigutav romaan armastusest, s\u00f5prusest ja iseenda taasleidmisest. P\u00e4rast abikaasa ja k\u00f5ige l\u00e4hedasema s\u00f5branna reetmist j\u00e4\u00e4b Nora silmitsi valu, \u00fcksinduse ja k\u00fcsimusega, kas kaotatut on v\u00f5imalik andestada, v\u00f5i tuleb \u00f5ppida lahti laskma.<br \/>\nOotamatu v\u00f5imalus viib Nora Inglismaale, kus uued inimesed ja vana s\u00f5pruse soe kohalolu aitavad tal sammhaaval taas usaldada, tunda ja elada. Minevik ei kao, kuid selle varjust v\u00f5ib s\u00fcndida uus selgus.<br \/>\nSee on tundlik ja aus lugu naisest, kes on murdunud, ent mitte kadunud ning kes \u00f5pib, et armastus ja s\u00f5prus v\u00f5ivad kanda ka siis, kui k\u00f5ik muu n\u00e4ib olevat lagunenud.<\/p>\n<p>Raamatusse sisse vaadata saab <a href=\"https:\/\/fil.ee\/sisu\/Ma_ei_jata_sind_esimesed_15lk.pdf\">siin<\/a>.<\/p>\n","protected":false},"excerpt":{"rendered":"<p>3. aprillil 2026. a. ilmus meie kirjastuselt uus raamat Kadri P\u00f5der &#8220;Ma ei j\u00e4ta sind&#8221;. Raamat on pehmete kaante ja mustvalge sisuga. Raamatu m\u00f5\u00f5dud on 148&#215;210 mm, maht 280 lehek\u00fclge. Toimetas Heli Hallik, k\u00fcljendas ja kaaned kujundas Vallo Hallik Raamatu tutvustus: \u201eMa ei j\u00e4ta sind\u201c on liigutav romaan armastusest, s\u00f5prusest ja iseenda taasleidmisest. P\u00e4rast abikaasa [&hellip;]<\/p>\n","protected":false},"featured_media":2555,"comment_status":"closed","ping_status":"closed","template":"","meta":[],"product_brand":[],"product_cat":[19],"product_tag":[],"class_list":{"0":"post-2554","1":"product","2":"type-product","3":"status-publish","4":"has-post-thumbnail","6":"product_cat-ilukirjandus","8":"first","9":"instock","10":"taxable","11":"shipping-taxable","12":"purchasable","13":"product-type-simple"},"_links":{"self":[{"href":"https:\/\/fil.ee\/uus\/wp-json\/wp\/v2\/product\/2554","targetHints":{"allow":["GET"]}}],"collection":[{"href":"https:\/\/fil.ee\/uus\/wp-json\/wp\/v2\/product"}],"about":[{"href":"https:\/\/fil.ee\/uus\/wp-json\/wp\/v2\/types\/product"}],"replies":[{"embeddable":true,"href":"https:\/\/fil.ee\/uus\/wp-json\/wp\/v2\/comments?post=2554"}],"wp:featuredmedia":[{"embeddable":true,"href":"https:\/\/fil.ee\/uus\/wp-json\/wp\/v2\/media\/2555"}],"wp:attachment":[{"href":"https:\/\/fil.ee\/uus\/wp-json\/wp\/v2\/media?parent=2554"}],"wp:term":[{"taxonomy":"product_brand","embeddable":true,"href":"https:\/\/fil.ee\/uus\/wp-json\/wp\/v2\/product_brand?post=2554"},{"taxonomy":"product_cat","embeddable":true,"href":"https:\/\/fil.ee\/uus\/wp-json\/wp\/v2\/product_cat?post=2554"},{"taxonomy":"product_tag","embeddable":true,"href":"https:\/\/fil.ee\/uus\/wp-json\/wp\/v2\/product_tag?post=2554"}],"curies":[{"name":"wp","href":"https:\/\/api.w.org\/{rel}","templated":true}]}}