{"id":2512,"date":"2026-03-05T10:28:17","date_gmt":"2026-03-05T08:28:17","guid":{"rendered":"https:\/\/fil.ee\/uus\/?post_type=product&#038;p=2512"},"modified":"2026-03-05T10:28:17","modified_gmt":"2026-03-05T08:28:17","slug":"ringiloputus","status":"publish","type":"product","link":"https:\/\/fil.ee\/uus\/toode\/ringiloputus\/","title":{"rendered":"Ringil\u00f5putus"},"content":{"rendered":"<p style=\"text-align: justify;\">5. m\u00e4rtsil 2026. a. ilmus meie kirjastuselt uus luuleraamat Silver Teinbas &#8220;Ringil\u00f5putus&#8221;. Raamat on pehmete kaante ja mustvalge sisuga. Raamatu m\u00f5\u00f5dud on 135&#215;200 mm, maht 96 lehek\u00fclge. K\u00fcljendas ja kaaned kujundas Maite Kotta<\/p>\n<p style=\"text-align: justify;\"><strong>Raamatu tutvustus:<br \/>\n<\/strong>&#8220;Ringil\u00f5putus&#8221; kujutab \u00fcht filosoofilis-poeetilist viisi s\u00f5nastada elu ringikujulist ja sirgjoonelist kulgemist, mis algab j\u00e4rk-j\u00e4rgulise teadvustamisega ning liigub teatava otsiskluse v\u00f5i l\u00f5petatuse suunas, taibates samal ajal, kuidas k\u00f5ik kipub olema k\u00f5igega seotud ja et ka l\u00f5pp v\u00f5ib olla v\u00e4ga (v\u00f5i \u00e4ravahetamiseni) sarnane algusele, ja vastupidi.<br \/>\nLuulekeel on siin suuresti abstraktne, minimalistlik; seda luulekeele lakoonilisust aitavad tasakaalustada kohati k\u00fcllaltki konkreetse sisuga proosatekstid. Proosas leidub lisaks m\u00f5istujuttudele muu hulgas viiteid ka ps\u00fchholoogiale, uskumustele ja ajaloole.<\/p>\n<p>Raamatusse sisse vaadata saab <a href=\"https:\/\/fil.ee\/sisu\/Ringiloputus_esimesed-15lk.pdf\">siin<\/a>.<\/p>\n","protected":false},"excerpt":{"rendered":"<p>5. m\u00e4rtsil 2026. a. ilmus meie kirjastuselt uus luuleraamat Silver Teinbas &#8220;Ringil\u00f5putus&#8221;. Raamat on pehmete kaante ja mustvalge sisuga. Raamatu m\u00f5\u00f5dud on 135&#215;200 mm, maht 96 lehek\u00fclge. K\u00fcljendas ja kaaned kujundas Maite Kotta Raamatu tutvustus: &#8220;Ringil\u00f5putus&#8221; kujutab \u00fcht filosoofilis-poeetilist viisi s\u00f5nastada elu ringikujulist ja sirgjoonelist kulgemist, mis algab j\u00e4rk-j\u00e4rgulise teadvustamisega ning liigub teatava otsiskluse v\u00f5i [&hellip;]<\/p>\n","protected":false},"featured_media":2513,"comment_status":"closed","ping_status":"closed","template":"","meta":[],"product_brand":[],"product_cat":[23],"product_tag":[],"class_list":{"0":"post-2512","1":"product","2":"type-product","3":"status-publish","4":"has-post-thumbnail","6":"product_cat-luule","8":"first","9":"instock","10":"taxable","11":"shipping-taxable","12":"purchasable","13":"product-type-simple"},"_links":{"self":[{"href":"https:\/\/fil.ee\/uus\/wp-json\/wp\/v2\/product\/2512","targetHints":{"allow":["GET"]}}],"collection":[{"href":"https:\/\/fil.ee\/uus\/wp-json\/wp\/v2\/product"}],"about":[{"href":"https:\/\/fil.ee\/uus\/wp-json\/wp\/v2\/types\/product"}],"replies":[{"embeddable":true,"href":"https:\/\/fil.ee\/uus\/wp-json\/wp\/v2\/comments?post=2512"}],"wp:featuredmedia":[{"embeddable":true,"href":"https:\/\/fil.ee\/uus\/wp-json\/wp\/v2\/media\/2513"}],"wp:attachment":[{"href":"https:\/\/fil.ee\/uus\/wp-json\/wp\/v2\/media?parent=2512"}],"wp:term":[{"taxonomy":"product_brand","embeddable":true,"href":"https:\/\/fil.ee\/uus\/wp-json\/wp\/v2\/product_brand?post=2512"},{"taxonomy":"product_cat","embeddable":true,"href":"https:\/\/fil.ee\/uus\/wp-json\/wp\/v2\/product_cat?post=2512"},{"taxonomy":"product_tag","embeddable":true,"href":"https:\/\/fil.ee\/uus\/wp-json\/wp\/v2\/product_tag?post=2512"}],"curies":[{"name":"wp","href":"https:\/\/api.w.org\/{rel}","templated":true}]}}