{"id":2506,"date":"2026-02-20T12:46:31","date_gmt":"2026-02-20T10:46:31","guid":{"rendered":"https:\/\/fil.ee\/uus\/?post_type=product&#038;p=2506"},"modified":"2026-02-20T12:46:31","modified_gmt":"2026-02-20T10:46:31","slug":"hilda-ja-kusti-seiklused","status":"publish","type":"product","link":"https:\/\/fil.ee\/uus\/toode\/hilda-ja-kusti-seiklused\/","title":{"rendered":"Hilda ja Kusti seiklused"},"content":{"rendered":"<p style=\"text-align: justify;\">20. veebruaril 2026. a. ilmus meie kirjastuselt uus lasteraamat Irene \u00d5mblus &#8220;Hilda ja Kusti seiklused&#8221;. Raamat on k\u00f5vade kaante ja v\u00e4rvilise sisuga. Raamatu m\u00f5\u00f5dud on 174&#215;245 mm, maht 80 lehek\u00fclge. Toimetas Heli Hallik, illustreeris, k\u00fcljendas ja kaaned kujundas Kaie Lilleorg<\/p>\n<p style=\"text-align: justify;\"><strong>Raamatu tutvustus:<br \/>\n<\/strong>Hilda ja Kusti on kaks v\u00e4ikest hiirekest, kes elavad Hiire talus. \u00dchel p\u00e4eval tutvub Hilda vanaemaga, kes ka seal elab. \u00d5igupoolest ongi see vanaema kodu. Sellest tutvusest saab alguse hiirekeste esimene suur seiklus. Nad on uudishimulikud ja nutikad ning leiavad igast olukorrast v\u00e4ljap\u00e4\u00e4su. H\u00e4tta sattudes on alati keegi, kes neid aitab ja edasi juhatab. Neil on kindel plaan avastada maailma ja koju tagasi j\u00f5udes k\u00f5igist seiklustest vanaemale r\u00e4\u00e4kida.<\/p>\n<p>Raamatusse sisse vaadata saab <a href=\"https:\/\/fil.ee\/sisu\/Hilda_ja_Kusti_seiklused_esimesed_15lk.pdf\">siin<\/a>.<\/p>\n","protected":false},"excerpt":{"rendered":"<p>20. veebruaril 2026. a. ilmus meie kirjastuselt uus lasteraamat Irene \u00d5mblus &#8220;Hilda ja Kusti seiklused&#8221;. Raamat on k\u00f5vade kaante ja v\u00e4rvilise sisuga. Raamatu m\u00f5\u00f5dud on 174&#215;245 mm, maht 80 lehek\u00fclge. Toimetas Heli Hallik, illustreeris, k\u00fcljendas ja kaaned kujundas Kaie Lilleorg Raamatu tutvustus: Hilda ja Kusti on kaks v\u00e4ikest hiirekest, kes elavad Hiire talus. \u00dchel p\u00e4eval [&hellip;]<\/p>\n","protected":false},"featured_media":2507,"comment_status":"closed","ping_status":"closed","template":"","meta":[],"product_brand":[],"product_cat":[22],"product_tag":[],"class_list":{"0":"post-2506","1":"product","2":"type-product","3":"status-publish","4":"has-post-thumbnail","6":"product_cat-lastele","8":"first","9":"instock","10":"taxable","11":"shipping-taxable","12":"purchasable","13":"product-type-simple"},"_links":{"self":[{"href":"https:\/\/fil.ee\/uus\/wp-json\/wp\/v2\/product\/2506","targetHints":{"allow":["GET"]}}],"collection":[{"href":"https:\/\/fil.ee\/uus\/wp-json\/wp\/v2\/product"}],"about":[{"href":"https:\/\/fil.ee\/uus\/wp-json\/wp\/v2\/types\/product"}],"replies":[{"embeddable":true,"href":"https:\/\/fil.ee\/uus\/wp-json\/wp\/v2\/comments?post=2506"}],"wp:featuredmedia":[{"embeddable":true,"href":"https:\/\/fil.ee\/uus\/wp-json\/wp\/v2\/media\/2507"}],"wp:attachment":[{"href":"https:\/\/fil.ee\/uus\/wp-json\/wp\/v2\/media?parent=2506"}],"wp:term":[{"taxonomy":"product_brand","embeddable":true,"href":"https:\/\/fil.ee\/uus\/wp-json\/wp\/v2\/product_brand?post=2506"},{"taxonomy":"product_cat","embeddable":true,"href":"https:\/\/fil.ee\/uus\/wp-json\/wp\/v2\/product_cat?post=2506"},{"taxonomy":"product_tag","embeddable":true,"href":"https:\/\/fil.ee\/uus\/wp-json\/wp\/v2\/product_tag?post=2506"}],"curies":[{"name":"wp","href":"https:\/\/api.w.org\/{rel}","templated":true}]}}