{"id":2400,"date":"2025-04-14T10:46:51","date_gmt":"2025-04-14T07:46:51","guid":{"rendered":"https:\/\/fil.ee\/uus\/?post_type=product&#038;p=2400"},"modified":"2025-09-20T08:28:09","modified_gmt":"2025-09-20T05:28:09","slug":"lustides-luuletustes","status":"publish","type":"product","link":"https:\/\/fil.ee\/uus\/toode\/lustides-luuletustes\/","title":{"rendered":"Lustides luuletustes"},"content":{"rendered":"<p>14. aprillil 2025. a. ilmus meie kirjastuselt uus raamat Erle M\u00e4gi &#8220;Lustides luuletustes&#8221;. Raamat on k\u00f5vade kaante ja v\u00e4rvilise sisuga. Raamatu m\u00f5\u00f5dud on 200&#215;200 mm, maht 40 lehek\u00fclge. Toimetas Heli Hallik, illustreeris Liina Lippasaar, k\u00fcljendas ja kaaned kujundas Vallo Hallik<\/p>\n<p><strong>Raamatu tutvustus:<br \/>\n<\/strong>S\u00f5brap\u00e4ev, lastekaitsep\u00e4ev, naljap\u00e4ev, suve algus ja paljud teised vahvad t\u00e4htp\u00e4evad muutuvad veelgi toredamaks, kui neid p\u00e4evi saab ilmestada \u00fche laheda luuletuse lugemisega. Luuletused on naljakad, s\u00fcdamlikud ja veidi ka \u00f5petlikud.<br \/>\nLapse k\u00f5ige t\u00e4htsam t\u00f6\u00f6 on ennek\u00f5ike m\u00e4ngimine ning seet\u00f5ttu ei pea end pikkade v\u00e4rsside veerimisega vaevama. Pisikese luuletuse leiab ka p\u00e4ris v\u00e4ike mudilane, sest luuler\u00f5\u00f5m tahab p\u00f5ue pugeda juba esimesi lauseid moodustades.<br \/>\nN\u00fc\u00fcd ongi k\u00e4es see hetk, et avada luuleraamat!<\/p>\n<p>Raamatusse sisse vaadata saab <a href=\"https:\/\/fil.ee\/sisu\/Lustides_luuletustes_esimesed_15lk.pdf\">siin<\/a>.<\/p>\n","protected":false},"excerpt":{"rendered":"<p>14. aprillil 2025. a. ilmus meie kirjastuselt uus raamat Erle M\u00e4gi &#8220;Lustides luuletustes&#8221;. Raamat on k\u00f5vade kaante ja v\u00e4rvilise sisuga. Raamatu m\u00f5\u00f5dud on 200&#215;200 mm, maht 40 lehek\u00fclge. Toimetas Heli Hallik, illustreeris Liina Lippasaar, k\u00fcljendas ja kaaned kujundas Vallo Hallik Raamatu tutvustus: S\u00f5brap\u00e4ev, lastekaitsep\u00e4ev, naljap\u00e4ev, suve algus ja paljud teised vahvad t\u00e4htp\u00e4evad muutuvad veelgi toredamaks, [&hellip;]<\/p>\n","protected":false},"featured_media":2401,"comment_status":"open","ping_status":"closed","template":"","meta":[],"product_brand":[],"product_cat":[22,23],"product_tag":[],"class_list":{"0":"post-2400","1":"product","2":"type-product","3":"status-publish","4":"has-post-thumbnail","6":"product_cat-lastele","7":"product_cat-luule","9":"first","10":"instock","11":"taxable","12":"shipping-taxable","13":"purchasable","14":"product-type-simple"},"_links":{"self":[{"href":"https:\/\/fil.ee\/uus\/wp-json\/wp\/v2\/product\/2400","targetHints":{"allow":["GET"]}}],"collection":[{"href":"https:\/\/fil.ee\/uus\/wp-json\/wp\/v2\/product"}],"about":[{"href":"https:\/\/fil.ee\/uus\/wp-json\/wp\/v2\/types\/product"}],"replies":[{"embeddable":true,"href":"https:\/\/fil.ee\/uus\/wp-json\/wp\/v2\/comments?post=2400"}],"wp:featuredmedia":[{"embeddable":true,"href":"https:\/\/fil.ee\/uus\/wp-json\/wp\/v2\/media\/2401"}],"wp:attachment":[{"href":"https:\/\/fil.ee\/uus\/wp-json\/wp\/v2\/media?parent=2400"}],"wp:term":[{"taxonomy":"product_brand","embeddable":true,"href":"https:\/\/fil.ee\/uus\/wp-json\/wp\/v2\/product_brand?post=2400"},{"taxonomy":"product_cat","embeddable":true,"href":"https:\/\/fil.ee\/uus\/wp-json\/wp\/v2\/product_cat?post=2400"},{"taxonomy":"product_tag","embeddable":true,"href":"https:\/\/fil.ee\/uus\/wp-json\/wp\/v2\/product_tag?post=2400"}],"curies":[{"name":"wp","href":"https:\/\/api.w.org\/{rel}","templated":true}]}}