{"id":2398,"date":"2025-04-14T10:26:08","date_gmt":"2025-04-14T07:26:08","guid":{"rendered":"https:\/\/fil.ee\/uus\/?post_type=product&#038;p=2398"},"modified":"2025-07-15T22:32:17","modified_gmt":"2025-07-15T19:32:17","slug":"ruuduline-mees","status":"publish","type":"product","link":"https:\/\/fil.ee\/uus\/toode\/ruuduline-mees\/","title":{"rendered":"Ruuduline mees"},"content":{"rendered":"<p>14. aprillil 2025. a. ilmus meie kirjastuselt uus luuleraamat Elmo K\u00fcttim &#8220;Ruuduline mees&#8221;. Raamat on k\u00f5vade kaante ja mustvalge sisuga. Raamatu m\u00f5\u00f5dud on 135&#215;205 mm, maht 152 lehek\u00fclge. Toimetas Heli Hallik, k\u00fcljendas ja kaaned kujundas Vallo Hallik<\/p>\n<p><strong>Raamatu tutvustus:<br \/>\n<\/strong>Ruuduline mees on luulekogu, kus loodusluule kohtub armastusluule ja olemeluulega.<br \/>\nSiit saab lugeda nii kolmerealisi kui ka viiesalmilisi luuletusi.<br \/>\nOn kriitikat \u00fchiskonna, poliitika ja mu enda kohta. On r\u00f5\u00f5mu, igatsust ja armastust. Luulekogu pealkiri t\u00e4hendab nii mu enda kui luulekogu eripalgelisust.<br \/>\nJa midagi veel &#8230;<\/p>\n<p>Raamatusse sisse vaadata saab <a href=\"https:\/\/fil.ee\/sisu\/Ruuduline_mees_esimesed_15lk.pdf\">siin<\/a>.<\/p>\n","protected":false},"excerpt":{"rendered":"<p>14. aprillil 2025. a. ilmus meie kirjastuselt uus luuleraamat Elmo K\u00fcttim &#8220;Ruuduline mees&#8221;. Raamat on k\u00f5vade kaante ja mustvalge sisuga. Raamatu m\u00f5\u00f5dud on 135&#215;205 mm, maht 152 lehek\u00fclge. Toimetas Heli Hallik, k\u00fcljendas ja kaaned kujundas Vallo Hallik Raamatu tutvustus: Ruuduline mees on luulekogu, kus loodusluule kohtub armastusluule ja olemeluulega. Siit saab lugeda nii kolmerealisi kui [&hellip;]<\/p>\n","protected":false},"featured_media":2399,"comment_status":"open","ping_status":"closed","template":"","meta":[],"product_brand":[],"product_cat":[23],"product_tag":[],"class_list":{"0":"post-2398","1":"product","2":"type-product","3":"status-publish","4":"has-post-thumbnail","6":"product_cat-luule","8":"first","9":"instock","10":"taxable","11":"shipping-taxable","12":"purchasable","13":"product-type-simple"},"_links":{"self":[{"href":"https:\/\/fil.ee\/uus\/wp-json\/wp\/v2\/product\/2398","targetHints":{"allow":["GET"]}}],"collection":[{"href":"https:\/\/fil.ee\/uus\/wp-json\/wp\/v2\/product"}],"about":[{"href":"https:\/\/fil.ee\/uus\/wp-json\/wp\/v2\/types\/product"}],"replies":[{"embeddable":true,"href":"https:\/\/fil.ee\/uus\/wp-json\/wp\/v2\/comments?post=2398"}],"wp:featuredmedia":[{"embeddable":true,"href":"https:\/\/fil.ee\/uus\/wp-json\/wp\/v2\/media\/2399"}],"wp:attachment":[{"href":"https:\/\/fil.ee\/uus\/wp-json\/wp\/v2\/media?parent=2398"}],"wp:term":[{"taxonomy":"product_brand","embeddable":true,"href":"https:\/\/fil.ee\/uus\/wp-json\/wp\/v2\/product_brand?post=2398"},{"taxonomy":"product_cat","embeddable":true,"href":"https:\/\/fil.ee\/uus\/wp-json\/wp\/v2\/product_cat?post=2398"},{"taxonomy":"product_tag","embeddable":true,"href":"https:\/\/fil.ee\/uus\/wp-json\/wp\/v2\/product_tag?post=2398"}],"curies":[{"name":"wp","href":"https:\/\/api.w.org\/{rel}","templated":true}]}}