{"id":2355,"date":"2024-12-03T09:01:16","date_gmt":"2024-12-03T07:01:16","guid":{"rendered":"https:\/\/fil.ee\/uus\/?post_type=product&#038;p=2355"},"modified":"2025-09-16T08:40:04","modified_gmt":"2025-09-16T05:40:04","slug":"suhestu-mine-teel-olles","status":"publish","type":"product","link":"https:\/\/fil.ee\/uus\/toode\/suhestu-mine-teel-olles\/","title":{"rendered":"Suhestu\/mine teel olles"},"content":{"rendered":"<p style=\"text-align: justify;\">3. detsembril 2024. a. ilmus meie kirjastuselt uus luuleraamat Malle M\u00f6lder &#8220;Suhestu\/mine teel olles&#8221;. Raamat on k\u00f5vade kaante ja mustvalge sisuga. Raamatu m\u00f5\u00f5dud on 129&#215;200 mm, maht 120 lehek\u00fclge. Toimetas Leonora Palu, k\u00fcljendas ja kaaned kujundas Vallo Hallik<\/p>\n<p style=\"text-align: justify;\"><strong>Raamatu tutvustus:<\/strong><\/p>\n<p style=\"text-align: justify;\">TREPP<\/p>\n<p style=\"text-align: justify;\">Sel trepil astmeid l\u00f5putumal hulgal<br \/>\nei m\u00f5elda tea kus inimv\u00f5imetel on piir<br \/>\nsiin seisjaid muidu tammujaid on ootel<br \/>\nja otsijaid kel olla siin vaid viiv<\/p>\n<p style=\"text-align: justify;\">neil astmeil allapoole minekut ei ole<br \/>\nei kaotuski saa otsijale s\u00fc\u00fcks<br \/>\nkui p\u00fc\u00fcdlev vaim mis tipu poole r\u00fchib<br \/>\nsaab p\u00fcrgijale n\u00e4htamatuks r\u00fc\u00fcks<\/p>\n<p style=\"text-align: justify;\">kes otsimises vastuse on leidnud<br \/>\nkes \u00e4ratundmiseni enesesse sai<br \/>\nsel luba t\u00f5usta \u00fche astme v\u00f5rra<br \/>\nja mitte rohkem korraga \u2013 nii vaid<\/p>\n<p style=\"text-align: justify;\">Autori erialaks on muusika\u00f5petus, muusikateraapia ja p\u00e4rimusmuusika pilli\u00f5petus.<\/p>\n<p>Raamatusse sisse vaadata saab <a href=\"https:\/\/fil.ee\/sisu\/Suhestumine_teel_olles_esimesed_15lk.pdf\">siin<\/a>.<\/p>\n","protected":false},"excerpt":{"rendered":"<p>3. detsembril 2024. a. ilmus meie kirjastuselt uus luuleraamat Malle M\u00f6lder &#8220;Suhestu\/mine teel olles&#8221;. Raamat on k\u00f5vade kaante ja mustvalge sisuga. Raamatu m\u00f5\u00f5dud on 129&#215;200 mm, maht 120 lehek\u00fclge. Toimetas Leonora Palu, k\u00fcljendas ja kaaned kujundas Vallo Hallik Raamatu tutvustus: TREPP Sel trepil astmeid l\u00f5putumal hulgal ei m\u00f5elda tea kus inimv\u00f5imetel on piir siin seisjaid [&hellip;]<\/p>\n","protected":false},"featured_media":2356,"comment_status":"open","ping_status":"closed","template":"","meta":[],"product_brand":[],"product_cat":[23],"product_tag":[],"class_list":{"0":"post-2355","1":"product","2":"type-product","3":"status-publish","4":"has-post-thumbnail","6":"product_cat-luule","8":"first","9":"instock","10":"taxable","11":"shipping-taxable","12":"purchasable","13":"product-type-simple"},"_links":{"self":[{"href":"https:\/\/fil.ee\/uus\/wp-json\/wp\/v2\/product\/2355","targetHints":{"allow":["GET"]}}],"collection":[{"href":"https:\/\/fil.ee\/uus\/wp-json\/wp\/v2\/product"}],"about":[{"href":"https:\/\/fil.ee\/uus\/wp-json\/wp\/v2\/types\/product"}],"replies":[{"embeddable":true,"href":"https:\/\/fil.ee\/uus\/wp-json\/wp\/v2\/comments?post=2355"}],"wp:featuredmedia":[{"embeddable":true,"href":"https:\/\/fil.ee\/uus\/wp-json\/wp\/v2\/media\/2356"}],"wp:attachment":[{"href":"https:\/\/fil.ee\/uus\/wp-json\/wp\/v2\/media?parent=2355"}],"wp:term":[{"taxonomy":"product_brand","embeddable":true,"href":"https:\/\/fil.ee\/uus\/wp-json\/wp\/v2\/product_brand?post=2355"},{"taxonomy":"product_cat","embeddable":true,"href":"https:\/\/fil.ee\/uus\/wp-json\/wp\/v2\/product_cat?post=2355"},{"taxonomy":"product_tag","embeddable":true,"href":"https:\/\/fil.ee\/uus\/wp-json\/wp\/v2\/product_tag?post=2355"}],"curies":[{"name":"wp","href":"https:\/\/api.w.org\/{rel}","templated":true}]}}