{"id":2349,"date":"2024-11-27T15:31:24","date_gmt":"2024-11-27T13:31:24","guid":{"rendered":"https:\/\/fil.ee\/uus\/?post_type=product&#038;p=2349"},"modified":"2025-09-12T16:46:55","modified_gmt":"2025-09-12T13:46:55","slug":"ma-olen-hea","status":"publish","type":"product","link":"https:\/\/fil.ee\/uus\/toode\/ma-olen-hea\/","title":{"rendered":"Ma olen hea"},"content":{"rendered":"<p>24. novembril 2024. a. ilmus Maria Lepmaa &#8220;Ma olen hea&#8221; 55 inspireerivat kaarti lastele.<br \/>\nVahvad ja m\u00e4ngulised kaardid kannavad inspireerivaid, igap\u00e4evaseid positiivseid s\u00f5numeid, mis aitavad lastel end v\u00e4\u00e4rtuslikuna tunda ja toetavad nende enesehinnangut. Iga kaart on julgustava s\u00f5numiga r\u00f5\u00f5mu t\u00e4is. Need kaardid on kui toetavad s\u00f5brad, mis tunnustavad ja tuletavad meelde, et iga\u00fcks meist on eriline.<br \/>\nKaartide eesm\u00e4rk on t\u00f5sta laste enesehinnangut ja eneseusku. M\u00f5jutada positiivselt nende m\u00f5tteviisi. Kaardid aitavad lastel m\u00f5ista, et nad on v\u00f5imekad ja innustavad looma positiivsust enda \u00fcmber. Kaunid illustratsioonid tegi Merle Laht, kelle r\u00f5\u00f5msav\u00e4rvilised kujundused k\u00f6idavad laste t\u00e4helepanu ja toovad naeratuse n\u00e4ole.<br \/>\nT\u00e4iuslik kingitus. Need kaardid sobivad ideaalselt s\u00fcnnip\u00e4evadeks, j\u00f5uludeks v\u00f5i lihtsalt \u00fcllatuseks. Kingi oma v\u00f5i s\u00f5bra lastele midagi eriliselt v\u00e4\u00e4rtuslikku, mis innustab ja toetab nende arengut!<\/p>\n<p>Vaata l\u00e4hemalt <a href=\"https:\/\/fil.ee\/sisu\/55_inspireerivat_kaarti.pdf\">siin<\/a>.<\/p>\n","protected":false},"excerpt":{"rendered":"<p>24. novembril 2024. a. ilmus Maria Lepmaa &#8220;Ma olen hea&#8221; 55 inspireerivat kaarti lastele. Vahvad ja m\u00e4ngulised kaardid kannavad inspireerivaid, igap\u00e4evaseid positiivseid s\u00f5numeid, mis aitavad lastel end v\u00e4\u00e4rtuslikuna tunda ja toetavad nende enesehinnangut. Iga kaart on julgustava s\u00f5numiga r\u00f5\u00f5mu t\u00e4is. Need kaardid on kui toetavad s\u00f5brad, mis tunnustavad ja tuletavad meelde, et iga\u00fcks meist on [&hellip;]<\/p>\n","protected":false},"featured_media":2350,"comment_status":"open","ping_status":"closed","template":"","meta":[],"product_brand":[],"product_cat":[292],"product_tag":[],"class_list":{"0":"post-2349","1":"product","2":"type-product","3":"status-publish","4":"has-post-thumbnail","6":"product_cat-lauamangud","8":"first","9":"instock","10":"taxable","11":"shipping-taxable","12":"purchasable","13":"product-type-simple"},"_links":{"self":[{"href":"https:\/\/fil.ee\/uus\/wp-json\/wp\/v2\/product\/2349","targetHints":{"allow":["GET"]}}],"collection":[{"href":"https:\/\/fil.ee\/uus\/wp-json\/wp\/v2\/product"}],"about":[{"href":"https:\/\/fil.ee\/uus\/wp-json\/wp\/v2\/types\/product"}],"replies":[{"embeddable":true,"href":"https:\/\/fil.ee\/uus\/wp-json\/wp\/v2\/comments?post=2349"}],"wp:featuredmedia":[{"embeddable":true,"href":"https:\/\/fil.ee\/uus\/wp-json\/wp\/v2\/media\/2350"}],"wp:attachment":[{"href":"https:\/\/fil.ee\/uus\/wp-json\/wp\/v2\/media?parent=2349"}],"wp:term":[{"taxonomy":"product_brand","embeddable":true,"href":"https:\/\/fil.ee\/uus\/wp-json\/wp\/v2\/product_brand?post=2349"},{"taxonomy":"product_cat","embeddable":true,"href":"https:\/\/fil.ee\/uus\/wp-json\/wp\/v2\/product_cat?post=2349"},{"taxonomy":"product_tag","embeddable":true,"href":"https:\/\/fil.ee\/uus\/wp-json\/wp\/v2\/product_tag?post=2349"}],"curies":[{"name":"wp","href":"https:\/\/api.w.org\/{rel}","templated":true}]}}