{"id":2305,"date":"2024-10-07T13:07:45","date_gmt":"2024-10-07T10:07:45","guid":{"rendered":"https:\/\/fil.ee\/uus\/?post_type=product&#038;p=2305"},"modified":"2026-04-04T15:11:38","modified_gmt":"2026-04-04T12:11:38","slug":"janesepojad-paula-prints-ja-tintsu","status":"publish","type":"product","link":"https:\/\/fil.ee\/uus\/toode\/janesepojad-paula-prints-ja-tintsu\/","title":{"rendered":"J\u00e4nesepojad Paula, Prints ja Tintsu"},"content":{"rendered":"<p style=\"text-align: justify;\">7. oktoobril 2024. a. ilmus meie kirjastuselt uus lasteraamat Maria Lepmaa &#8220;J\u00e4nesepojad Paula, Prints ja Tintsu&#8221;. Raamat on k\u00f5vade kaante ja v\u00e4rvilise sisuga. Raamatu m\u00f5\u00f5dud on 200&#215;200 mm, maht 32 lehek\u00fclge. Toimetas Irene \u00d5mblus, illustreeris Merle Laht,\u00fckljendas ja kaaned kujundas Vallo Hallik<\/p>\n<p style=\"text-align: justify;\"><strong>Raamatu tutvustus:<br \/>\n<\/strong>Paula, Prints ja Tintsu on kolm vahvat j\u00e4nesepoega. Nad elavad koos emmega suures puuris, mis asub \u00f5ues. Neile meeldib m\u00fcrada ja porgandeid n\u00e4rida. J\u00e4nkud on v\u00e4ga uudishimulikud ja piiluvad puurist v\u00e4lja.<br \/>\nKellega nad kohtuvad ja kes neid t\u00fc\u00fctavad, on kirjas selles raamatus.<\/p>\n<p>Raamatusse sisse vaadata saab <a href=\"https:\/\/fil.ee\/sisu\/Janesepojad_Paula_Prints_ja_Tintsu_esimesed_15lk.pdf\">siin<\/a>.<\/p>\n","protected":false},"excerpt":{"rendered":"<p>7. oktoobril 2024. a. ilmus meie kirjastuselt uus lasteraamat Maria Lepmaa &#8220;J\u00e4nesepojad Paula, Prints ja Tintsu&#8221;. Raamat on k\u00f5vade kaante ja v\u00e4rvilise sisuga. Raamatu m\u00f5\u00f5dud on 200&#215;200 mm, maht 32 lehek\u00fclge. Toimetas Irene \u00d5mblus, illustreeris Merle Laht,\u00fckljendas ja kaaned kujundas Vallo Hallik Raamatu tutvustus: Paula, Prints ja Tintsu on kolm vahvat j\u00e4nesepoega. Nad elavad koos [&hellip;]<\/p>\n","protected":false},"featured_media":2306,"comment_status":"open","ping_status":"closed","template":"","meta":[],"product_brand":[],"product_cat":[22],"product_tag":[],"class_list":{"0":"post-2305","1":"product","2":"type-product","3":"status-publish","4":"has-post-thumbnail","6":"product_cat-lastele","8":"first","9":"instock","10":"taxable","11":"shipping-taxable","12":"purchasable","13":"product-type-simple"},"_links":{"self":[{"href":"https:\/\/fil.ee\/uus\/wp-json\/wp\/v2\/product\/2305","targetHints":{"allow":["GET"]}}],"collection":[{"href":"https:\/\/fil.ee\/uus\/wp-json\/wp\/v2\/product"}],"about":[{"href":"https:\/\/fil.ee\/uus\/wp-json\/wp\/v2\/types\/product"}],"replies":[{"embeddable":true,"href":"https:\/\/fil.ee\/uus\/wp-json\/wp\/v2\/comments?post=2305"}],"wp:featuredmedia":[{"embeddable":true,"href":"https:\/\/fil.ee\/uus\/wp-json\/wp\/v2\/media\/2306"}],"wp:attachment":[{"href":"https:\/\/fil.ee\/uus\/wp-json\/wp\/v2\/media?parent=2305"}],"wp:term":[{"taxonomy":"product_brand","embeddable":true,"href":"https:\/\/fil.ee\/uus\/wp-json\/wp\/v2\/product_brand?post=2305"},{"taxonomy":"product_cat","embeddable":true,"href":"https:\/\/fil.ee\/uus\/wp-json\/wp\/v2\/product_cat?post=2305"},{"taxonomy":"product_tag","embeddable":true,"href":"https:\/\/fil.ee\/uus\/wp-json\/wp\/v2\/product_tag?post=2305"}],"curies":[{"name":"wp","href":"https:\/\/api.w.org\/{rel}","templated":true}]}}