{"id":2296,"date":"2024-09-26T00:16:19","date_gmt":"2024-09-25T21:16:19","guid":{"rendered":"https:\/\/fil.ee\/uus\/?post_type=product&#038;p=2296"},"modified":"2025-07-15T22:35:59","modified_gmt":"2025-07-15T19:35:59","slug":"maa-ja-taeva-vahel-ma-julgen-elada","status":"publish","type":"product","link":"https:\/\/fil.ee\/uus\/toode\/maa-ja-taeva-vahel-ma-julgen-elada\/","title":{"rendered":"Maa ja taeva vahel. Ma julgen &#8230; elada"},"content":{"rendered":"<p style=\"text-align: justify;\">26. septembril 2024. a. ilmus meie kirjastuselt uus raamat Marianne Suurmaa &#8220;Maa ja taeva vahel. Ma julgen &#8230; elada&#8221;. Raamat on pehmete kaante ja mustvalge sisuga, kuid raamatu keskel on 16 lk v\u00e4rviline pildiplokk. Raamatu m\u00f5\u00f5dud on 148&#215;210 mm, maht 320 lehek\u00fclge. Toimetasid S. Rattiste ja Saale Kareda, k\u00fcljendas ja kaaned kujundas Jaan Lehismets<\/p>\n<p style=\"text-align: justify;\"><strong>Raamatu tutvustus:<br \/>\n<\/strong>\u201eMAA JA TAEVA VAHEL. Ma julgen&#8230; elada!\u201d j\u00e4tkab sealt, kus eelmine lugu \u201eMinu Saksamaa. Kirju lapitekk\u201c (Petrone Print, 2016) pooleli j\u00e4i. K\u00e4esolev raamat keskendub n\u00fc\u00fcdseks juba k\u00fcpsema naise isiklikule loole \u2013 mis sai edasi? Siin on juttu nii eneses kui paarisuhtes tasakaalu otsimisest ja leidmisest ning sellest, kas on v\u00f5imalik alati leida k\u00f5igile sobivaid lahendusi. Eestisse tagasi tulemisest ja sellest, kui kerge v\u00f5i keeruline see on p\u00e4rast mitut aastat v\u00f5\u00f5rsil elamist. Kolimisest V\u00f5rumaale (maale elama!), oma juurte ja identiteedi otsimisest, kogukonnaelust, vabaharidusest, j\u00e4tkusuutlikust \u00fchiskonnast, uusvaimsusest ja selle varjupoolest &#8230; Saladuslikust \u00dcrgnaisest, tantrast ja inimsuhetest. Samas j\u00e4tkub (armastus)lugu Saksamaaga. Kas ja kuidas on v\u00f5imalik elada pereelu ja hoida suhet 2000 km kauguselt? Pildikesed \u00fche eesti naise elust ja lood, mis end lugejale avavad: neid v\u00f5ib v\u00f5rrelda justkui k\u00f6ielk\u00f5nniga, kus nii sageli \u2013 k\u00f5ikudes Maa ja Taeva vahel \u2013 on v\u00f5imalik ette n\u00e4ha vaid \u00fcks samm ning ainus asi, mida (saab) teha, on tasakaalu hoida, et mitte kuristikku kukkuda. Kas ja kuidas see autoril \u00f5nnestub, v\u00f5ib lugeda raamatust.<\/p>\n<p>Raamatusse sisse vaadata saab <a href=\"https:\/\/fil.ee\/sisu\/maa_ja_taeva_vahel_1-15.pdf\">siin<\/a>.<\/p>\n","protected":false},"excerpt":{"rendered":"<p>26. septembril 2024. a. ilmus meie kirjastuselt uus raamat Marianne Suurmaa &#8220;Maa ja taeva vahel. Ma julgen &#8230; elada&#8221;. Raamat on pehmete kaante ja mustvalge sisuga, kuid raamatu keskel on 16 lk v\u00e4rviline pildiplokk. Raamatu m\u00f5\u00f5dud on 148&#215;210 mm, maht 320 lehek\u00fclge. Toimetasid S. Rattiste ja Saale Kareda, k\u00fcljendas ja kaaned kujundas Jaan Lehismets Raamatu [&hellip;]<\/p>\n","protected":false},"featured_media":2297,"comment_status":"open","ping_status":"closed","template":"","meta":[],"product_brand":[],"product_cat":[19],"product_tag":[],"class_list":{"0":"post-2296","1":"product","2":"type-product","3":"status-publish","4":"has-post-thumbnail","6":"product_cat-ilukirjandus","8":"first","9":"instock","10":"taxable","11":"shipping-taxable","12":"purchasable","13":"product-type-simple"},"_links":{"self":[{"href":"https:\/\/fil.ee\/uus\/wp-json\/wp\/v2\/product\/2296","targetHints":{"allow":["GET"]}}],"collection":[{"href":"https:\/\/fil.ee\/uus\/wp-json\/wp\/v2\/product"}],"about":[{"href":"https:\/\/fil.ee\/uus\/wp-json\/wp\/v2\/types\/product"}],"replies":[{"embeddable":true,"href":"https:\/\/fil.ee\/uus\/wp-json\/wp\/v2\/comments?post=2296"}],"wp:featuredmedia":[{"embeddable":true,"href":"https:\/\/fil.ee\/uus\/wp-json\/wp\/v2\/media\/2297"}],"wp:attachment":[{"href":"https:\/\/fil.ee\/uus\/wp-json\/wp\/v2\/media?parent=2296"}],"wp:term":[{"taxonomy":"product_brand","embeddable":true,"href":"https:\/\/fil.ee\/uus\/wp-json\/wp\/v2\/product_brand?post=2296"},{"taxonomy":"product_cat","embeddable":true,"href":"https:\/\/fil.ee\/uus\/wp-json\/wp\/v2\/product_cat?post=2296"},{"taxonomy":"product_tag","embeddable":true,"href":"https:\/\/fil.ee\/uus\/wp-json\/wp\/v2\/product_tag?post=2296"}],"curies":[{"name":"wp","href":"https:\/\/api.w.org\/{rel}","templated":true}]}}