{"id":2286,"date":"2024-09-13T10:00:49","date_gmt":"2024-09-13T07:00:49","guid":{"rendered":"https:\/\/fil.ee\/uus\/?post_type=product&#038;p=2286"},"modified":"2025-07-15T22:37:47","modified_gmt":"2025-07-15T19:37:47","slug":"uefa-meistrite-liiga-meeskondade-logod-2024-2025-varvimise-ja-teadmiste-raamat","status":"publish","type":"product","link":"https:\/\/fil.ee\/uus\/toode\/uefa-meistrite-liiga-meeskondade-logod-2024-2025-varvimise-ja-teadmiste-raamat\/","title":{"rendered":"UEFA meistrite liiga meeskondade logod 2024-2025. V\u00e4rvimise ja teadmiste raamat"},"content":{"rendered":"<p>13. septembril 2024. a. ilmus meie kirjastuselt uus teadmiste ja v\u00e4rvimise raamat &#8220;UEFA meistrite liiga meeskondade logod 2024-2025. V\u00e4rvimise ja teadmiste raamat&#8221;, mille koostas Vallo Hallik. Raamat on pehmete kaante ja mustvalge sisuga. Raamatu m\u00f5\u00f5dud on 240&#215;170 mm, maht 20 lehek\u00fclge. K\u00fcljendas ja kaaned kujundas Vallo Hallik<\/p>\n<p><strong>Raamatu tutvustus:<br \/>\n<\/strong>Kas sa teadsid, et &#8230;<br \/>\nturniirilt v\u00f5tab osa 36 meeskonda 16 riigist<br \/>\nsuurim staadion on BARCELONA staadion SPOTIFY CAMP NOU, mis on 99354-kohaline<br \/>\nv\u00e4ikseim on 14 624-kohaline GIRONA FC staadion<br \/>\nnoorim osalev klubi asutati 2009. aastal ja see on RB LEIPZIG<br \/>\nvanim klubi asutati 1874. aastal ja see on ASTON VILLA<br \/>\nenim kordi on v\u00f5itnud REAL MADRID CF 15 korda, 0 v\u00f5itu on koguni 21 v\u00f5istkonnal<br \/>\noma riigi meistriks on enim kordi tulnud CELTIC FC, koguni 54 korda<\/p>\n<p>Raamatusse sisse vaadata saab <a href=\"https:\/\/fil.ee\/sisu\/meistrite_liiga-2024-2025_esimesed_15lk.pdf\">siin<\/a>.<\/p>\n","protected":false},"excerpt":{"rendered":"<p>13. septembril 2024. a. ilmus meie kirjastuselt uus teadmiste ja v\u00e4rvimise raamat &#8220;UEFA meistrite liiga meeskondade logod 2024-2025. V\u00e4rvimise ja teadmiste raamat&#8221;, mille koostas Vallo Hallik. Raamat on pehmete kaante ja mustvalge sisuga. Raamatu m\u00f5\u00f5dud on 240&#215;170 mm, maht 20 lehek\u00fclge. K\u00fcljendas ja kaaned kujundas Vallo Hallik Raamatu tutvustus: Kas sa teadsid, et &#8230; turniirilt [&hellip;]<\/p>\n","protected":false},"featured_media":2287,"comment_status":"open","ping_status":"closed","template":"","meta":[],"product_brand":[],"product_cat":[284,22,288],"product_tag":[],"class_list":{"0":"post-2286","1":"product","2":"type-product","3":"status-publish","4":"has-post-thumbnail","6":"product_cat-kasiraamat","7":"product_cat-lastele","8":"product_cat-noortele","10":"first","11":"instock","12":"sale","13":"taxable","14":"shipping-taxable","15":"purchasable","16":"product-type-simple"},"_links":{"self":[{"href":"https:\/\/fil.ee\/uus\/wp-json\/wp\/v2\/product\/2286","targetHints":{"allow":["GET"]}}],"collection":[{"href":"https:\/\/fil.ee\/uus\/wp-json\/wp\/v2\/product"}],"about":[{"href":"https:\/\/fil.ee\/uus\/wp-json\/wp\/v2\/types\/product"}],"replies":[{"embeddable":true,"href":"https:\/\/fil.ee\/uus\/wp-json\/wp\/v2\/comments?post=2286"}],"wp:featuredmedia":[{"embeddable":true,"href":"https:\/\/fil.ee\/uus\/wp-json\/wp\/v2\/media\/2287"}],"wp:attachment":[{"href":"https:\/\/fil.ee\/uus\/wp-json\/wp\/v2\/media?parent=2286"}],"wp:term":[{"taxonomy":"product_brand","embeddable":true,"href":"https:\/\/fil.ee\/uus\/wp-json\/wp\/v2\/product_brand?post=2286"},{"taxonomy":"product_cat","embeddable":true,"href":"https:\/\/fil.ee\/uus\/wp-json\/wp\/v2\/product_cat?post=2286"},{"taxonomy":"product_tag","embeddable":true,"href":"https:\/\/fil.ee\/uus\/wp-json\/wp\/v2\/product_tag?post=2286"}],"curies":[{"name":"wp","href":"https:\/\/api.w.org\/{rel}","templated":true}]}}