{"id":2252,"date":"2024-06-17T10:04:31","date_gmt":"2024-06-17T07:04:31","guid":{"rendered":"https:\/\/fil.ee\/uus\/?post_type=product&#038;p=2252"},"modified":"2025-07-15T22:37:24","modified_gmt":"2025-07-15T19:37:24","slug":"tulemees","status":"publish","type":"product","link":"https:\/\/fil.ee\/uus\/toode\/tulemees\/","title":{"rendered":"Tulemees"},"content":{"rendered":"<p style=\"text-align: justify;\">17. juunil 2024. a. ilmus meie kirjastuselt uus raamat Liina Ernesaks &#8220;Tulemees&#8221;. Raamat on pehmete kaante ja mustvalge sisuga. Raamatu m\u00f5\u00f5dud on 148&#215;210 mm, maht 192 lehek\u00fclge. Toimetas Irene \u00d5mblus, k\u00fcljendas ja kaaned kujundas Vallo Hallik<\/p>\n<p style=\"text-align: justify;\"><strong>Raamatu tutvustus:<br \/>\n<\/strong>Lugusid on maailmas palju, oska neid ainult n\u00e4ha ja \u00fcles korjata. See lugu, mida Sa, armas lugeja, hetkel k\u00e4es hoiad, on \u00fche armastuse lugu. Keskeale l\u00e4henev mees on kaotanud usu armastuse olemasolusse ja on kindel, et seda ei tule tema ellu kunagi. Siis aga ilmub unisesse rannak\u00fclla noor ettev\u00f5tlik naine ning lootus, mis oli peaaegu kustunud, t\u00e4rkab taas. Asjad hakkavad juhtuma ja meeldivad juhused toovad kaks \u00fcksikut s\u00fcdant \u00fcha uuesti kokku.<\/p>\n<p>Raamatusse sisse vaadata saab <a href=\"https:\/\/fil.ee\/sisu\/Tulemees_esimesed_15lk.pdf\">siin<\/a>.<\/p>\n","protected":false},"excerpt":{"rendered":"<p>17. juunil 2024. a. ilmus meie kirjastuselt uus raamat Liina Ernesaks &#8220;Tulemees&#8221;. Raamat on pehmete kaante ja mustvalge sisuga. Raamatu m\u00f5\u00f5dud on 148&#215;210 mm, maht 192 lehek\u00fclge. Toimetas Irene \u00d5mblus, k\u00fcljendas ja kaaned kujundas Vallo Hallik Raamatu tutvustus: Lugusid on maailmas palju, oska neid ainult n\u00e4ha ja \u00fcles korjata. See lugu, mida Sa, armas lugeja, [&hellip;]<\/p>\n","protected":false},"featured_media":2253,"comment_status":"open","ping_status":"closed","template":"","meta":[],"product_brand":[],"product_cat":[19],"product_tag":[],"class_list":{"0":"post-2252","1":"product","2":"type-product","3":"status-publish","4":"has-post-thumbnail","6":"product_cat-ilukirjandus","8":"first","9":"instock","10":"taxable","11":"shipping-taxable","12":"purchasable","13":"product-type-simple"},"_links":{"self":[{"href":"https:\/\/fil.ee\/uus\/wp-json\/wp\/v2\/product\/2252","targetHints":{"allow":["GET"]}}],"collection":[{"href":"https:\/\/fil.ee\/uus\/wp-json\/wp\/v2\/product"}],"about":[{"href":"https:\/\/fil.ee\/uus\/wp-json\/wp\/v2\/types\/product"}],"replies":[{"embeddable":true,"href":"https:\/\/fil.ee\/uus\/wp-json\/wp\/v2\/comments?post=2252"}],"wp:featuredmedia":[{"embeddable":true,"href":"https:\/\/fil.ee\/uus\/wp-json\/wp\/v2\/media\/2253"}],"wp:attachment":[{"href":"https:\/\/fil.ee\/uus\/wp-json\/wp\/v2\/media?parent=2252"}],"wp:term":[{"taxonomy":"product_brand","embeddable":true,"href":"https:\/\/fil.ee\/uus\/wp-json\/wp\/v2\/product_brand?post=2252"},{"taxonomy":"product_cat","embeddable":true,"href":"https:\/\/fil.ee\/uus\/wp-json\/wp\/v2\/product_cat?post=2252"},{"taxonomy":"product_tag","embeddable":true,"href":"https:\/\/fil.ee\/uus\/wp-json\/wp\/v2\/product_tag?post=2252"}],"curies":[{"name":"wp","href":"https:\/\/api.w.org\/{rel}","templated":true}]}}