{"id":2240,"date":"2024-04-17T00:18:26","date_gmt":"2024-04-16T21:18:26","guid":{"rendered":"https:\/\/fil.ee\/uus\/?post_type=product&#038;p=2240"},"modified":"2025-07-15T22:48:25","modified_gmt":"2025-07-15T19:48:25","slug":"hiireke-piiks-ja-konnake-krooks","status":"publish","type":"product","link":"https:\/\/fil.ee\/uus\/toode\/hiireke-piiks-ja-konnake-krooks\/","title":{"rendered":"Hiireke Piiks ja konnake Krooks"},"content":{"rendered":"<p>17. aprillil aastal 2024 ilmus meie kirjastuselt uus lasteraamat TIia P\u00e4rnaste &#8220;Hiireke Piiks ja konnake Krooks&#8221;. Raamat on k\u00f5vade kaante ja v\u00e4rvilise sisuga. Raamatu m\u00f5\u00f5dud on 170&#215;240 mm, maht 48 lehek\u00fclge. Toimetas Heli Hallik, illustreeris Krislin Jalakas, k\u00fcljendas ja kaaned kujundas Vallo Hallik<\/p>\n<p><strong>Raamatu tutvustus:<br \/>\n<\/strong>Raamatus palju luulelugusid on,<br \/>\nseal Piiks-hiireke ja Krooks-konn.<br \/>\nSelles vahvas raamatus tegutsevad ja toimetavad igas loos<br \/>\nloomad, linnud, putukad ja mutukad s\u00f5bralikult koos.<\/p>\n<p>Raamatusse sisse vaadata saab <a href=\"https:\/\/fil.ee\/sisu\/Hiireke_Piiks_ja_konnake_Krooks_esimesed_15lk.pdf\">siin<\/a>.<\/p>\n","protected":false},"excerpt":{"rendered":"<p>17. aprillil aastal 2024 ilmus meie kirjastuselt uus lasteraamat TIia P\u00e4rnaste &#8220;Hiireke Piiks ja konnake Krooks&#8221;. Raamat on k\u00f5vade kaante ja v\u00e4rvilise sisuga. Raamatu m\u00f5\u00f5dud on 170&#215;240 mm, maht 48 lehek\u00fclge. Toimetas Heli Hallik, illustreeris Krislin Jalakas, k\u00fcljendas ja kaaned kujundas Vallo Hallik Raamatu tutvustus: Raamatus palju luulelugusid on, seal Piiks-hiireke ja Krooks-konn. Selles vahvas [&hellip;]<\/p>\n","protected":false},"featured_media":2241,"comment_status":"open","ping_status":"closed","template":"","meta":[],"product_brand":[],"product_cat":[22,23],"product_tag":[],"class_list":{"0":"post-2240","1":"product","2":"type-product","3":"status-publish","4":"has-post-thumbnail","6":"product_cat-lastele","7":"product_cat-luule","9":"first","10":"instock","11":"taxable","12":"shipping-taxable","13":"purchasable","14":"product-type-simple"},"_links":{"self":[{"href":"https:\/\/fil.ee\/uus\/wp-json\/wp\/v2\/product\/2240","targetHints":{"allow":["GET"]}}],"collection":[{"href":"https:\/\/fil.ee\/uus\/wp-json\/wp\/v2\/product"}],"about":[{"href":"https:\/\/fil.ee\/uus\/wp-json\/wp\/v2\/types\/product"}],"replies":[{"embeddable":true,"href":"https:\/\/fil.ee\/uus\/wp-json\/wp\/v2\/comments?post=2240"}],"wp:featuredmedia":[{"embeddable":true,"href":"https:\/\/fil.ee\/uus\/wp-json\/wp\/v2\/media\/2241"}],"wp:attachment":[{"href":"https:\/\/fil.ee\/uus\/wp-json\/wp\/v2\/media?parent=2240"}],"wp:term":[{"taxonomy":"product_brand","embeddable":true,"href":"https:\/\/fil.ee\/uus\/wp-json\/wp\/v2\/product_brand?post=2240"},{"taxonomy":"product_cat","embeddable":true,"href":"https:\/\/fil.ee\/uus\/wp-json\/wp\/v2\/product_cat?post=2240"},{"taxonomy":"product_tag","embeddable":true,"href":"https:\/\/fil.ee\/uus\/wp-json\/wp\/v2\/product_tag?post=2240"}],"curies":[{"name":"wp","href":"https:\/\/api.w.org\/{rel}","templated":true}]}}