{"id":2219,"date":"2024-02-01T11:26:17","date_gmt":"2024-02-01T09:26:17","guid":{"rendered":"https:\/\/fil.ee\/uus\/?post_type=product&#038;p=2219"},"modified":"2025-07-15T22:49:20","modified_gmt":"2025-07-15T19:49:20","slug":"roovitud-vabadus","status":"publish","type":"product","link":"https:\/\/fil.ee\/uus\/toode\/roovitud-vabadus\/","title":{"rendered":"R\u00f6\u00f6vitud vabadus"},"content":{"rendered":"<p>01. veebruaril 2024. aastal ilmus meie kirjastuselt uus raamat, Kaie Rang &#8220;R\u00f6\u00f6vitud vabadus&#8221;. Raamat on pehmete kaante ja mustvalge sisuga. Raamatu m\u00f5\u00f5dud on 148x210mm, maht 280 lehek\u00fclge. Toimetaja Heli Hallik, kaante kujundaja Kaie Rang ja k\u00fcljendaja Vallo Hallik<\/p>\n<p style=\"text-align: justify;\"><strong>Raamatu tutvustus:<br \/>\n<\/strong>Peategelasel Kirsikal on id\u00fclliline elu \u2013 oma maja ja hoov, mees ja imeline v\u00e4ike t\u00fctar. \u00dchel hommikul p\u00f6\u00f6ratakse aga kogu Kirsika senine elu peapeale kui tema koju marsivad tundmatud s\u00f5jav\u00e4elased, korraldades korraliku kaose. Kirsika, kes sel hommikul elab l\u00e4bi totaalse \u00f5udusunen\u00e4o, viiakse s\u00f5jav\u00e4elaste poolt kaasa teadmata suunas. Kirsika avastab end tundmatust angaarist, mis on t\u00e4is s\u00f5jav\u00e4elasi, kes valvavad sellesse angaari veetud inimvange. Vangidel ei ole v\u00e4himatki aimdust ,miks neid sinna toodi, mida kavatsetakse nendega teha ja mis saab neist edasi. Kirsika, olles selles p\u00e4evin\u00e4inud angaaris l\u00f5ksus, kohtab vangide seas aga \u00fcht \u00fcllatavat isikut, kelle n\u00e4gemine paiskab tema sisemaailma veel enam segi.<br \/>\nMiks s\u00f5jav\u00e4elased r\u00f6\u00f6vivad inimesi?<br \/>\nMis hakkab toimuma angaaris r\u00f6\u00f6vitud vangidega?<br \/>\nKes on see, keda Kirsika vangistuses kohtab ja miks see isik kogu Kirsika senise sisemaailma pahupidi paiskab?<br \/>\nMis hakkab toimuma Kirsika ja kohatud isiku vahel?<br \/>\nJa kas julm ning ulmeline p\u00f5hjus tuleb kord p\u00e4evavalgele?<br \/>\nTegu on peadp\u00f6\u00f6ritava teosega, kus on omavahel kokku p\u00f5imitud nii valu, pisarad, hirm, kaotus, v\u00e4givald ja julmus, kui ka s\u00fcgav armastus, iha, erootika, eneseohverdus, meeletu julgus ja tohutu elujanu \u2013 instinkt v\u00f5idelda vabaks kuni oma viimase hinget\u00f5mbeni.<\/p>\n<p>Raamatusse sisse vaadata saab <a href=\"https:\/\/fil.ee\/sisu\/Roovitud_vabadus_esimesed_15lk.pdf\">siin<\/a>.<\/p>\n","protected":false},"excerpt":{"rendered":"<p>01. veebruaril 2024. aastal ilmus meie kirjastuselt uus raamat, Kaie Rang &#8220;R\u00f6\u00f6vitud vabadus&#8221;. Raamat on pehmete kaante ja mustvalge sisuga. Raamatu m\u00f5\u00f5dud on 148x210mm, maht 280 lehek\u00fclge. Toimetaja Heli Hallik, kaante kujundaja Kaie Rang ja k\u00fcljendaja Vallo Hallik Raamatu tutvustus: Peategelasel Kirsikal on id\u00fclliline elu \u2013 oma maja ja hoov, mees ja imeline v\u00e4ike t\u00fctar. [&hellip;]<\/p>\n","protected":false},"featured_media":2220,"comment_status":"open","ping_status":"closed","template":"","meta":[],"product_brand":[],"product_cat":[19],"product_tag":[],"class_list":{"0":"post-2219","1":"product","2":"type-product","3":"status-publish","4":"has-post-thumbnail","6":"product_cat-ilukirjandus","8":"first","9":"instock","10":"taxable","11":"shipping-taxable","12":"purchasable","13":"product-type-simple"},"_links":{"self":[{"href":"https:\/\/fil.ee\/uus\/wp-json\/wp\/v2\/product\/2219","targetHints":{"allow":["GET"]}}],"collection":[{"href":"https:\/\/fil.ee\/uus\/wp-json\/wp\/v2\/product"}],"about":[{"href":"https:\/\/fil.ee\/uus\/wp-json\/wp\/v2\/types\/product"}],"replies":[{"embeddable":true,"href":"https:\/\/fil.ee\/uus\/wp-json\/wp\/v2\/comments?post=2219"}],"wp:featuredmedia":[{"embeddable":true,"href":"https:\/\/fil.ee\/uus\/wp-json\/wp\/v2\/media\/2220"}],"wp:attachment":[{"href":"https:\/\/fil.ee\/uus\/wp-json\/wp\/v2\/media?parent=2219"}],"wp:term":[{"taxonomy":"product_brand","embeddable":true,"href":"https:\/\/fil.ee\/uus\/wp-json\/wp\/v2\/product_brand?post=2219"},{"taxonomy":"product_cat","embeddable":true,"href":"https:\/\/fil.ee\/uus\/wp-json\/wp\/v2\/product_cat?post=2219"},{"taxonomy":"product_tag","embeddable":true,"href":"https:\/\/fil.ee\/uus\/wp-json\/wp\/v2\/product_tag?post=2219"}],"curies":[{"name":"wp","href":"https:\/\/api.w.org\/{rel}","templated":true}]}}