{"id":2211,"date":"2024-01-18T09:03:22","date_gmt":"2024-01-18T07:03:22","guid":{"rendered":"https:\/\/fil.ee\/uus\/?post_type=product&#038;p=2211"},"modified":"2025-07-15T22:48:09","modified_gmt":"2025-07-15T19:48:09","slug":"ronivere-leenu","status":"publish","type":"product","link":"https:\/\/fil.ee\/uus\/toode\/ronivere-leenu\/","title":{"rendered":"Ronivere Leenu"},"content":{"rendered":"<p style=\"text-align: justify;\">18. jaanuaril 2024. aastal ilmus meie kirjastuselt uus lasteraamat, Tiia P\u00e4rnaste &#8220;Ronivere Leenu&#8221;. Raamat on k\u00f5vade kaante ja v\u00e4rvilise sisuga. Raamatu m\u00f5\u00f5dud on 148&#215;210 mm, maht 92 lehek\u00fclge. Toimetas Heli Hallik, illustreeris Liina Lippasaar, k\u00fcljendas ja kaaned kujundas Vallo Hallik<\/p>\n<p style=\"text-align: justify;\"><strong>Raamatu tutvustus:<br \/>\n<\/strong>\u00dcle mitme maa ja mere oli v\u00e4ike k\u00fcla Ronivere. Seal sirgus t\u00fcdruk v\u00e4ike, kes oli vanavanemate p\u00e4ike.<br \/>\nLeenu kutsub teid endaga kaasa vanavanemate juurde maale. Eks meil k\u00f5igil on \u00fcks koht, kus tunneme ennast k\u00f5ige paremini maailmas. Leenu jaoks on see maal vanaema ja vanaisa juures. Ava raamat ja ehk saad sinagi aru, miks Leenule seal vanavanemate juures nii v\u00e4ga meeldib.<\/p>\n<p>Raamatusse sisse vaadata saab <a href=\"https:\/\/fil.ee\/sisu\/Ronivere_Leenu_esimesed_15lk.pdf\">siin<\/a>.<\/p>\n","protected":false},"excerpt":{"rendered":"<p>18. jaanuaril 2024. aastal ilmus meie kirjastuselt uus lasteraamat, Tiia P\u00e4rnaste &#8220;Ronivere Leenu&#8221;. Raamat on k\u00f5vade kaante ja v\u00e4rvilise sisuga. Raamatu m\u00f5\u00f5dud on 148&#215;210 mm, maht 92 lehek\u00fclge. Toimetas Heli Hallik, illustreeris Liina Lippasaar, k\u00fcljendas ja kaaned kujundas Vallo Hallik Raamatu tutvustus: \u00dcle mitme maa ja mere oli v\u00e4ike k\u00fcla Ronivere. Seal sirgus t\u00fcdruk v\u00e4ike, [&hellip;]<\/p>\n","protected":false},"featured_media":2212,"comment_status":"open","ping_status":"closed","template":"","meta":[],"product_brand":[],"product_cat":[22],"product_tag":[],"class_list":{"0":"post-2211","1":"product","2":"type-product","3":"status-publish","4":"has-post-thumbnail","6":"product_cat-lastele","8":"first","9":"instock","10":"taxable","11":"shipping-taxable","12":"purchasable","13":"product-type-simple"},"_links":{"self":[{"href":"https:\/\/fil.ee\/uus\/wp-json\/wp\/v2\/product\/2211","targetHints":{"allow":["GET"]}}],"collection":[{"href":"https:\/\/fil.ee\/uus\/wp-json\/wp\/v2\/product"}],"about":[{"href":"https:\/\/fil.ee\/uus\/wp-json\/wp\/v2\/types\/product"}],"replies":[{"embeddable":true,"href":"https:\/\/fil.ee\/uus\/wp-json\/wp\/v2\/comments?post=2211"}],"wp:featuredmedia":[{"embeddable":true,"href":"https:\/\/fil.ee\/uus\/wp-json\/wp\/v2\/media\/2212"}],"wp:attachment":[{"href":"https:\/\/fil.ee\/uus\/wp-json\/wp\/v2\/media?parent=2211"}],"wp:term":[{"taxonomy":"product_brand","embeddable":true,"href":"https:\/\/fil.ee\/uus\/wp-json\/wp\/v2\/product_brand?post=2211"},{"taxonomy":"product_cat","embeddable":true,"href":"https:\/\/fil.ee\/uus\/wp-json\/wp\/v2\/product_cat?post=2211"},{"taxonomy":"product_tag","embeddable":true,"href":"https:\/\/fil.ee\/uus\/wp-json\/wp\/v2\/product_tag?post=2211"}],"curies":[{"name":"wp","href":"https:\/\/api.w.org\/{rel}","templated":true}]}}