{"id":2204,"date":"2024-01-10T14:07:47","date_gmt":"2024-01-10T12:07:47","guid":{"rendered":"https:\/\/fil.ee\/uus\/?post_type=product&#038;p=2204"},"modified":"2025-07-15T22:48:25","modified_gmt":"2025-07-15T19:48:25","slug":"uhtesulamine","status":"publish","type":"product","link":"https:\/\/fil.ee\/uus\/toode\/uhtesulamine\/","title":{"rendered":"\u00dchtesulamine"},"content":{"rendered":"<p style=\"text-align: justify;\">10. jaanuaril 2024. aastal ilmus meie kirjastuselt uus luuleraamat, Heili Konsa &#8220;\u00dchtesulamine&#8221;. Raamat on k\u00f5vade kaante ja mustvalge sisuga. Raamatu m\u00f5\u00f5dud on 125x176mm, maht 80 lehek\u00fclge. Toimetas Heli Hallik, illustreeris ja kaaned kujundas Merje Niinepuu-Rannamets, k\u00fcljendas Vallo Hallik<\/p>\n<p style=\"text-align: justify;\"><strong>Raamatu tutvustus:<br \/>\n<\/strong>Kuidas valida \u00f5iget aega? See kas tuleb ise, v\u00f5i aitad kaasa. Juhtuvad \u00fchel hetkel aga k\u00f5ik head asjaolud \u00fchte sulama, siis ongi k\u00e4es just \u00f5ige aeg. Kui olin 30 aastat kirglikult sahtliluulet kirjutanud, otsustasin l\u00f5puks sahtlist v\u00e4lja tulla. S\u00fcgaval s\u00fcdames olin sama pikalt kandnud salasoovi, et \u00fchel erilisel p\u00e4eval hoian k\u00e4es p\u00e4ris enda luulekogu. Pealkiri \u201e\u00dchtesulamine&#8221; on k\u00f5ik need aastak\u00fcmned kannatlikult oma aega oodanud. Ma t\u00f5esti armastan siiralt luule ja emakeele ilu, k\u00f5la ja v\u00e4rve. Nii oli, on ja j\u00e4\u00e4b. Siin ta n\u00fc\u00fcd on \u2013 minu esimene. Rikas lihtsusest ja aususest. Olen t\u00e4nulik k\u00f5igile ja iga\u00fchele isiklikult, kes mind sellel teekonnal on aidanud, toetanud ja inspireerinud.<br \/>\nLahket lugemist!<\/p>\n<p>Raamatusse sisse vaadata saab <a href=\"https:\/\/fil.ee\/sisu\/Yhtesulamine_esimesed_15lk.pdf\">siin<\/a>:<\/p>\n","protected":false},"excerpt":{"rendered":"<p>10. jaanuaril 2024. aastal ilmus meie kirjastuselt uus luuleraamat, Heili Konsa &#8220;\u00dchtesulamine&#8221;. Raamat on k\u00f5vade kaante ja mustvalge sisuga. Raamatu m\u00f5\u00f5dud on 125x176mm, maht 80 lehek\u00fclge. Toimetas Heli Hallik, illustreeris ja kaaned kujundas Merje Niinepuu-Rannamets, k\u00fcljendas Vallo Hallik Raamatu tutvustus: Kuidas valida \u00f5iget aega? See kas tuleb ise, v\u00f5i aitad kaasa. Juhtuvad \u00fchel hetkel aga [&hellip;]<\/p>\n","protected":false},"featured_media":2205,"comment_status":"open","ping_status":"closed","template":"","meta":[],"product_brand":[],"product_cat":[23],"product_tag":[],"class_list":{"0":"post-2204","1":"product","2":"type-product","3":"status-publish","4":"has-post-thumbnail","6":"product_cat-luule","8":"first","9":"instock","10":"taxable","11":"shipping-taxable","12":"purchasable","13":"product-type-simple"},"_links":{"self":[{"href":"https:\/\/fil.ee\/uus\/wp-json\/wp\/v2\/product\/2204","targetHints":{"allow":["GET"]}}],"collection":[{"href":"https:\/\/fil.ee\/uus\/wp-json\/wp\/v2\/product"}],"about":[{"href":"https:\/\/fil.ee\/uus\/wp-json\/wp\/v2\/types\/product"}],"replies":[{"embeddable":true,"href":"https:\/\/fil.ee\/uus\/wp-json\/wp\/v2\/comments?post=2204"}],"wp:featuredmedia":[{"embeddable":true,"href":"https:\/\/fil.ee\/uus\/wp-json\/wp\/v2\/media\/2205"}],"wp:attachment":[{"href":"https:\/\/fil.ee\/uus\/wp-json\/wp\/v2\/media?parent=2204"}],"wp:term":[{"taxonomy":"product_brand","embeddable":true,"href":"https:\/\/fil.ee\/uus\/wp-json\/wp\/v2\/product_brand?post=2204"},{"taxonomy":"product_cat","embeddable":true,"href":"https:\/\/fil.ee\/uus\/wp-json\/wp\/v2\/product_cat?post=2204"},{"taxonomy":"product_tag","embeddable":true,"href":"https:\/\/fil.ee\/uus\/wp-json\/wp\/v2\/product_tag?post=2204"}],"curies":[{"name":"wp","href":"https:\/\/api.w.org\/{rel}","templated":true}]}}