{"id":2175,"date":"2023-11-09T14:47:09","date_gmt":"2023-11-09T12:47:09","guid":{"rendered":"https:\/\/fil.ee\/uus\/?post_type=product&#038;p=2175"},"modified":"2025-07-15T22:48:25","modified_gmt":"2025-07-15T19:48:25","slug":"suvepaev-pakapikkudega","status":"publish","type":"product","link":"https:\/\/fil.ee\/uus\/toode\/suvepaev-pakapikkudega\/","title":{"rendered":"Suvep\u00e4ev p\u00e4kapikkudega"},"content":{"rendered":"<p style=\"text-align: justify;\">9. novembril 2023. aastal ilmus meie kirjastuselt uus lasteraamat, Anu Laansalu &#8220;Suvep\u00e4ev p\u00e4kapikkudega&#8221;. Raamat on k\u00f5vade kaante ja v\u00e4rvilise sisuga. Raamatu m\u00f5\u00f5dud on 174&#215;245 mm, maht 44 lehek\u00fclge. Toimetas Heli Hallik, illustreeris Anu Laansalu, k\u00fcljendas ja kaaned kujundas Vallo Hallik<\/p>\n<p style=\"text-align: justify;\"><strong>Raamatu tutvustus:<br \/>\n<\/strong>Mul oli aastaid tagasi lausa uskumatult p\u00f5nev \u00fcllatava kohtumisega unustamatu suvep\u00e4ev!<br \/>\nVarasemates raamatutes olen pajatanud neid lugusid p\u00e4kapikkudest ja Jepe krutskitest, mida sain teada t\u00e4nu piilumistele. N\u00fc\u00fcd aga \u00f5nnestus mul p\u00e4riselt kohtuda nende vahvate tegelastega. Istusin nendega \u00fche laua taga, n\u00e4gin v\u00e4ikest Jepet silmast silma ja kuulasin lugusid, mida memm, taat ja p\u00e4kapikud l\u00e4bisegi mulle r\u00e4\u00e4kisid. Mulle usaldati isegi \u00fcks suur p\u00e4kapikumaa saladus.<br \/>\nP\u00f5nev on seegi, et l\u00f5puks lubasid memm, taat ja p\u00e4kapikud lahkesti mul oma lood laste jaoks kirja panna. Seda raamatut lugedes veendute te kindlasti, et p\u00e4kapikud ei maga suveund.<br \/>\nP\u00f5nevat lugemist ja saladuste avastamist!<\/p>\n<p>Raamatusse sisse vaatada saab <a href=\"https:\/\/fil.ee\/sisu\/suvepaev_pakapikkudega_esimesed_15lk.pdf\">siit<\/a>.<\/p>\n","protected":false},"excerpt":{"rendered":"<p>9. novembril 2023. aastal ilmus meie kirjastuselt uus lasteraamat, Anu Laansalu &#8220;Suvep\u00e4ev p\u00e4kapikkudega&#8221;. Raamat on k\u00f5vade kaante ja v\u00e4rvilise sisuga. Raamatu m\u00f5\u00f5dud on 174&#215;245 mm, maht 44 lehek\u00fclge. Toimetas Heli Hallik, illustreeris Anu Laansalu, k\u00fcljendas ja kaaned kujundas Vallo Hallik Raamatu tutvustus: Mul oli aastaid tagasi lausa uskumatult p\u00f5nev \u00fcllatava kohtumisega unustamatu suvep\u00e4ev! Varasemates raamatutes [&hellip;]<\/p>\n","protected":false},"featured_media":2176,"comment_status":"open","ping_status":"closed","template":"","meta":[],"product_brand":[],"product_cat":[22],"product_tag":[],"class_list":{"0":"post-2175","1":"product","2":"type-product","3":"status-publish","4":"has-post-thumbnail","6":"product_cat-lastele","8":"first","9":"instock","10":"taxable","11":"shipping-taxable","12":"purchasable","13":"product-type-simple"},"_links":{"self":[{"href":"https:\/\/fil.ee\/uus\/wp-json\/wp\/v2\/product\/2175","targetHints":{"allow":["GET"]}}],"collection":[{"href":"https:\/\/fil.ee\/uus\/wp-json\/wp\/v2\/product"}],"about":[{"href":"https:\/\/fil.ee\/uus\/wp-json\/wp\/v2\/types\/product"}],"replies":[{"embeddable":true,"href":"https:\/\/fil.ee\/uus\/wp-json\/wp\/v2\/comments?post=2175"}],"wp:featuredmedia":[{"embeddable":true,"href":"https:\/\/fil.ee\/uus\/wp-json\/wp\/v2\/media\/2176"}],"wp:attachment":[{"href":"https:\/\/fil.ee\/uus\/wp-json\/wp\/v2\/media?parent=2175"}],"wp:term":[{"taxonomy":"product_brand","embeddable":true,"href":"https:\/\/fil.ee\/uus\/wp-json\/wp\/v2\/product_brand?post=2175"},{"taxonomy":"product_cat","embeddable":true,"href":"https:\/\/fil.ee\/uus\/wp-json\/wp\/v2\/product_cat?post=2175"},{"taxonomy":"product_tag","embeddable":true,"href":"https:\/\/fil.ee\/uus\/wp-json\/wp\/v2\/product_tag?post=2175"}],"curies":[{"name":"wp","href":"https:\/\/api.w.org\/{rel}","templated":true}]}}