{"id":2166,"date":"2023-11-09T07:36:33","date_gmt":"2023-11-09T05:36:33","guid":{"rendered":"https:\/\/fil.ee\/uus\/?post_type=product&#038;p=2166"},"modified":"2025-07-15T22:48:09","modified_gmt":"2025-07-15T19:48:09","slug":"korvpall-labi-lapse-silmade","status":"publish","type":"product","link":"https:\/\/fil.ee\/uus\/toode\/korvpall-labi-lapse-silmade\/","title":{"rendered":"Korvpall l\u00e4bi lapse silmade"},"content":{"rendered":"<p style=\"text-align: justify;\">9. novembril 2023. aastal ilmus meie kirjastuselt uus lasteraamat, fil &#8220;Korvpalll l\u00e4bi lapse silmade&#8221;. Raamat on k\u00f5vade kaante ja v\u00e4rvilise sisuga. Raamatu m\u00f5\u00f5dud on 150&#215;150 mm, maht 14 lehek\u00fclge. Toimetas Heli Hallik, illustreeris Liina Lippasaar, k\u00fcljendas ja kaaned kujundas Jaan Lehismets.<\/p>\n<p style=\"text-align: justify;\"><strong>Raamatu tutvustus:<br \/>\n<\/strong>See raamat kutsub lapsi korvpallitrenni ja aitab lastel teistele selgitada, mis m\u00e4ng see korvpall ikkagi on.<\/p>\n<p>Raamatusse sisse vaadata saab <a href=\"https:\/\/fil.ee\/sisu\/Korvpall_esimesed_15lk.pdf\">siit<\/a>.<\/p>\n","protected":false},"excerpt":{"rendered":"<p>9. novembril 2023. aastal ilmus meie kirjastuselt uus lasteraamat, fil &#8220;Korvpalll l\u00e4bi lapse silmade&#8221;. Raamat on k\u00f5vade kaante ja v\u00e4rvilise sisuga. Raamatu m\u00f5\u00f5dud on 150&#215;150 mm, maht 14 lehek\u00fclge. Toimetas Heli Hallik, illustreeris Liina Lippasaar, k\u00fcljendas ja kaaned kujundas Jaan Lehismets. Raamatu tutvustus: See raamat kutsub lapsi korvpallitrenni ja aitab lastel teistele selgitada, mis m\u00e4ng [&hellip;]<\/p>\n","protected":false},"featured_media":2167,"comment_status":"open","ping_status":"closed","template":"","meta":[],"product_brand":[],"product_cat":[22],"product_tag":[],"class_list":{"0":"post-2166","1":"product","2":"type-product","3":"status-publish","4":"has-post-thumbnail","6":"product_cat-lastele","8":"first","9":"instock","10":"taxable","11":"shipping-taxable","12":"purchasable","13":"product-type-simple"},"_links":{"self":[{"href":"https:\/\/fil.ee\/uus\/wp-json\/wp\/v2\/product\/2166","targetHints":{"allow":["GET"]}}],"collection":[{"href":"https:\/\/fil.ee\/uus\/wp-json\/wp\/v2\/product"}],"about":[{"href":"https:\/\/fil.ee\/uus\/wp-json\/wp\/v2\/types\/product"}],"replies":[{"embeddable":true,"href":"https:\/\/fil.ee\/uus\/wp-json\/wp\/v2\/comments?post=2166"}],"wp:featuredmedia":[{"embeddable":true,"href":"https:\/\/fil.ee\/uus\/wp-json\/wp\/v2\/media\/2167"}],"wp:attachment":[{"href":"https:\/\/fil.ee\/uus\/wp-json\/wp\/v2\/media?parent=2166"}],"wp:term":[{"taxonomy":"product_brand","embeddable":true,"href":"https:\/\/fil.ee\/uus\/wp-json\/wp\/v2\/product_brand?post=2166"},{"taxonomy":"product_cat","embeddable":true,"href":"https:\/\/fil.ee\/uus\/wp-json\/wp\/v2\/product_cat?post=2166"},{"taxonomy":"product_tag","embeddable":true,"href":"https:\/\/fil.ee\/uus\/wp-json\/wp\/v2\/product_tag?post=2166"}],"curies":[{"name":"wp","href":"https:\/\/api.w.org\/{rel}","templated":true}]}}