{"id":2095,"date":"2023-04-22T00:38:25","date_gmt":"2023-04-21T21:38:25","guid":{"rendered":"https:\/\/fil.ee\/uus\/?post_type=product&#038;p=2095"},"modified":"2023-07-24T17:53:32","modified_gmt":"2023-07-24T14:53:32","slug":"jalgpall-labi-lapse-silmade","status":"publish","type":"product","link":"https:\/\/fil.ee\/uus\/toode\/jalgpall-labi-lapse-silmade\/","title":{"rendered":"Jalgpall l\u00e4bi lapse silmade"},"content":{"rendered":"<p style=\"text-align: justify;\">21. aprillil 2023. a. ilmus meie kirjastuselt uus lasteraamat, fil &#8220;Jalgpall l\u00e4bi lapse silmade&#8221;. Raamat on k\u00f5vade kaante ja v\u00e4rvilise sisuga. Raamatu m\u00f5\u00f5dud on 150&#215;150 mm, maht 22 lehek\u00fclge. Toimetas Heli Hallik, illustreeris Liina Lippasaar, k\u00fcljendas ja kaaned kujundas Jaan Lehismets<\/p>\n<p style=\"text-align: justify;\"><strong>Raamatu tutvustus:<br \/>\n<\/strong>SEE RAAMAT KUTSUB LAPSI JALGPALLITRENNI JA AITAB LASTEL TEISTELE SELGITADA, MIS M\u00c4NG SEE JALGPALL IKKAGI ON.<\/p>\n<p>Raamatusse sisse vaatamiseks kl\u00f5psa <a href=\"https:\/\/fil.ee\/sisu\/Jalgpall1-15.pdf\">siia<\/a>.<\/p>\n","protected":false},"excerpt":{"rendered":"<p>21. aprillil 2023. a. ilmus meie kirjastuselt uus lasteraamat, fil &#8220;Jalgpall l\u00e4bi lapse silmade&#8221;. Raamat on k\u00f5vade kaante ja v\u00e4rvilise sisuga. Raamatu m\u00f5\u00f5dud on 150&#215;150 mm, maht 22 lehek\u00fclge. Toimetas Heli Hallik, illustreeris Liina Lippasaar, k\u00fcljendas ja kaaned kujundas Jaan Lehismets Raamatu tutvustus: SEE RAAMAT KUTSUB LAPSI JALGPALLITRENNI JA AITAB LASTEL TEISTELE SELGITADA, MIS M\u00c4NG [&hellip;]<\/p>\n","protected":false},"featured_media":2096,"comment_status":"open","ping_status":"closed","template":"","meta":[],"product_brand":[],"product_cat":[22],"product_tag":[],"class_list":{"0":"post-2095","1":"product","2":"type-product","3":"status-publish","4":"has-post-thumbnail","6":"product_cat-lastele","8":"first","9":"instock","10":"taxable","11":"shipping-taxable","12":"purchasable","13":"product-type-simple"},"_links":{"self":[{"href":"https:\/\/fil.ee\/uus\/wp-json\/wp\/v2\/product\/2095","targetHints":{"allow":["GET"]}}],"collection":[{"href":"https:\/\/fil.ee\/uus\/wp-json\/wp\/v2\/product"}],"about":[{"href":"https:\/\/fil.ee\/uus\/wp-json\/wp\/v2\/types\/product"}],"replies":[{"embeddable":true,"href":"https:\/\/fil.ee\/uus\/wp-json\/wp\/v2\/comments?post=2095"}],"wp:featuredmedia":[{"embeddable":true,"href":"https:\/\/fil.ee\/uus\/wp-json\/wp\/v2\/media\/2096"}],"wp:attachment":[{"href":"https:\/\/fil.ee\/uus\/wp-json\/wp\/v2\/media?parent=2095"}],"wp:term":[{"taxonomy":"product_brand","embeddable":true,"href":"https:\/\/fil.ee\/uus\/wp-json\/wp\/v2\/product_brand?post=2095"},{"taxonomy":"product_cat","embeddable":true,"href":"https:\/\/fil.ee\/uus\/wp-json\/wp\/v2\/product_cat?post=2095"},{"taxonomy":"product_tag","embeddable":true,"href":"https:\/\/fil.ee\/uus\/wp-json\/wp\/v2\/product_tag?post=2095"}],"curies":[{"name":"wp","href":"https:\/\/api.w.org\/{rel}","templated":true}]}}