{"id":1966,"date":"2023-01-28T17:35:24","date_gmt":"2023-01-28T15:35:24","guid":{"rendered":"https:\/\/fil.ee\/uus\/?post_type=product&#038;p=1966"},"modified":"2023-09-29T15:30:20","modified_gmt":"2023-09-29T12:30:20","slug":"komplekt-margus-oopkaupi-naitemangud","status":"publish","type":"product","link":"https:\/\/fil.ee\/uus\/toode\/komplekt-margus-oopkaupi-naitemangud\/","title":{"rendered":"Komplekt &#8220;Margus Oopkaup&#8217;i n\u00e4item\u00e4ngud&#8221;"},"content":{"rendered":"<p>Komplekti kuulub 2 raamatut: <a href=\"https:\/\/fil.ee\/uus\/toode\/naitemangud-i\/\">I osa<\/a> ja <a href=\"https:\/\/fil.ee\/uus\/toode\/naitemangud-ii\/\">II osa<\/a><\/p>\n<h4><a href=\"https:\/\/fil.ee\/uus\/toode\/naitemangud-i\/\">1 osa<\/a><\/h4>\n<p><em><a href=\"https:\/\/fil.ee\/sisu\/Naitemangud_1_esimesed_15lk.pdf\">tutvu raamatuga siin:<\/a><\/em><\/p>\n<p>2021 aasta 17. juunil ilmus meie kirjastuselt uus raamat, Margus Oopkaup \u201cN\u00e4item\u00e4ngud I\u201d, mis on k\u00f5vade kaante ja mustvalge sisuga. Raamatu m\u00f5\u00f5dud on 148\u00d7210 mm, maht 88 lehek\u00fclge. Toimetas Kristi Roots, k\u00fcljendas ja kaaned kujundas Vallo Hallik.<\/p>\n<p><strong>Raamatu tutvustus:<br \/>\n<\/strong>K\u00e4esolevas raamatus \u201cN\u00e4item\u00e4ngud I\u201d on 4 n\u00e4idendit:<br \/>\n\u201cAasta\u201d \u2013 meie rahvakalendri t\u00e4htp\u00e4evadest, mis on unustuse h\u00f5lma vajunud.<br \/>\n\u201cT\u00e4htp\u00e4evad\u201d \u2013 ka meie rahvakalendri t\u00e4htp\u00e4evadest, mis on tegelastel t\u00e4ielikult sassi l\u00e4inud.<br \/>\n\u201cJ\u00f5uluvana jaanip\u00e4ev\u201d \u2013 kogemata jaanip\u00e4eval \u00fcles\u00e4rganud Lumehelbekesse k\u00f5rvuni armunud J\u00f5uluvana kutsub endale k\u00fclla N\u00e4\u00e4rivana ja siis \u2026<br \/>\n\u201cKristuse maailm\u201d on piibliaineline ja r\u00e4\u00e4gib religioossest maailma loomisest.<br \/>\nMargus Oopkaup on l\u00f5petanud Lavakunstikooli X lennu ja t\u00f6\u00f6tanud 18 a. P\u00e4rnu teatris \u201cEndla\u201d n\u00e4itlejana. Aastast 2000 on ta vabakutseline n\u00e4itleja ja lavastaja.<br \/>\nTa on tegelenud harrastusteatrite lavastaja ja dramaturgina \u00fcle 30 aasta.<br \/>\nTema eesm\u00e4rgiks on olnud alati soov, et k\u00f5ik n\u00e4iteringis osalejad saaksid vastavalt oma v\u00f5imetele rolli. Sellist repertuaari leidmata j\u00e4i autori ainsaks lahenduseks hakata ise n\u00e4item\u00e4nge kirjutama.<\/p>\n<p>&nbsp;<\/p>\n<h4><a href=\"https:\/\/fil.ee\/uus\/toode\/naitemangud-ii\/\">2 osa<\/a><\/h4>\n<p><em><a href=\"https:\/\/fil.ee\/sisu\/Naitemangud_2_esimesed_15lk.pdf\">tutvu raamatuga siin:<\/a><\/em><\/p>\n<p>2022 aasta 1. juunil ilmus meie kirjastuselt uus n\u00e4idendite kogumik Margus Oopkaup \u201cN\u00e4item\u00e4ngud II\u201d. Raamat on k\u00f5vade kaante ja mustvalge sisuga. Raamatu m\u00f5\u00f5dud on 148\u00d7210 mm, maht 148 lehek\u00fclge. Toimetas Kristi Roots, k\u00fcljendas ja kaaned kujundas Vallo Hallik.<\/p>\n<p><strong>Raamatu tutvustus:<br \/>\n<\/strong>K\u00e4esolevas raamatus \u201cN\u00e4item\u00e4ngud II\u201d on 4 n\u00e4idendit:<br \/>\n\u201cEi kahetse\u201d \u2013 enda kodus WC-s v\u00e4gistatakse noor t\u00fctarlaps oma ema joomakaaslase poolt. J\u00e4rgneb noore neiu tagasivaade oma elule.<br \/>\n\u201cElu, jah elu\u201d \u2013 noorde perekonda s\u00fcnnivad kaksikud. Tekivad vastuolud ema ja isa vahel. Kaksikud n\u00e4evad ja kuulevad k\u00f5ike pealt, suhtlevad omavahel, kuid ei oska veel r\u00e4\u00e4kida. K\u00f5ike toimuvat j\u00e4lgib t\u00e4helepanelikult Ingel.<br \/>\n\u201cElulootus\u201d \u2013 mees ja naine on sattunud elama pr\u00fcgim\u00e4ele. Neil m\u00f5lemal olid ja on omad unistused ja lootused. Nad korraldavad teiste pr\u00fcgim\u00e4e elanikega \u00fchise supis\u00f6\u00f6mise, mis paraku l\u00f5peb \u00fcsna kurvalt.<br \/>\n\u201cElupeegel\u201d \u2013 tegevus toimub pr\u00fcgim\u00e4el, kus elavad k\u00f5rvuti NOOR MEES ja VANA MEES.<\/p>\n","protected":false},"excerpt":{"rendered":"<p>Komplekti kuulub 2 raamatut: I osa ja II osa 1 osa tutvu raamatuga siin: 2021 aasta 17. juunil ilmus meie kirjastuselt uus raamat, Margus Oopkaup \u201cN\u00e4item\u00e4ngud I\u201d, mis on k\u00f5vade kaante ja mustvalge sisuga. Raamatu m\u00f5\u00f5dud on 148\u00d7210 mm, maht 88 lehek\u00fclge. Toimetas Kristi Roots, k\u00fcljendas ja kaaned kujundas Vallo Hallik. Raamatu tutvustus: K\u00e4esolevas raamatus [&hellip;]<\/p>\n","protected":false},"featured_media":1969,"comment_status":"open","ping_status":"closed","template":"","meta":[],"product_brand":[],"product_cat":[300],"product_tag":[],"class_list":{"0":"post-1966","1":"product","2":"type-product","3":"status-publish","4":"has-post-thumbnail","6":"product_cat-komplektid","8":"first","9":"instock","10":"sale","11":"taxable","12":"shipping-taxable","13":"purchasable","14":"product-type-simple"},"_links":{"self":[{"href":"https:\/\/fil.ee\/uus\/wp-json\/wp\/v2\/product\/1966","targetHints":{"allow":["GET"]}}],"collection":[{"href":"https:\/\/fil.ee\/uus\/wp-json\/wp\/v2\/product"}],"about":[{"href":"https:\/\/fil.ee\/uus\/wp-json\/wp\/v2\/types\/product"}],"replies":[{"embeddable":true,"href":"https:\/\/fil.ee\/uus\/wp-json\/wp\/v2\/comments?post=1966"}],"wp:featuredmedia":[{"embeddable":true,"href":"https:\/\/fil.ee\/uus\/wp-json\/wp\/v2\/media\/1969"}],"wp:attachment":[{"href":"https:\/\/fil.ee\/uus\/wp-json\/wp\/v2\/media?parent=1966"}],"wp:term":[{"taxonomy":"product_brand","embeddable":true,"href":"https:\/\/fil.ee\/uus\/wp-json\/wp\/v2\/product_brand?post=1966"},{"taxonomy":"product_cat","embeddable":true,"href":"https:\/\/fil.ee\/uus\/wp-json\/wp\/v2\/product_cat?post=1966"},{"taxonomy":"product_tag","embeddable":true,"href":"https:\/\/fil.ee\/uus\/wp-json\/wp\/v2\/product_tag?post=1966"}],"curies":[{"name":"wp","href":"https:\/\/api.w.org\/{rel}","templated":true}]}}