{"id":1872,"date":"2022-05-23T10:54:40","date_gmt":"2022-05-23T07:54:40","guid":{"rendered":"https:\/\/fil.ee\/uus\/?post_type=product&#038;p=1872"},"modified":"2023-07-24T18:59:39","modified_gmt":"2023-07-24T15:59:39","slug":"tapi-uued-seiklused","status":"publish","type":"product","link":"https:\/\/fil.ee\/uus\/toode\/tapi-uued-seiklused\/","title":{"rendered":"T\u00e4pi uued seiklused"},"content":{"rendered":"<p style=\"text-align: justify;\">23. mail 2022. aastal ilmus meie kirjastuselt uus lasteraamat, Sander Seire &#8220;T\u00e4pi uued seiklused&#8221;. Raamat on k\u00f5vade kaante ja v\u00e4rvilise sisuga. Raamatu m\u00f5\u00f5dud on 170&#215;240 mm, maht 32 lehek\u00fclge. Toimetas Heli Hallik, illustreeris Jana Valge, k\u00fcljendas ja kaaned kujundas Vallo Hallik.<\/p>\n<p style=\"text-align: justify;\"><strong>Raamatu tutvustus:<br \/>\n<\/strong>T\u00e4pi ja Tupsu on kolinud n\u00fc\u00fcd linna. Aga ka seal ootavad neid uued seiklused ees. Kohtuvad nad uue s\u00f5bra Bibiga. Bibi on v\u00e4ike n\u00f6binina, kes on sama palju krutskeid t\u00e4is nagu T\u00e4pi.<br \/>\nSiit raamatust leiad j\u00e4rjekordselt vahvaid lugusid s\u00f5pradest, kellega juhtub igasuguseid asju.<\/p>\n<p>Raamatusse sisse vaatamiseks kl\u00f5psa <a href=\"https:\/\/fil.ee\/sisu\/Tapi_uued_seiklused_esimesed_15.pdf\">siia<\/a>.<\/p>\n","protected":false},"excerpt":{"rendered":"<p>23. mail 2022. aastal ilmus meie kirjastuselt uus lasteraamat, Sander Seire &#8220;T\u00e4pi uued seiklused&#8221;. Raamat on k\u00f5vade kaante ja v\u00e4rvilise sisuga. Raamatu m\u00f5\u00f5dud on 170&#215;240 mm, maht 32 lehek\u00fclge. Toimetas Heli Hallik, illustreeris Jana Valge, k\u00fcljendas ja kaaned kujundas Vallo Hallik. Raamatu tutvustus: T\u00e4pi ja Tupsu on kolinud n\u00fc\u00fcd linna. Aga ka seal ootavad neid [&hellip;]<\/p>\n","protected":false},"featured_media":1869,"comment_status":"open","ping_status":"closed","template":"","meta":[],"product_brand":[],"product_cat":[22],"product_tag":[],"class_list":{"0":"post-1872","1":"product","2":"type-product","3":"status-publish","4":"has-post-thumbnail","6":"product_cat-lastele","8":"first","9":"instock","10":"taxable","11":"shipping-taxable","12":"purchasable","13":"product-type-simple"},"_links":{"self":[{"href":"https:\/\/fil.ee\/uus\/wp-json\/wp\/v2\/product\/1872","targetHints":{"allow":["GET"]}}],"collection":[{"href":"https:\/\/fil.ee\/uus\/wp-json\/wp\/v2\/product"}],"about":[{"href":"https:\/\/fil.ee\/uus\/wp-json\/wp\/v2\/types\/product"}],"replies":[{"embeddable":true,"href":"https:\/\/fil.ee\/uus\/wp-json\/wp\/v2\/comments?post=1872"}],"wp:featuredmedia":[{"embeddable":true,"href":"https:\/\/fil.ee\/uus\/wp-json\/wp\/v2\/media\/1869"}],"wp:attachment":[{"href":"https:\/\/fil.ee\/uus\/wp-json\/wp\/v2\/media?parent=1872"}],"wp:term":[{"taxonomy":"product_brand","embeddable":true,"href":"https:\/\/fil.ee\/uus\/wp-json\/wp\/v2\/product_brand?post=1872"},{"taxonomy":"product_cat","embeddable":true,"href":"https:\/\/fil.ee\/uus\/wp-json\/wp\/v2\/product_cat?post=1872"},{"taxonomy":"product_tag","embeddable":true,"href":"https:\/\/fil.ee\/uus\/wp-json\/wp\/v2\/product_tag?post=1872"}],"curies":[{"name":"wp","href":"https:\/\/api.w.org\/{rel}","templated":true}]}}