{"id":1829,"date":"2022-03-15T20:59:46","date_gmt":"2022-03-15T18:59:46","guid":{"rendered":"https:\/\/fil.ee\/uus\/?post_type=product&#038;p=1829"},"modified":"2023-07-24T22:44:03","modified_gmt":"2023-07-24T19:44:03","slug":"vaikus","status":"publish","type":"product","link":"https:\/\/fil.ee\/uus\/toode\/vaikus\/","title":{"rendered":"Vaikus"},"content":{"rendered":"<p style=\"text-align: justify;\">16. m\u00e4rtsil 2022. aastal ilmus meie kirjastuselt uus luuleraamat, Germo Saar &#8220;Vaikus&#8221;. Raamat on k\u00f5vade kaante ja v\u00e4rvilise sisuga. Raamatu m\u00f5\u00f5dud on 125&#215;176 mm, maht 80 lehek\u00fclge. Toimetas Irene \u00d5mblus, illustreerisid Janett Juuse ja Janika Juuse, k\u00fcljendas ja kaaned kujundas Vallo Hallik.<\/p>\n<p><strong>Raamatu tutvustus:<br \/>\n<\/strong>Mu s\u00fcda l\u00f6\u00f6b m\u00f5lemal pool,<br \/>\nma ei tea, kuhu poole l\u00f6\u00f6b k\u00f5vemini.<br \/>\nMa Sind vaatan vasakult poolt,<br \/>\nSind vaadates palju n\u00e4en paremini.<br \/>\nGermo Saar<\/p>\n<p>Raamatusse sisse vaatamiseks kliki <a href=\"https:\/\/fil.ee\/sisu\/Vaikus_esimesed_15.pdf\">siia<\/a>.<\/p>\n","protected":false},"excerpt":{"rendered":"<p>16. m\u00e4rtsil 2022. aastal ilmus meie kirjastuselt uus luuleraamat, Germo Saar &#8220;Vaikus&#8221;. Raamat on k\u00f5vade kaante ja v\u00e4rvilise sisuga. Raamatu m\u00f5\u00f5dud on 125&#215;176 mm, maht 80 lehek\u00fclge. Toimetas Irene \u00d5mblus, illustreerisid Janett Juuse ja Janika Juuse, k\u00fcljendas ja kaaned kujundas Vallo Hallik. Raamatu tutvustus: Mu s\u00fcda l\u00f6\u00f6b m\u00f5lemal pool, ma ei tea, kuhu poole l\u00f6\u00f6b [&hellip;]<\/p>\n","protected":false},"featured_media":1827,"comment_status":"open","ping_status":"closed","template":"","meta":[],"product_brand":[],"product_cat":[23],"product_tag":[],"class_list":{"0":"post-1829","1":"product","2":"type-product","3":"status-publish","4":"has-post-thumbnail","6":"product_cat-luule","8":"first","9":"instock","10":"taxable","11":"shipping-taxable","12":"purchasable","13":"product-type-simple"},"_links":{"self":[{"href":"https:\/\/fil.ee\/uus\/wp-json\/wp\/v2\/product\/1829","targetHints":{"allow":["GET"]}}],"collection":[{"href":"https:\/\/fil.ee\/uus\/wp-json\/wp\/v2\/product"}],"about":[{"href":"https:\/\/fil.ee\/uus\/wp-json\/wp\/v2\/types\/product"}],"replies":[{"embeddable":true,"href":"https:\/\/fil.ee\/uus\/wp-json\/wp\/v2\/comments?post=1829"}],"wp:featuredmedia":[{"embeddable":true,"href":"https:\/\/fil.ee\/uus\/wp-json\/wp\/v2\/media\/1827"}],"wp:attachment":[{"href":"https:\/\/fil.ee\/uus\/wp-json\/wp\/v2\/media?parent=1829"}],"wp:term":[{"taxonomy":"product_brand","embeddable":true,"href":"https:\/\/fil.ee\/uus\/wp-json\/wp\/v2\/product_brand?post=1829"},{"taxonomy":"product_cat","embeddable":true,"href":"https:\/\/fil.ee\/uus\/wp-json\/wp\/v2\/product_cat?post=1829"},{"taxonomy":"product_tag","embeddable":true,"href":"https:\/\/fil.ee\/uus\/wp-json\/wp\/v2\/product_tag?post=1829"}],"curies":[{"name":"wp","href":"https:\/\/api.w.org\/{rel}","templated":true}]}}