{"id":1676,"date":"2021-12-08T21:07:43","date_gmt":"2021-12-08T19:07:43","guid":{"rendered":"https:\/\/fil.ee\/uus\/?post_type=product&#038;p=1676"},"modified":"2023-07-26T19:03:25","modified_gmt":"2023-07-26T16:03:25","slug":"manaja","status":"publish","type":"product","link":"https:\/\/fil.ee\/uus\/toode\/manaja\/","title":{"rendered":"Manaja"},"content":{"rendered":"<p style=\"text-align: justify;\">2021. aasta 9. detsembril ilmus meie kirjastuselt uus raamat, Inga Roos \u201cManaja\u201d. Raamat on pehmete kaante ja mustvalge sisuga. Raamatu m\u00f5\u00f5dud on 125\u00d7176 mm, maht 312 lehek\u00fclge. Toimetas Viiu M\u00e4nnik, k\u00fcljendas ja kaaned kujundas Vallo Hallik.<\/p>\n<p style=\"text-align: justify;\"><strong>Raamatu tutvustus:<br \/>\n<\/strong>\u201eKes sa oled?\u201c uudishimutsesin, \u201epolitseinik, vaimulik v\u00f5i Dalai Lama vol 2?\u201c \u201eMa ei tea,\u201c vastas ta muretult naeratades ning j\u00e4tkas, \u201colen ehk m\u00e4ngur. Mulle tundub, et mida enam oleme millelegi spetsialiseerunud, midagi s\u00fcvitsi omandanud v\u00f5i millegi suunas liikunud, seda t\u00f5sikindlamini oleme neisse lugudesse kiindunud. Meie suurimaks kiindumuseks ja s\u00fcmpaatiaks on kahtlemata mina-lugu, millega samastume k\u00f5ige ennastunustavamalt. Ja kiindumus sellesse loosse, mis minevikku jutustava loona vormib meie hoiakuid ja uskumusi, hakkame seda ekslikult pidama enda identiteediks. Sellest kantud \u00e4ratundmised vermuvad meie valikute kaudu tulevikuks ja see on see, mida kogeme olevikuna t\u00e4na. Armununa loosse, mida enda kohta tahame n\u00e4ha ja mida loodame, et ka teised meie suhtes n\u00e4evad, oleme j\u00f5ule k\u00e4ttesaamatud, ent kaasinimestele m\u00e4ngukannid.\u201c<br \/>\nRomaan \u201cManaja\u201d r\u00e4\u00e4gib vahetult elust kui m\u00e4ngust ajajoonte vahel, kus unistused on pelgalt m\u00e4lestused meie endi tulevikust ning deemonid pesitsevad kahe k\u00f5rva vahel. K\u00e4esoleva futuristliku teose eesm\u00e4rk on s\u00fcnnitada m\u00f5ttem\u00f5lgutus ning hetkeks raputada paigast stagneerunud maailmapilt.<\/p>\n<p>Raamatusse sisse vaatamiseks kl\u00f5psa <a href=\"https:\/\/fil.ee\/sisu\/Manaja_esimesed15lk.pdf\">siia.<\/a><\/p>\n","protected":false},"excerpt":{"rendered":"<p>2021. aasta 9. detsembril ilmus meie kirjastuselt uus raamat, Inga Roos \u201cManaja\u201d. Raamat on pehmete kaante ja mustvalge sisuga. Raamatu m\u00f5\u00f5dud on 125\u00d7176 mm, maht 312 lehek\u00fclge. Toimetas Viiu M\u00e4nnik, k\u00fcljendas ja kaaned kujundas Vallo Hallik. Raamatu tutvustus: \u201eKes sa oled?\u201c uudishimutsesin, \u201epolitseinik, vaimulik v\u00f5i Dalai Lama vol 2?\u201c \u201eMa ei tea,\u201c vastas ta muretult [&hellip;]<\/p>\n","protected":false},"featured_media":1674,"comment_status":"open","ping_status":"closed","template":"","meta":[],"product_brand":[],"product_cat":[19],"product_tag":[],"class_list":{"0":"post-1676","1":"product","2":"type-product","3":"status-publish","4":"has-post-thumbnail","6":"product_cat-ilukirjandus","8":"first","9":"instock","10":"taxable","11":"shipping-taxable","12":"purchasable","13":"product-type-simple"},"_links":{"self":[{"href":"https:\/\/fil.ee\/uus\/wp-json\/wp\/v2\/product\/1676","targetHints":{"allow":["GET"]}}],"collection":[{"href":"https:\/\/fil.ee\/uus\/wp-json\/wp\/v2\/product"}],"about":[{"href":"https:\/\/fil.ee\/uus\/wp-json\/wp\/v2\/types\/product"}],"replies":[{"embeddable":true,"href":"https:\/\/fil.ee\/uus\/wp-json\/wp\/v2\/comments?post=1676"}],"wp:featuredmedia":[{"embeddable":true,"href":"https:\/\/fil.ee\/uus\/wp-json\/wp\/v2\/media\/1674"}],"wp:attachment":[{"href":"https:\/\/fil.ee\/uus\/wp-json\/wp\/v2\/media?parent=1676"}],"wp:term":[{"taxonomy":"product_brand","embeddable":true,"href":"https:\/\/fil.ee\/uus\/wp-json\/wp\/v2\/product_brand?post=1676"},{"taxonomy":"product_cat","embeddable":true,"href":"https:\/\/fil.ee\/uus\/wp-json\/wp\/v2\/product_cat?post=1676"},{"taxonomy":"product_tag","embeddable":true,"href":"https:\/\/fil.ee\/uus\/wp-json\/wp\/v2\/product_tag?post=1676"}],"curies":[{"name":"wp","href":"https:\/\/api.w.org\/{rel}","templated":true}]}}