{"id":1666,"date":"2021-12-02T21:43:46","date_gmt":"2021-12-02T19:43:46","guid":{"rendered":"https:\/\/fil.ee\/uus\/?post_type=product&#038;p=1666"},"modified":"2023-07-26T19:06:03","modified_gmt":"2023-07-26T16:06:03","slug":"keksukast","status":"publish","type":"product","link":"https:\/\/fil.ee\/uus\/toode\/keksukast\/","title":{"rendered":"Keksukast"},"content":{"rendered":"<p style=\"text-align: justify;\">2021. aasta 3. detsembril ilmus meie kirjastuselt uus luuleraamat, Eha Piirsalu &#8220;Keksukast&#8221;. Raamat on k\u00f5vade kaante ja v\u00e4rvilise sisuga. Raamatu m\u00f5\u00f5dud on 123&#215;200 mm, maht 144 lehek\u00fclge. Koostas Piret R\u00fc\u00fctel, toimetas Kristi Roots, fotod Vendo Jugapuu, k\u00fcljendas ja kaaned kujundas Vallo Hallik.<\/p>\n<p style=\"text-align: justify;\"><strong>Raamatu tutvustus:<br \/>\n<\/strong>Eha Piirsalu on Sulle v\u00f5\u00f5ras. Sa ei tea, kes v\u00f5i kus ta on v\u00f5i miks pagan Sa \u00fcldse praegu seda raamatut k\u00e4es hoiad ja seda tagakaant loed. Aga oota, loe natuke veel. Sest Eha oled Sina. T\u00e4iesti tavaline Eesti inimene, kes m\u00f5tleb, tunneb ja elab oma elu nii h\u00e4sti, kui oskab. V\u00f5i noh, elas ja m\u00f5tles ja tundis, sest ta on n\u00fc\u00fcd surnud ja l\u00e4inud \u00e4ra luuletaevasse. Aga tema luule elust, s\u00f5prusest, armastusest elab edasi, elab igavesti. Ja kui n\u00fc\u00fcd keerad raamatu teistpidi, teed selle suvalisest kohast lahti ja loed, siis saad aru, miks. Saad aru, sest see puudutab Sind, paneb Su tundma ja m\u00f5tlema, natuke rohkem iseendaks saama.<br \/>\nEt luuletuse \u00fcmber oleks ruumi, et iga riim t\u00f5esti p\u00e4\u00e4seks m\u00f5jule, on iga Eha luuletuse juures \u00fcks Vendo Jugapuu foto. Vendo on Haapsalus tegutsev fotograaf, kelle pildid puudutavad nagu Eha luulegi. Samamoodi otsib temagi ilu ja \u00e4ratundmisi enda \u00fcmbert. Kokkupanduna suudab nende looming puudutada inimest t\u00e4ielikust, k\u00f5ikehaaravalt.<br \/>\nV\u00f5ta hetk ja loe luulet \u2013 see on omamoodi meditatsioon.<\/p>\n<p>Raamatusse sisse vaatamiseks kl\u00f5psa<a href=\"https:\/\/fil.ee\/sisu\/Keksukast_esimesed_15lk.pdf\"> siia.<\/a><\/p>\n","protected":false},"excerpt":{"rendered":"<p>2021. aasta 3. detsembril ilmus meie kirjastuselt uus luuleraamat, Eha Piirsalu &#8220;Keksukast&#8221;. Raamat on k\u00f5vade kaante ja v\u00e4rvilise sisuga. Raamatu m\u00f5\u00f5dud on 123&#215;200 mm, maht 144 lehek\u00fclge. Koostas Piret R\u00fc\u00fctel, toimetas Kristi Roots, fotod Vendo Jugapuu, k\u00fcljendas ja kaaned kujundas Vallo Hallik. Raamatu tutvustus: Eha Piirsalu on Sulle v\u00f5\u00f5ras. Sa ei tea, kes v\u00f5i kus [&hellip;]<\/p>\n","protected":false},"featured_media":1662,"comment_status":"open","ping_status":"closed","template":"","meta":[],"product_brand":[],"product_cat":[23],"product_tag":[],"class_list":{"0":"post-1666","1":"product","2":"type-product","3":"status-publish","4":"has-post-thumbnail","6":"product_cat-luule","8":"first","9":"instock","10":"taxable","11":"shipping-taxable","12":"purchasable","13":"product-type-simple"},"_links":{"self":[{"href":"https:\/\/fil.ee\/uus\/wp-json\/wp\/v2\/product\/1666","targetHints":{"allow":["GET"]}}],"collection":[{"href":"https:\/\/fil.ee\/uus\/wp-json\/wp\/v2\/product"}],"about":[{"href":"https:\/\/fil.ee\/uus\/wp-json\/wp\/v2\/types\/product"}],"replies":[{"embeddable":true,"href":"https:\/\/fil.ee\/uus\/wp-json\/wp\/v2\/comments?post=1666"}],"wp:featuredmedia":[{"embeddable":true,"href":"https:\/\/fil.ee\/uus\/wp-json\/wp\/v2\/media\/1662"}],"wp:attachment":[{"href":"https:\/\/fil.ee\/uus\/wp-json\/wp\/v2\/media?parent=1666"}],"wp:term":[{"taxonomy":"product_brand","embeddable":true,"href":"https:\/\/fil.ee\/uus\/wp-json\/wp\/v2\/product_brand?post=1666"},{"taxonomy":"product_cat","embeddable":true,"href":"https:\/\/fil.ee\/uus\/wp-json\/wp\/v2\/product_cat?post=1666"},{"taxonomy":"product_tag","embeddable":true,"href":"https:\/\/fil.ee\/uus\/wp-json\/wp\/v2\/product_tag?post=1666"}],"curies":[{"name":"wp","href":"https:\/\/api.w.org\/{rel}","templated":true}]}}