{"id":1469,"date":"2021-05-13T10:24:58","date_gmt":"2021-05-13T07:24:58","guid":{"rendered":"https:\/\/fil.ee\/uus\/?post_type=product&#038;p=1469"},"modified":"2023-07-26T20:52:01","modified_gmt":"2023-07-26T17:52:01","slug":"kollane-raam-laule-rapinast","status":"publish","type":"product","link":"https:\/\/fil.ee\/uus\/toode\/kollane-raam-laule-rapinast\/","title":{"rendered":"Kollane raam. Laule R\u00e4pinast"},"content":{"rendered":"<p style=\"text-align: justify;\">13. mail ilmus meie kirjastuselt uus lauluraamat, &#8220;Kollane raam. Laule R\u00e4pinast&#8221;, mille koostasid Helen Truija ja Jaan Kivistik. Raamat on spiraalk\u00f6ites, k\u00f5vade kaante ja mustvalge sisuga. Raamatu m\u00f5\u00f5dud on 148&#215;210 mm, maht 80 lehek\u00fclge. Toimetas, illustreeris ja k\u00fcljendas Kadri Vilu.<\/p>\n<p style=\"text-align: justify;\"><strong>Raamatu tutvustus:<br \/>\n<\/strong>Meil R\u00e4pin\u00e4n paisj\u00e4rve perve p\u00e4\u00e4l om pist\u00f6 \u00fcts k\u00f5llan\u00f5 raam &#8230;<br \/>\n_____<\/p>\n<p style=\"text-align: justify;\">Laulik sisaldab veerandsada R\u00e4pina vallas loodud laulu v\u00f5i tuntud viisidel lauldavat luuletust. M\u00f5ned neist kohalikus keeleski. Viisidesse valatud luule jutustab peale paikkonna \u00fcldisemastki: t\u00e4htp\u00e4evadest, looduse aastaringist, inimese eluringist ja armastusest.<\/p>\n<p>Raamatusse sisse vaatamiseks kl\u00f5psa <a href=\"https:\/\/fil.ee\/sisu\/Kollane_raam_esimesed15lk.pdf\">siia<\/a>.<\/p>\n","protected":false},"excerpt":{"rendered":"<p>13. mail ilmus meie kirjastuselt uus lauluraamat, &#8220;Kollane raam. Laule R\u00e4pinast&#8221;, mille koostasid Helen Truija ja Jaan Kivistik. Raamat on spiraalk\u00f6ites, k\u00f5vade kaante ja mustvalge sisuga. Raamatu m\u00f5\u00f5dud on 148&#215;210 mm, maht 80 lehek\u00fclge. Toimetas, illustreeris ja k\u00fcljendas Kadri Vilu. Raamatu tutvustus: Meil R\u00e4pin\u00e4n paisj\u00e4rve perve p\u00e4\u00e4l om pist\u00f6 \u00fcts k\u00f5llan\u00f5 raam &#8230; _____ Laulik [&hellip;]<\/p>\n","protected":false},"featured_media":1466,"comment_status":"open","ping_status":"closed","template":"","meta":[],"product_brand":[],"product_cat":[296,23],"product_tag":[],"class_list":{"0":"post-1469","1":"product","2":"type-product","3":"status-publish","4":"has-post-thumbnail","6":"product_cat-laulik","7":"product_cat-luule","9":"first","10":"instock","11":"taxable","12":"shipping-taxable","13":"purchasable","14":"product-type-simple"},"_links":{"self":[{"href":"https:\/\/fil.ee\/uus\/wp-json\/wp\/v2\/product\/1469","targetHints":{"allow":["GET"]}}],"collection":[{"href":"https:\/\/fil.ee\/uus\/wp-json\/wp\/v2\/product"}],"about":[{"href":"https:\/\/fil.ee\/uus\/wp-json\/wp\/v2\/types\/product"}],"replies":[{"embeddable":true,"href":"https:\/\/fil.ee\/uus\/wp-json\/wp\/v2\/comments?post=1469"}],"wp:featuredmedia":[{"embeddable":true,"href":"https:\/\/fil.ee\/uus\/wp-json\/wp\/v2\/media\/1466"}],"wp:attachment":[{"href":"https:\/\/fil.ee\/uus\/wp-json\/wp\/v2\/media?parent=1469"}],"wp:term":[{"taxonomy":"product_brand","embeddable":true,"href":"https:\/\/fil.ee\/uus\/wp-json\/wp\/v2\/product_brand?post=1469"},{"taxonomy":"product_cat","embeddable":true,"href":"https:\/\/fil.ee\/uus\/wp-json\/wp\/v2\/product_cat?post=1469"},{"taxonomy":"product_tag","embeddable":true,"href":"https:\/\/fil.ee\/uus\/wp-json\/wp\/v2\/product_tag?post=1469"}],"curies":[{"name":"wp","href":"https:\/\/api.w.org\/{rel}","templated":true}]}}