{"id":1323,"date":"2021-04-29T10:48:52","date_gmt":"2021-04-29T07:48:52","guid":{"rendered":"https:\/\/fil.ee\/uus\/?post_type=product&#038;p=1323"},"modified":"2025-07-15T22:38:36","modified_gmt":"2025-07-15T19:38:36","slug":"mede-manni-lood","status":"publish","type":"product","link":"https:\/\/fil.ee\/uus\/toode\/mede-manni-lood\/","title":{"rendered":"Mede Manni lood"},"content":{"rendered":"<p style=\"text-align: justify;\">2021. aasta 29. aprillil ilmus meie kirjastuselt uus raamat, Liina Ernesaks &#8220;Mede Manni lood&#8221;. Raamat on k\u00f5vade kaante ja v\u00e4rvilise sisuga. Raamatu m\u00f5\u00f5dud on 148&#215;210 mm, maht 116 lehek\u00fclge. Toimetas Heli Hallik, k\u00fcljendas ja kaaned kujundas Vallo Hallik.<\/p>\n<p style=\"text-align: justify;\"><strong>Raamatu tutvustus:<br \/>\n<\/strong>\u201c\u2026 \u00f5ige laps peabki olema natuke must ja kriimuline, vahel sassis juuste v\u00f5i luriseva ninaga, mille kasimine alati meelde ei tule. Siis kasvab temast \u00fcks \u00f5ige inimene ning tema maailm on kuidagi nagu rohkem p\u00e4ris maailm, kus pole pitse ja satse, s\u00e4ravaid kaunistusi, mis tugevama puudutuse peale tolmuks pudenevad ja l\u00e4ikivat plastmassi, vaid p\u00e4ris elu oma hea ja kurja ning valguse ja varjudega.\u201d<\/p>\n<p style=\"text-align: justify;\">Nende kaante vahele on kokku kogutud just nimelt \u00fche sellise v\u00e4ikese t\u00fcdruku lood, kelle maailm oli algusest peale \u201cp\u00e4ris\u201d. Mitte kasvamine ja kasvatamine, vaid p\u00e4riselt l\u00e4bi elu kulgemine, perega koos kasvamine ning \u00fcksteisega paremini tuttavaks saamine. Selles p\u00e4ris maailmas leidus lapsep\u00f5lve pilvitut taevast ja p\u00e4ikest, kuid vahel ulatusid sinna ka elu tumedad varjud, mis t\u00f5id kaasa kurbust ja pisaraid. Need lood on kirja pandud nii, et oma iva leiduks igale lugejale: t\u00e4iskasvanule, kes elamise rutus sageli ilmselt isegi ei m\u00f5tle sellele, kuidas v\u00f5ivad nende jaoks nii loomulikud ja igap\u00e4evased tegemised ja asjad paista l\u00e4bi lapse silmade. Kuidas laps oma pisikese peakese ning elava fantaasiaga neid m\u00f5istab ning nende kasulikkusest v\u00f5i kasutusest aru saab. Ja oleks huvitav noorematelegi, kelle maailm v\u00f5ib lugedes avarduda.<\/p>\n<p>Raamatusse sisse vaatamiseks kl\u00f5psa <a href=\"https:\/\/fil.ee\/sisu\/Mede_Manni_lood_esimesed_15.pdf\">siia<\/a>.<\/p>\n","protected":false},"excerpt":{"rendered":"<p>2021. aasta 29. aprillil ilmus meie kirjastuselt uus raamat, Liina Ernesaks &#8220;Mede Manni lood&#8221;. Raamat on k\u00f5vade kaante ja v\u00e4rvilise sisuga. Raamatu m\u00f5\u00f5dud on 148&#215;210 mm, maht 116 lehek\u00fclge. Toimetas Heli Hallik, k\u00fcljendas ja kaaned kujundas Vallo Hallik. Raamatu tutvustus: \u201c\u2026 \u00f5ige laps peabki olema natuke must ja kriimuline, vahel sassis juuste v\u00f5i luriseva ninaga, [&hellip;]<\/p>\n","protected":false},"featured_media":1313,"comment_status":"open","ping_status":"closed","template":"","meta":[],"product_brand":[],"product_cat":[19],"product_tag":[],"class_list":{"0":"post-1323","1":"product","2":"type-product","3":"status-publish","4":"has-post-thumbnail","6":"product_cat-ilukirjandus","8":"first","9":"instock","10":"taxable","11":"shipping-taxable","12":"purchasable","13":"product-type-simple"},"_links":{"self":[{"href":"https:\/\/fil.ee\/uus\/wp-json\/wp\/v2\/product\/1323","targetHints":{"allow":["GET"]}}],"collection":[{"href":"https:\/\/fil.ee\/uus\/wp-json\/wp\/v2\/product"}],"about":[{"href":"https:\/\/fil.ee\/uus\/wp-json\/wp\/v2\/types\/product"}],"replies":[{"embeddable":true,"href":"https:\/\/fil.ee\/uus\/wp-json\/wp\/v2\/comments?post=1323"}],"wp:featuredmedia":[{"embeddable":true,"href":"https:\/\/fil.ee\/uus\/wp-json\/wp\/v2\/media\/1313"}],"wp:attachment":[{"href":"https:\/\/fil.ee\/uus\/wp-json\/wp\/v2\/media?parent=1323"}],"wp:term":[{"taxonomy":"product_brand","embeddable":true,"href":"https:\/\/fil.ee\/uus\/wp-json\/wp\/v2\/product_brand?post=1323"},{"taxonomy":"product_cat","embeddable":true,"href":"https:\/\/fil.ee\/uus\/wp-json\/wp\/v2\/product_cat?post=1323"},{"taxonomy":"product_tag","embeddable":true,"href":"https:\/\/fil.ee\/uus\/wp-json\/wp\/v2\/product_tag?post=1323"}],"curies":[{"name":"wp","href":"https:\/\/api.w.org\/{rel}","templated":true}]}}