{"id":1301,"date":"2021-04-01T11:37:05","date_gmt":"2021-04-01T08:37:05","guid":{"rendered":"https:\/\/fil.ee\/uus\/?post_type=product&#038;p=1301"},"modified":"2023-07-26T21:00:37","modified_gmt":"2023-07-26T18:00:37","slug":"parru","status":"publish","type":"product","link":"https:\/\/fil.ee\/uus\/toode\/parru\/","title":{"rendered":"P\u00e4rru"},"content":{"rendered":"<p>2021. aasta 1. aprillil ilmus meie kirjastuselt uus lasteraamat, Maria Lepmaa &#8220;P\u00e4rru&#8221;. Raamat on k\u00f5vade kaante ja v\u00e4rvilise sisuga. Raamatu m\u00f5\u00f5dud on 148&#215;210 mm, maht 40 lehek\u00fclge. Toimetas Irene \u00d5mblus, illustreeris Jana Valge, k\u00fcljendas ja kaaned kujundas Vallo Hallik.<\/p>\n<p style=\"text-align: justify;\"><strong>Raamatu tutvustus:<br \/>\n<\/strong>P\u00e4rru on julge ja uudishimulik kass. Tal on tore perenaine, kes talle h\u00e4sti s\u00fc\u00fca annab. \u00dchel hommikul on aga piim kausikeses halvaks l\u00e4inud. P\u00e4rrul ei j\u00e4\u00e4 muud \u00fcle, kui ise endale s\u00fc\u00fca otsima minna. Keda kassike oma teel kohtab ja kas ta k\u00f5hu t\u00e4is saab, v\u00f5id lugeda juba raamatust.<\/p>\n<p>Raamatusse sisse vaatamiseks kl\u00f5psa <a href=\"https:\/\/fil.ee\/sisu\/Parru_esimesed_15lk.pdf\">siia<\/a>.<\/p>\n","protected":false},"excerpt":{"rendered":"<p>2021. aasta 1. aprillil ilmus meie kirjastuselt uus lasteraamat, Maria Lepmaa &#8220;P\u00e4rru&#8221;. Raamat on k\u00f5vade kaante ja v\u00e4rvilise sisuga. Raamatu m\u00f5\u00f5dud on 148&#215;210 mm, maht 40 lehek\u00fclge. Toimetas Irene \u00d5mblus, illustreeris Jana Valge, k\u00fcljendas ja kaaned kujundas Vallo Hallik. Raamatu tutvustus: P\u00e4rru on julge ja uudishimulik kass. Tal on tore perenaine, kes talle h\u00e4sti s\u00fc\u00fca [&hellip;]<\/p>\n","protected":false},"featured_media":1299,"comment_status":"open","ping_status":"closed","template":"","meta":[],"product_brand":[],"product_cat":[22],"product_tag":[],"class_list":{"0":"post-1301","1":"product","2":"type-product","3":"status-publish","4":"has-post-thumbnail","6":"product_cat-lastele","8":"first","9":"instock","10":"taxable","11":"shipping-taxable","12":"purchasable","13":"product-type-simple"},"_links":{"self":[{"href":"https:\/\/fil.ee\/uus\/wp-json\/wp\/v2\/product\/1301","targetHints":{"allow":["GET"]}}],"collection":[{"href":"https:\/\/fil.ee\/uus\/wp-json\/wp\/v2\/product"}],"about":[{"href":"https:\/\/fil.ee\/uus\/wp-json\/wp\/v2\/types\/product"}],"replies":[{"embeddable":true,"href":"https:\/\/fil.ee\/uus\/wp-json\/wp\/v2\/comments?post=1301"}],"wp:featuredmedia":[{"embeddable":true,"href":"https:\/\/fil.ee\/uus\/wp-json\/wp\/v2\/media\/1299"}],"wp:attachment":[{"href":"https:\/\/fil.ee\/uus\/wp-json\/wp\/v2\/media?parent=1301"}],"wp:term":[{"taxonomy":"product_brand","embeddable":true,"href":"https:\/\/fil.ee\/uus\/wp-json\/wp\/v2\/product_brand?post=1301"},{"taxonomy":"product_cat","embeddable":true,"href":"https:\/\/fil.ee\/uus\/wp-json\/wp\/v2\/product_cat?post=1301"},{"taxonomy":"product_tag","embeddable":true,"href":"https:\/\/fil.ee\/uus\/wp-json\/wp\/v2\/product_tag?post=1301"}],"curies":[{"name":"wp","href":"https:\/\/api.w.org\/{rel}","templated":true}]}}