{"id":1245,"date":"2020-12-09T20:08:00","date_gmt":"2020-12-09T18:08:00","guid":{"rendered":"https:\/\/fil.ee\/uus\/?post_type=product&#038;p=1245"},"modified":"2023-07-26T22:53:14","modified_gmt":"2023-07-26T19:53:14","slug":"roomurull","status":"publish","type":"product","link":"https:\/\/fil.ee\/uus\/toode\/roomurull\/","title":{"rendered":"R\u00f5\u00f5murull"},"content":{"rendered":"<p style=\"text-align: justify;\">2020. aasta 16. detsembril ilmus meie kirjastuselt uus luuleraamat lastele, Tiina-Maria Steinberg \u201cR\u00f5\u00f5murull\u201d. Raamat on k\u00f5vade kaante ja v\u00e4rvilise sisuga. Raamatu m\u00f5\u00f5dud on 204\u00d7247 mm, maht 36 lehek\u00fclge. Toimetas Heli Hallik, illustreeris Jana Valge, k\u00fcljendas ja kaaned kujundas Vallo Hallik.<\/p>\n<p style=\"text-align: justify;\"><strong>Raamatu tutvustus:<br \/>\n<\/strong>\u201cR\u00f5\u00f5murull\u201d on j\u00e4rg 2019. aastal ilmunud lasteluuleraamatule \u201cNaerusuu\u201d. Luuletused r\u00e4\u00e4givad Sassi tassikassist, isakass Augustist, kes ei mahu august l\u00e4bi, meemaiast karuotist, j\u00e4nes J\u00e4nnyst ja teistest p\u00f5nevatest tegelastest. Lustakate luuletuste juurde on joonistanud vahvad pildid Jana Valge.<\/p>\n<p>Raamatusse sisse vaatamiseks kl\u00f5psa <a href=\"https:\/\/fil.ee\/sisu\/Roomurull_esimesed_15.pdf\">siia<\/a>.<\/p>\n","protected":false},"excerpt":{"rendered":"<p>2020. aasta 16. detsembril ilmus meie kirjastuselt uus luuleraamat lastele, Tiina-Maria Steinberg \u201cR\u00f5\u00f5murull\u201d. Raamat on k\u00f5vade kaante ja v\u00e4rvilise sisuga. Raamatu m\u00f5\u00f5dud on 204\u00d7247 mm, maht 36 lehek\u00fclge. Toimetas Heli Hallik, illustreeris Jana Valge, k\u00fcljendas ja kaaned kujundas Vallo Hallik. Raamatu tutvustus: \u201cR\u00f5\u00f5murull\u201d on j\u00e4rg 2019. aastal ilmunud lasteluuleraamatule \u201cNaerusuu\u201d. Luuletused r\u00e4\u00e4givad Sassi tassikassist, isakass [&hellip;]<\/p>\n","protected":false},"featured_media":1241,"comment_status":"open","ping_status":"closed","template":"","meta":[],"product_brand":[],"product_cat":[22,23],"product_tag":[],"class_list":{"0":"post-1245","1":"product","2":"type-product","3":"status-publish","4":"has-post-thumbnail","6":"product_cat-lastele","7":"product_cat-luule","9":"first","10":"instock","11":"taxable","12":"shipping-taxable","13":"purchasable","14":"product-type-simple"},"_links":{"self":[{"href":"https:\/\/fil.ee\/uus\/wp-json\/wp\/v2\/product\/1245","targetHints":{"allow":["GET"]}}],"collection":[{"href":"https:\/\/fil.ee\/uus\/wp-json\/wp\/v2\/product"}],"about":[{"href":"https:\/\/fil.ee\/uus\/wp-json\/wp\/v2\/types\/product"}],"replies":[{"embeddable":true,"href":"https:\/\/fil.ee\/uus\/wp-json\/wp\/v2\/comments?post=1245"}],"wp:featuredmedia":[{"embeddable":true,"href":"https:\/\/fil.ee\/uus\/wp-json\/wp\/v2\/media\/1241"}],"wp:attachment":[{"href":"https:\/\/fil.ee\/uus\/wp-json\/wp\/v2\/media?parent=1245"}],"wp:term":[{"taxonomy":"product_brand","embeddable":true,"href":"https:\/\/fil.ee\/uus\/wp-json\/wp\/v2\/product_brand?post=1245"},{"taxonomy":"product_cat","embeddable":true,"href":"https:\/\/fil.ee\/uus\/wp-json\/wp\/v2\/product_cat?post=1245"},{"taxonomy":"product_tag","embeddable":true,"href":"https:\/\/fil.ee\/uus\/wp-json\/wp\/v2\/product_tag?post=1245"}],"curies":[{"name":"wp","href":"https:\/\/api.w.org\/{rel}","templated":true}]}}