{"id":1238,"date":"2020-12-01T10:05:16","date_gmt":"2020-12-01T08:05:16","guid":{"rendered":"https:\/\/fil.ee\/uus\/?post_type=product&#038;p=1238"},"modified":"2023-07-26T22:56:35","modified_gmt":"2023-07-26T19:56:35","slug":"ainuke-laps","status":"publish","type":"product","link":"https:\/\/fil.ee\/uus\/toode\/ainuke-laps\/","title":{"rendered":"Ainuke laps"},"content":{"rendered":"<p style=\"text-align: justify;\">2020. aasta 1. detsembril ilmus meie kirjastuselt uus lasteraamat, Urve Tinnuri &#8220;Ainuke laps&#8221;. Raamat on k\u00f5vade kaante ja v\u00e4rvilise sisuga. Raamatu m\u00f5\u00f5dud on 190&#215;230 mm, maht 28 lehek\u00fclge. Toimetas Heli Hallik, illustreeris, k\u00fcljendas ja kaaned kujundas Katrin Meemaa.<\/p>\n<p style=\"text-align: justify;\"><strong>Raamatu tutvustus:<br \/>\n<\/strong>V\u00e4rssjutustus k\u00f5neleb v\u00e4ikesest poisist Ottokarist, kellel on palju toredaid m\u00e4nguasju, kuid pole \u00fchtegi lemmiklooma, ei hamstrit ega merisiga, koerast r\u00e4\u00e4kimata. Mis aga k\u00f5ige kurvem \u2013 Ottokar on peres ainuke laps. Kust k\u00fcll leida vennakest v\u00f5i \u00f5ekest? Kas osta poest, laenutada lastes\u00f5imest, korjata \u00fcles kapsamaalt v\u00f5i p\u00fc\u00fcda \u00f5ngega merelainetest? \u00d5nneks teab emme k\u00f5ikidele k\u00fcsimustele vastust.<\/p>\n<p>Raamatusse sisse vaatamiseks kl\u00f5psa <a href=\"https:\/\/fil.ee\/sisu\/Ainuke_laps_esimesed_15.pdf\">siia<\/a>.<\/p>\n","protected":false},"excerpt":{"rendered":"<p>2020. aasta 1. detsembril ilmus meie kirjastuselt uus lasteraamat, Urve Tinnuri &#8220;Ainuke laps&#8221;. Raamat on k\u00f5vade kaante ja v\u00e4rvilise sisuga. Raamatu m\u00f5\u00f5dud on 190&#215;230 mm, maht 28 lehek\u00fclge. Toimetas Heli Hallik, illustreeris, k\u00fcljendas ja kaaned kujundas Katrin Meemaa. Raamatu tutvustus: V\u00e4rssjutustus k\u00f5neleb v\u00e4ikesest poisist Ottokarist, kellel on palju toredaid m\u00e4nguasju, kuid pole \u00fchtegi lemmiklooma, ei [&hellip;]<\/p>\n","protected":false},"featured_media":1236,"comment_status":"open","ping_status":"closed","template":"","meta":[],"product_brand":[],"product_cat":[22,23],"product_tag":[],"class_list":{"0":"post-1238","1":"product","2":"type-product","3":"status-publish","4":"has-post-thumbnail","6":"product_cat-lastele","7":"product_cat-luule","9":"first","10":"instock","11":"sale","12":"taxable","13":"shipping-taxable","14":"purchasable","15":"product-type-simple"},"_links":{"self":[{"href":"https:\/\/fil.ee\/uus\/wp-json\/wp\/v2\/product\/1238","targetHints":{"allow":["GET"]}}],"collection":[{"href":"https:\/\/fil.ee\/uus\/wp-json\/wp\/v2\/product"}],"about":[{"href":"https:\/\/fil.ee\/uus\/wp-json\/wp\/v2\/types\/product"}],"replies":[{"embeddable":true,"href":"https:\/\/fil.ee\/uus\/wp-json\/wp\/v2\/comments?post=1238"}],"wp:featuredmedia":[{"embeddable":true,"href":"https:\/\/fil.ee\/uus\/wp-json\/wp\/v2\/media\/1236"}],"wp:attachment":[{"href":"https:\/\/fil.ee\/uus\/wp-json\/wp\/v2\/media?parent=1238"}],"wp:term":[{"taxonomy":"product_brand","embeddable":true,"href":"https:\/\/fil.ee\/uus\/wp-json\/wp\/v2\/product_brand?post=1238"},{"taxonomy":"product_cat","embeddable":true,"href":"https:\/\/fil.ee\/uus\/wp-json\/wp\/v2\/product_cat?post=1238"},{"taxonomy":"product_tag","embeddable":true,"href":"https:\/\/fil.ee\/uus\/wp-json\/wp\/v2\/product_tag?post=1238"}],"curies":[{"name":"wp","href":"https:\/\/api.w.org\/{rel}","templated":true}]}}