{"id":1203,"date":"2020-10-21T20:18:19","date_gmt":"2020-10-21T17:18:19","guid":{"rendered":"https:\/\/fil.ee\/uus\/?post_type=product&#038;p=1203"},"modified":"2023-07-26T23:16:37","modified_gmt":"2023-07-26T20:16:37","slug":"halli-varvipliiatsi-seiklused","status":"publish","type":"product","link":"https:\/\/fil.ee\/uus\/toode\/halli-varvipliiatsi-seiklused\/","title":{"rendered":"Halli v\u00e4rvipliiatsi seiklused"},"content":{"rendered":"<p style=\"text-align: justify;\">2020. aasta 21. oktoobril ilmus meie kirjastuselt uus raamat lastele, Urve Tinnuri &#8220;Halli v\u00e4rvipliiatsi seiklused&#8221;. Raamat on k\u00f5vade kaante ja mustvalge sisuga. Raamatu formaat on B5 (landscape), maht 52 lehek\u00fclge. Toimetas Heli Hallik, illustreeris Jana Valge, k\u00fcljendas ja kaaned kujundas Vallo Hallik. Pildid on lastele v\u00e4rvimiseks.<\/p>\n<p style=\"text-align: justify;\"><strong>Raamatu tutvustus:<br \/>\n<\/strong>Hall v\u00e4rvipliiats on kurb, sest talle tundub, et teda pole kellelegi vaja. Ta r\u00e4ndab \u00fchest kohast teise, otsides midagi v\u00f5i kedagi, kes lubaks ennast halliks v\u00e4rvida. Inimesed ja loomad aga ajavad ta igalt poolt \u00e4ra, sest nemad eelistavad r\u00f5\u00f5msaid ja erksaid v\u00e4rve \u2013 punast ja kollast, sinist ja rohelist, oran\u017ei ja roosat. Isegi must ja valge meeldivad neile palju rohkem kui hall. Kui hall v\u00e4rvipliiats on juba lootust kaotamas, j\u00f5uab ta paika, kus teda v\u00e4ga oodatakse ning talle saab selgeks, et ta pole \u00fcldsegi igav ja kurb, vaid hoopis vajalik ja asendamatu.<\/p>\n<p>Raamatusse sisse vaatamiseks kl\u00f5psa <a href=\"https:\/\/fil.ee\/sisu\/Halli_varvipliiatsi_seiklused_esimesed_15.pdf\">siia<\/a>.<\/p>\n","protected":false},"excerpt":{"rendered":"<p>2020. aasta 21. oktoobril ilmus meie kirjastuselt uus raamat lastele, Urve Tinnuri &#8220;Halli v\u00e4rvipliiatsi seiklused&#8221;. Raamat on k\u00f5vade kaante ja mustvalge sisuga. Raamatu formaat on B5 (landscape), maht 52 lehek\u00fclge. Toimetas Heli Hallik, illustreeris Jana Valge, k\u00fcljendas ja kaaned kujundas Vallo Hallik. Pildid on lastele v\u00e4rvimiseks. Raamatu tutvustus: Hall v\u00e4rvipliiats on kurb, sest talle tundub, [&hellip;]<\/p>\n","protected":false},"featured_media":1201,"comment_status":"open","ping_status":"closed","template":"","meta":[],"product_brand":[],"product_cat":[22],"product_tag":[],"class_list":{"0":"post-1203","1":"product","2":"type-product","3":"status-publish","4":"has-post-thumbnail","6":"product_cat-lastele","8":"first","9":"instock","10":"sale","11":"taxable","12":"shipping-taxable","13":"purchasable","14":"product-type-simple"},"_links":{"self":[{"href":"https:\/\/fil.ee\/uus\/wp-json\/wp\/v2\/product\/1203","targetHints":{"allow":["GET"]}}],"collection":[{"href":"https:\/\/fil.ee\/uus\/wp-json\/wp\/v2\/product"}],"about":[{"href":"https:\/\/fil.ee\/uus\/wp-json\/wp\/v2\/types\/product"}],"replies":[{"embeddable":true,"href":"https:\/\/fil.ee\/uus\/wp-json\/wp\/v2\/comments?post=1203"}],"wp:featuredmedia":[{"embeddable":true,"href":"https:\/\/fil.ee\/uus\/wp-json\/wp\/v2\/media\/1201"}],"wp:attachment":[{"href":"https:\/\/fil.ee\/uus\/wp-json\/wp\/v2\/media?parent=1203"}],"wp:term":[{"taxonomy":"product_brand","embeddable":true,"href":"https:\/\/fil.ee\/uus\/wp-json\/wp\/v2\/product_brand?post=1203"},{"taxonomy":"product_cat","embeddable":true,"href":"https:\/\/fil.ee\/uus\/wp-json\/wp\/v2\/product_cat?post=1203"},{"taxonomy":"product_tag","embeddable":true,"href":"https:\/\/fil.ee\/uus\/wp-json\/wp\/v2\/product_tag?post=1203"}],"curies":[{"name":"wp","href":"https:\/\/api.w.org\/{rel}","templated":true}]}}