{"id":1126,"date":"2020-05-20T11:33:12","date_gmt":"2020-05-20T08:33:12","guid":{"rendered":"https:\/\/fil.ee\/uus\/?post_type=product&#038;p=1126"},"modified":"2023-02-23T12:04:17","modified_gmt":"2023-02-23T10:04:17","slug":"eesti-sirelid-klassika-ja-kaasaeg","status":"publish","type":"product","link":"https:\/\/fil.ee\/uus\/toode\/eesti-sirelid-klassika-ja-kaasaeg\/","title":{"rendered":"Eesti sirelid: klassika ja kaasaeg"},"content":{"rendered":"<p>2020. aasta 20. mail ilmus meie kirjastuselt uus rohkete illustratsioonidega raamat, Igor Semjonov \u201cEesti sirelid: klassika ja kaasaeg\u201d. Raamat on k\u00f5vade kaante ja v\u00e4rvilise sisuga. Raamat on formaadis A4 (landscape), maht 144 lehek\u00fclge. Tekst on kolmes keeles: eesti, inglise ja vene. K\u00fcljendas ja kaaned kujundas Jaan Lehismets.<\/p>\n<p style=\"text-align: justify;\"><strong>Raamatu tutvustus:<br \/>\n<\/strong>Raamatu autor, Moskva taimef\u00fcsioloog bioloogiateaduste kandidaat Igor Semjonov, tunneb h\u00e4sti Saksamaal, Poolas, Valgevenes ja Balti riikides levinud sirelisorte. Alates 2015. aastast k\u00fclastas ta korduvalt Eestit, et pildistada siinsete aretajate Adolf Vaigla (1911\u20132001) ja Aavo M\u00e4gi loomingut. Selles albumis on rikkalik valik neist fotodest ja \u00fclevaade aretajate tegevusest.<br \/>\nRaamatus on autori koostatud 23 Adolf Vaigla klassikalise sordi kirjeldused. Teda v\u00f5luvad rohked Aavo M\u00e4gi efektse \u00f5ieehitusega kaasaegsed aretised, millised v\u00e4\u00e4rivad tunnustamist sortidena.<\/p>\n","protected":false},"excerpt":{"rendered":"<p>2020. aasta 20. mail ilmus meie kirjastuselt uus rohkete illustratsioonidega raamat, Igor Semjonov \u201cEesti sirelid: klassika ja kaasaeg\u201d. Raamat on k\u00f5vade kaante ja v\u00e4rvilise sisuga. Raamat on formaadis A4 (landscape), maht 144 lehek\u00fclge. Tekst on kolmes keeles: eesti, inglise ja vene. K\u00fcljendas ja kaaned kujundas Jaan Lehismets. Raamatu tutvustus: Raamatu autor, Moskva taimef\u00fcsioloog bioloogiateaduste kandidaat [&hellip;]<\/p>\n","protected":false},"featured_media":1121,"comment_status":"open","ping_status":"closed","template":"","meta":[],"product_brand":[],"product_cat":[286],"product_tag":[],"class_list":{"0":"post-1126","1":"product","2":"type-product","3":"status-publish","4":"has-post-thumbnail","6":"product_cat-archive","8":"first","9":"outofstock","10":"taxable","11":"shipping-taxable","12":"product-type-simple"},"_links":{"self":[{"href":"https:\/\/fil.ee\/uus\/wp-json\/wp\/v2\/product\/1126","targetHints":{"allow":["GET"]}}],"collection":[{"href":"https:\/\/fil.ee\/uus\/wp-json\/wp\/v2\/product"}],"about":[{"href":"https:\/\/fil.ee\/uus\/wp-json\/wp\/v2\/types\/product"}],"replies":[{"embeddable":true,"href":"https:\/\/fil.ee\/uus\/wp-json\/wp\/v2\/comments?post=1126"}],"wp:featuredmedia":[{"embeddable":true,"href":"https:\/\/fil.ee\/uus\/wp-json\/wp\/v2\/media\/1121"}],"wp:attachment":[{"href":"https:\/\/fil.ee\/uus\/wp-json\/wp\/v2\/media?parent=1126"}],"wp:term":[{"taxonomy":"product_brand","embeddable":true,"href":"https:\/\/fil.ee\/uus\/wp-json\/wp\/v2\/product_brand?post=1126"},{"taxonomy":"product_cat","embeddable":true,"href":"https:\/\/fil.ee\/uus\/wp-json\/wp\/v2\/product_cat?post=1126"},{"taxonomy":"product_tag","embeddable":true,"href":"https:\/\/fil.ee\/uus\/wp-json\/wp\/v2\/product_tag?post=1126"}],"curies":[{"name":"wp","href":"https:\/\/api.w.org\/{rel}","templated":true}]}}